000
CXUS56 KOTX 010900
CF6DEW
PRELIMINARY LOCAL CLIMATOLOGICAL DATA (WS FORM: F-6)
STATION: DEER_PARK WA AIRPORT
MONTH: MARCH
YEAR: 2020
LATITUDE: 47 58 N
LONGITUDE: 117 25 W
TEMPERATURE IN F: :PCPN: SNOW: WIND :SUNSHINE: SKY :PK WND
================================================================================
1 2 3 4 5 6A 6B 7 8 9 10 11 12 13 14 15 16 17 18
12Z AVG MX 2MIN
DY MAX MIN AVG DEP HDD CDD WTR SNW DPTH SPD SPD DIR MIN PSBL S-S WX SPD DR
================================================================================
1 46 18 32 -1 33 0 0.00 M M 6.9 18 240 M M 1 22 240
2 52 29 41 7 24 0 0.00 M M 11.0 22 210 M M 7 26 210
3 58 35 47 13 18 0 0.00 M M 14.1 25 200 M M 2 34 190
4 50 22 36 2 29 0 0.00 M M 11.3 24 250 M M 0 33 220
5 50 25 38 4 27 0 0.00 M M 4.6 12 40 M M 1 15 30
6 53 30 42 7 23 0 0.18 M M 3.2 12 230 M M 4 1 13 240
7 40 29 35 0 30 0 0.15 M M 5.7 15 210 M M 9 1 18 220
8 46 25 36 1 29 0 T M M 4.6 17 220 M M 6 1 22 240
9 44 21 33 -3 32 0 0.00 M M 3.7 10 360 M M 6 14 200
10 47 19 33 -3 32 0 0.00 M M 3.7 18 210 M M 5 23 220
11 52 24 38 2 27 0 0.00 M M 10.4 29 310 M M 2 34 310
12 47 22 35 -2 30 0 0.00 M M 3.3 13 180 M M 2 17 190
13 39 20 30 -7 35 0 0.02 M M 17.3 31 50 M M 8 1 42 50
14 22 17 20 -17 45 0 0.03 M M 17.4 26 40 M M 9 36 40
15 37 17 27 -11 38 0 0.00 M M 10.4 21 40 M M 1 27 50
16 51 22 37 -1 28 0 0.00 M M 8.8 17 50 M M 0 23 30
17 56 19 38 0 27 0 0.00 M M 4.7 13 30 M M 0 15 30
18 56 26 41 2 24 0 0.00 M M 5.7 14 40 M M 0 19 40
19 58 21 40 1 25 0 0.00 M M 5.0 13 40 M M 0 17 30
20 60 24 42 3 23 0 0.00 M M 3.0 16 220 M M 0 8 20 210
21 60 22 41 1 24 0 0.00 M M 6.0 17 330 M M 1 23 330
22 57 21 39 -1 26 0 0.00 M M 4.8 18 190 M M 0 24 220
23 53 30 42 2 23 0 0.00 M M 10.3 25 210 M M 4 32 220
24 46 26 36 -4 29 0 T M M 4.5 14 180 M M 7 18 180
25 44 25 35 -6 30 0 0.02 M M 4.1 13 180 M M 6 1 20 250
26 45 25 35 -6 30 0 0.00 M M 5.6 15 210 M M 8 1 21 220
27 46 22 34 -7 31 0 0.00 M M 7.4 15 160 M M 9 19 190
28 50 34 42 1 23 0 0.01 M M 7.6 20 190 M M 10 24 200
29 55 33 44 2 21 0 0.03 M M 9.1 29 210 M M 8 36 210
30 52 34 43 1 22 0 0.12 M M 14.8 36 220 M M 6 3 45 210
31 45 28 37 -5 28 0 0.15 M M 4.5 25 300 M M 8 13 30 300
================================================================================
SM 1517 765 866 0 0.71 M 233.5 M 130
================================================================================
AV 48.9 24.7 7.5 FASTST M M 4 MAX(MPH)
MISC ----> # 36 220 # 45 210
================================================================================
NOTES:
# LAST OF SEVERAL OCCURRENCES
COLUMN 17 PEAK WIND IN M.P.H.
PRELIMINARY LOCAL CLIMATOLOGICAL DATA (WS FORM: F-6) , PAGE 2
STATION: DEER_PARK WA AIRPORT
MONTH: MARCH
YEAR: 2020
LATITUDE: 47 58 N
LONGITUDE: 117 25 W
[TEMPERATURE DATA] [PRECIPITATION DATA] SYMBOLS USED IN COLUMN 16
AVERAGE MONTHLY: 36.8 TOTAL FOR MONTH: 0.71 1 = FOG OR MIST
DPTR FM NORMAL: -1.0 DPTR FM NORMAL: -1.38 2 = FOG REDUCING VISIBILITY
HIGHEST: 60 ON 21,20 GRTST 24HR 0.18 ON 6- 6 TO 1/4 MILE OR LESS
LOWEST: 17 ON 15,14 3 = THUNDER
SNOW, ICE PELLETS, HAIL 4 = ICE PELLETS
TOTAL MONTH: M 5 = HAIL
GRTST 24HR M ON M 6 = FREEZING RAIN OR DRIZZLE
GRTST DEPTH: M ON M 7 = DUSTSTORM OR SANDSTORM:
VSBY 1/2 MILE OR LESS
8 = SMOKE OR HAZE
[NO. OF DAYS WITH] [WEATHER - DAYS WITH] 9 = BLOWING SNOW
X = TORNADO
MAX 32 OR BELOW: 1 0.01 INCH OR MORE: 9
MAX 90 OR ABOVE: 0 0.10 INCH OR MORE: 4
MIN 32 OR BELOW: 27 0.50 INCH OR MORE: 0
MIN 0 OR BELOW: 0 1.00 INCH OR MORE: 0
[HDD (BASE 65) ]
TOTAL THIS MO. 866 CLEAR (SCALE 0-3) 14
DPTR FM NORMAL 24 PTCLDY (SCALE 4-7) 10
TOTAL FM JUL 1 5956 CLOUDY (SCALE 8-10) 7
DPTR FM NORMAL -251
[CDD (BASE 65) ]
TOTAL THIS MO. 0
DPTR FM NORMAL 0 [PRESSURE DATA]
TOTAL FM JAN 1 0 HIGHEST SLP 0.00 ON 28
DPTR FM NORMAL 0 LOWEST SLP 29.49 ON 13
[REMARKS]
#FINAL-03-20#