000
CXUS55 KCYS 171325
CF6DGW
PRELIMINARY LOCAL CLIMATOLOGICAL DATA (WS FORM: F-6)
STATION: CONVERSE CO (DOUGLAS) WY ARPT
MONTH: OCTOBER
YEAR: 2021
LATITUDE: 42 46 N
LONGITUDE: 105 22 W
TEMPERATURE IN F: :PCPN: SNOW: WIND :SUNSHINE: SKY :PK WND
================================================================================
1 2 3 4 5 6A 6B 7 8 9 10 11 12 13 14 15 16 17 18
12Z AVG MX 2MIN
DY MAX MIN AVG DEP HDD CDD WTR SNW DPTH SPD SPD DIR MIN PSBL S-S WX SPD DR
================================================================================
1 69 32 51 -1 14 0 0.00 M M 3.1 12 300 M M 0 14 310
2 71 37 54 2 11 0 0.00 M M 6.1 13 330 M M 0 16 300
3 77 31 54 3 11 0 0.00 M M 5.1 18 320 M M 0 24 320
4 82 30 56 5 9 0 0.00 M M 3.8 14 10 M M 0 19 290
5 83 37 60 10 5 0 0.00 M M 6.9 18 130 M M 0 26 130
6 78 45 62 12 3 0 T M M 8.4 28 260 M M 2 35 260
7 74 43 59 10 6 0 0.00 M M 7.9 21 290 M M 1 27 290
8 69 40 55 6 10 0 T M M 3.5 13 220 M M 4 8 18 230
9 64 46 55 7 10 0 0.01 M M 15.8 40 280 M M 8 52 270
10 63 36 50 2 15 0 0.00 M M 10.1 28 290 M M 1 35 280
11 65 34 50 2 15 0 0.04 M M 12.4 37 290 M M 7 52 250
12 35 28 32 -15 33 0 0.08 M M 14.2 35 300 M M 10 126 45 300
13 37 22 30 -17 35 0 0.01 M M 20.5 41 300 M M 8 1238 53 310
14 43 19 31 -15 34 0 T M M 3.3 10 20 M M 6 1 14 250
15 43 24 34 -12 31 0 0.00 M M 7.6 22 290 M M 3 29 290
16 58 28 43 -2 22 0 0.00 M M 5.2 12 300 M M 0 16 310
17 71 26 49 4 16 0 0.00 M M 2.1 8 120 M M 0 11 150
18 71 37 54 10 11 0 0.00 M M 6.0 18 240 M M 1 24 250
19 51 32 42 -2 23 0 0.11 M M 17.6 32 10 M M 10 1 43 20
20 45 32 39 -5 26 0 0.01 M M 7.4 21 300 M M 4 1 25 300
21 61 32 47 4 18 0 0.00 M M 6.0 16 280 M M 0 18 21 280
22 67 30 49 6 16 0 0.00 M M 6.2 15 270 M M 0 20 280
23 62 40 51 8 14 0 0.00 M M 6.9 23 260 M M 4 32 250
24 58 34 46 4 19 0 0.00 M M 9.9 20 130 M M 4 28 130
25 74 40 57 15 8 0 0.00 M M 11.7 22 140 M M 0 29 150
26 47 34 41 -1 24 0 0.05 M M 14.4 29 340 M M 6 18 39 340
27 55 29 42 1 23 0 0.00 M M 14.9 36 290 M M 2 46 290
28 57 30 44 3 21 0 0.00 M M 11.2 25 300 M M 2 35 290
29 72 26 49 9 16 0 0.00 M M 8.8 25 270 M M 0 32 280
30 55 34 45 5 20 0 T M M 10.8 26 270 M M 7 18 37 270
31 34 29 32 -8 33 0 T M M 8.7 15 70 M M 10 18 19 60
================================================================================
SM 1891 1017 552 0 0.31 M 276.5 M 100
================================================================================
AV 61.0 32.8 8.9 FASTST M M 3 MAX(MPH)
MISC ----> 41 300 53 310
================================================================================
NOTES:
# LAST OF SEVERAL OCCURRENCES
COLUMN 17 PEAK WIND IN M.P.H.
PRELIMINARY LOCAL CLIMATOLOGICAL DATA (WS FORM: F-6) , PAGE 2
STATION: CONVERSE CO (DOUGLAS) WY ARPT
MONTH: OCTOBER
YEAR: 2021
LATITUDE: 42 46 N
LONGITUDE: 105 22 W
[TEMPERATURE DATA] [PRECIPITATION DATA] SYMBOLS USED IN COLUMN 16
AVERAGE MONTHLY: 46.9 TOTAL FOR MONTH: 0.31 1 = FOG OR MIST
DPTR FM NORMAL: 1.3 DPTR FM NORMAL: -0.61 2 = FOG REDUCING VISIBILITY
HIGHEST: 83 ON 5 GRTST 24HR 0.12 ON 11-12 TO 1/4 MILE OR LESS
LOWEST: 19 ON 14 3 = THUNDER
SNOW, ICE PELLETS, HAIL 4 = ICE PELLETS
TOTAL MONTH: M 5 = HAIL
GRTST 24HR M ON M 6 = FREEZING RAIN OR DRIZZLE
GRTST DEPTH: M ON M 7 = DUSTSTORM OR SANDSTORM:
VSBY 1/2 MILE OR LESS
8 = SMOKE OR HAZE
[NO. OF DAYS WITH] [WEATHER - DAYS WITH] 9 = BLOWING SNOW
X = TORNADO
MAX 32 OR BELOW: 0 0.01 INCH OR MORE: 7
MAX 90 OR ABOVE: 0 0.10 INCH OR MORE: 1
MIN 32 OR BELOW: 17 0.50 INCH OR MORE: 0
MIN 0 OR BELOW: 0 1.00 INCH OR MORE: 0
[HDD (BASE 65) ]
TOTAL THIS MO. 552 CLEAR (SCALE 0-3) 18
DPTR FM NORMAL -50 PTCLDY (SCALE 4-7) 10
TOTAL FM JUL 1 677 CLOUDY (SCALE 8-10) 3
DPTR FM NORMAL -158
[CDD (BASE 65) ]
TOTAL THIS MO. 0
DPTR FM NORMAL 0 [PRESSURE DATA]
TOTAL FM JAN 1 715 HIGHEST SLP 30.40 ON 16
DPTR FM NORMAL 203 LOWEST SLP 29.38 ON 26
[REMARKS]
#FINAL-10-21#