000
CXUS52 KTAE 010900
CF6DHN
PRELIMINARY LOCAL CLIMATOLOGICAL DATA (WS FORM: F-6)
STATION: DOTHAN
MONTH: JANUARY
YEAR: 2024
LATITUDE: 31 19 N
LONGITUDE: 85 27 W
TEMPERATURE IN F: :PCPN: SNOW: WIND :SUNSHINE: SKY :PK WND
================================================================================
1 2 3 4 5 6A 6B 7 8 9 10 11 12 13 14 15 16 17 18
12Z AVG MX 2MIN
DY MAX MIN AVG DEP HDD CDD WTR SNW DPTH SPD SPD DIR MIN PSBL S-S WX SPD DR
================================================================================
1 68 38 53 2 12 0 0.00 0.0 0 8.8 20 310 M M 0 1 23 310
2 56 30 43 -8 22 0 0.00 0.0 0 4.8 10 90 M M 0 14 70
3 45 32 39 -12 26 0 0.25 0.0 0 4.9 12 350 M M 6 1 13 30
4 58 34 46 -5 19 0 0.00 0.0 0 6.1 14 350 M M 1 1 16 350
5 62 39 51 0 14 0 0.79 M M 10.5 25 120 M M 4 1 34 120
6 66 45 56 5 9 0 0.75 0.0 0 8.3 20 90 M M 5 13 26 130
7 56 40 48 -3 17 0 0.00 0.0 0 8.5 22 320 M M 2 26 320
8 57 41 49 -2 16 0 0.30 0.0 0 12.9 28 130 M M 4 13 37 130
9 69 43 56 6 9 0 2.20 0.0 0 17.6 37 290 M M 7 13 46 160
10 55 34 45 -5 20 0 0.00 0.0 0 8.1 18 280 M M 0 25 270
11 63 41 52 2 13 0 0.00 0.0 M 4.3 10 130 M M 1 13 130
12 71 50 61 11 4 0 0.20 0.0 M 12.9 24 300 M M 8 1 31 310
13 53 35 44 -6 21 0 0.00 0.0 M 8.3 23 310 M M 0 28 300
14 63 33 48 -2 17 0 0.00 0.0 M 2.2 8 270 M M 0 11 250
15 67 33 50 0 15 0 0.00 0.0 M 4.9 13 200 M M 2 15 210
16 59 24 42 -8 23 0 0.09 0.0 0 15.7 25 330 M M 6 1 31 320
17 47 19 33 -17 32 0 0.00 0.0 M 5.6 15 340 M M 0 19 340
18 57 26 42 -8 23 0 T 0.0 0 5.3 13 190 M M 4 15 180
19 56 34 45 -5 20 0 0.08 0.0 0 14.0 21 330 M M 4 1 27 330
20 42 27 35 -15 30 0 0.00 0.0 0 11.2 20 340 M M 0 24 350
21 45 22 34 -17 31 0 0.00 0.0 M 8.5 15 80 M M 0 19 80
22 62 33 48 -3 17 0 0.00 0.0 0 9.1 15 120 M M 2 21 80
23 66 52 59 8 6 0 0.01 0.0 M 8.9 14 90 M M 5 1 17 120
24 79 59 69 18 0 4 0.02 0.0 M 11.0 21 150 M M 8 1 25 160
25 75 62 69 18 0 4 0.29 0.0 0 10.6 26 280 M M 9 13 34 270
26 73 60 67 16 0 2 T 0.0 0 5.1 15 310 M M 1 19 310
27 72 53 63 12 2 0 1.02 0.0 0 9.6 28 310 M M 7 13 32 300
28 57 46 52 1 13 0 0.00 0.0 0 15.7 23 320 M M 8 30 320
29 62 44 53 2 12 0 0.00 0.0 0 10.8 22 320 M M 4 25 320
30 64 35 50 -2 15 0 0.00 0.0 0 6.0 14 240 M M 0 17 210
31 63 40 52 0 13 0 0.00 0.0 0 8.0 18 310 M M 0 22 310
================================================================================
SM 1888 1204 471 10 6.00 0.0 278.2 M 98
================================================================================
AV 60.9 38.8 9.0 FASTST M M 3 MAX(MPH)
MISC ----> 37 290 46 160
================================================================================
NOTES:
# LAST OF SEVERAL OCCURRENCES
COLUMN 17 PEAK WIND IN M.P.H.
PRELIMINARY LOCAL CLIMATOLOGICAL DATA (WS FORM: F-6) , PAGE 2
STATION: DOTHAN
MONTH: JANUARY
YEAR: 2024
LATITUDE: 31 19 N
LONGITUDE: 85 27 W
[TEMPERATURE DATA] [PRECIPITATION DATA] SYMBOLS USED IN COLUMN 16
AVERAGE MONTHLY: 49.9 TOTAL FOR MONTH: 6.00 1 = FOG OR MIST
DPTR FM NORMAL: -0.9 DPTR FM NORMAL: 1.24 2 = FOG REDUCING VISIBILITY
HIGHEST: 79 ON 24 GRTST 24HR 2.20 ON 9- 9 TO 1/4 MILE OR LESS
LOWEST: 19 ON 17 3 = THUNDER
SNOW, ICE PELLETS, HAIL 4 = ICE PELLETS
TOTAL MONTH: 0.0 INCH 5 = HAIL
GRTST 24HR 0.0 6 = FREEZING RAIN OR DRIZZLE
GRTST DEPTH: 0 7 = DUSTSTORM OR SANDSTORM:
VSBY 1/2 MILE OR LESS
8 = SMOKE OR HAZE
[NO. OF DAYS WITH] [WEATHER - DAYS WITH] 9 = BLOWING SNOW
X = TORNADO
MAX 32 OR BELOW: 0 0.01 INCH OR MORE: 12
MAX 90 OR ABOVE: 0 0.10 INCH OR MORE: 8
MIN 32 OR BELOW: 7 0.50 INCH OR MORE: 4
MIN 0 OR BELOW: 0 1.00 INCH OR MORE: 2
[HDD (BASE 65) ]
TOTAL THIS MO. 471 CLEAR (SCALE 0-3) 16
DPTR FM NORMAL 20 PTCLDY (SCALE 4-7) 13
TOTAL FM JUL 1 1086 CLOUDY (SCALE 8-10) 2
DPTR FM NORMAL -15
[CDD (BASE 65) ]
TOTAL THIS MO. 10
DPTR FM NORMAL 1 [PRESSURE DATA]
TOTAL FM JAN 1 10 HIGHEST SLP 30.63 ON 21
DPTR FM NORMAL 1 LOWEST SLP 29.48 ON 9
[REMARKS]
#FINAL-01-24#