000
CXUS53 KDLH 010920
CF6DLH
PRELIMINARY LOCAL CLIMATOLOGICAL DATA (WS FORM: F-6)
STATION: DULUTH
MONTH: DECEMBER
YEAR: 2022
LATITUDE: 46 49 N
LONGITUDE: 92 11 W
TEMPERATURE IN F: :PCPN: SNOW: WIND :SUNSHINE: SKY :PK WND
================================================================================
1 2 3 4 5 6A 6B 7 8 9 10 11 12 13 14 15 16 17 18
12Z AVG MX 2MIN
DY MAX MIN AVG DEP HDD CDD WTR SNW DPTH SPD SPD DIR MIN PSBL S-S WX SPD DR
================================================================================
1 27 1 14 -8 51 0 0.00 0.0 4 8.4 18 130 M M 3 24 120
2 35 11 23 1 42 0 0.02 0.7 3 11.6 28 310 M M 5 19 40 310
3 11 -3 4 -18 61 0 T T 4 14.3 24 320 M M 4 89 38 310
4 29 3 16 -5 49 0 0.00 0.0 4 13.9 23 250 M M 1 33 240
5 27 5 16 -5 49 0 T 0.1 3 9.4 20 310 M M 5 26 320
6 17 4 11 -9 54 0 0.17 2.8 3 6.0 14 140 M M 7 12 19 350
7 10 -10 0 -20 65 0 0.05 0.5 6 6.3 14 350 M M 5 8 21 330
8 27 -3 12 -8 53 0 0.00 0.0 5 5.0 12 240 M M 0 128 17 230
9 30 16 23 4 42 0 0.00 0.0 5 10.8 17 130 M M 4 12 23 110
10 31 25 28 9 37 0 0.26 2.7 6 7.8 20 120 M M 10 126 25 110
11 32 28 30 12 35 0 0.03 0.3 7 4.9 10 140 M M 10 1 15 110
12 31 29 30 12 35 0 0.00 0.0 7 13.0 20 120 M M 10 26 130
13 32 30 31 13 34 0 0.25 0.8 7 20.9 31 90 M M 10 4689 46 90
14 33 30 32 14 33 0 0.82 11.5 8 22.0 31 90 M M 10 1369 43 90
15 33 31 32 15 33 0 0.77 10.8 23 18.0 32 80 M M 10 129 48 100
16 31 26 29 12 36 0 0.20 3.4 26 5.9 15 100 M M 10 18 21 120
17 29 12 21 5 44 0 0.09 3.8 27 9.6 18 320 M M 10 189 29 300
18 12 -7 3 -13 62 0 T T 24 9.9 17 310 M M 4 9 25 320
19 8 -9 0 -16 65 0 0.17 3.0 26 3.6 14 280 M M 8 18 19 270
20 7 -14 -3 -19 68 0 T T 24 14.2 22 280 M M 4 189 29 270
21 -4 -18 -11 -26 76 0 0.22 1.9 26 6.3 13 310 M M 9 19 300
22 -4 -12 -8 -23 73 0 0.09 0.8 25 17.3 28 320 M M 7 89 41 320
23 2 -14 -6 -21 71 0 0.02 T 25 23.6 32 330 M M 7 89 49 330
24 4 -6 -1 -16 66 0 T T 23 22.3 30 310 M M 3 89 45 310
25 2 -9 -3 -17 68 0 0.00 0.0 21 14.0 25 310 M M 4 8 38 300
26 12 -3 5 -9 60 0 0.00 0.0 21 10.5 20 350 M M 4 8 27 350
27 20 6 13 -1 52 0 0.00 0.0 20 11.5 22 200 M M 9 28 200
28 30 19 25 11 40 0 0.01 0.0 20 9.7 17 130 M M 5 168 23 120
29 35 26 31 18 34 0 0.06 0.8 20 4.7 15 300 M M 6 18 21 300
30 28 12 20 7 45 0 T T 21 9.6 18 270 M M 9 1 24 290
31 29 13 21 8 44 0 0.04 1.0 21 7.7 15 110 M M 10 126 19 110
================================================================================
SM 646 219 1577 0 3.27 44.9 352.7 M 203
================================================================================
AV 20.8 7.1 11.4 FASTST M M 7 MAX(MPH)
MISC ----> # 32 80 49 330
================================================================================
NOTES:
# LAST OF SEVERAL OCCURRENCES
COLUMN 17 PEAK WIND IN M.P.H.
PRELIMINARY LOCAL CLIMATOLOGICAL DATA (WS FORM: F-6) , PAGE 2
STATION: DULUTH
MONTH: DECEMBER
YEAR: 2022
LATITUDE: 46 49 N
LONGITUDE: 92 11 W
[TEMPERATURE DATA] [PRECIPITATION DATA] SYMBOLS USED IN COLUMN 16
AVERAGE MONTHLY: 14.0 TOTAL FOR MONTH: 3.27 1 = FOG OR MIST
DPTR FM NORMAL: -3.1 DPTR FM NORMAL: 1.80 2 = FOG REDUCING VISIBILITY
HIGHEST: 35 ON 29, 2 GRTST 24HR 1.12 ON 14-15 TO 1/4 MILE OR LESS
LOWEST: -18 ON 21 3 = THUNDER
SNOW, ICE PELLETS, HAIL 4 = ICE PELLETS
TOTAL MONTH: 44.9 INCHES 5 = HAIL
GRTST 24HR 11.5 ON 14-14 6 = FREEZING RAIN OR DRIZZLE
GRTST DEPTH: 27 ON 17 7 = DUSTSTORM OR SANDSTORM:
VSBY 1/2 MILE OR LESS
8 = SMOKE OR HAZE
[NO. OF DAYS WITH] [WEATHER - DAYS WITH] 9 = BLOWING SNOW
X = TORNADO
MAX 32 OR BELOW: 27 0.01 INCH OR MORE: 17
MAX 90 OR ABOVE: 0 0.10 INCH OR MORE: 8
MIN 32 OR BELOW: 31 0.50 INCH OR MORE: 2
MIN 0 OR BELOW: 12 1.00 INCH OR MORE: 0
[HDD (BASE 65) ]
TOTAL THIS MO. 1577 CLEAR (SCALE 0-3) 4
DPTR FM NORMAL 94 PTCLDY (SCALE 4-7) 14
TOTAL FM JUL 1 3465 CLOUDY (SCALE 8-10) 13
DPTR FM NORMAL -88
[CDD (BASE 65) ]
TOTAL THIS MO. 0
DPTR FM NORMAL 0 [PRESSURE DATA]
TOTAL FM JAN 1 239 HIGHEST SLP 30.56 ON 20
DPTR FM NORMAL -16 LOWEST SLP 29.31 ON 15
[REMARKS]
#FINAL-12-22#