000
CXUS56 KTFX 011110
CF6DLN
PRELIMINARY LOCAL CLIMATOLOGICAL DATA (WS FORM: F-6)
STATION: DILLON AIRPORT MT
MONTH: APRIL
YEAR: 2021
LATITUDE: 45 15 N
LONGITUDE: 112 33 W
TEMPERATURE IN F: :PCPN: SNOW: WIND :SUNSHINE: SKY :PK WND
================================================================================
1 2 3 4 5 6A 6B 7 8 9 10 11 12 13 14 15 16 17 18
12Z AVG MX 2MIN
DY MAX MIN AVG DEP HDD CDD WTR SNW DPTH SPD SPD DIR MIN PSBL S-S WX SPD DR
================================================================================
1 63 22 43 5 22 0 0.00 M 0 12.4 35 180 M M 0 48 180
2 66 35 51 13 14 0 0.00 M 0 10.2 24 260 M M 0 36 270
3 69 35 52 14 13 0 0.00 M 0 12.4 24 230 M M 0 33 260
4 70 40 55 16 10 0 0.00 M 0 11.7 28 270 M M 0 39 220
5 44 34 39 0 26 0 0.04 M 0 8.6 18 350 M M 8 1 23 350
6 52 33 43 4 22 0 0.00 M 0 7.4 16 210 M M 4 20 210
7 60 28 44 5 21 0 0.00 M 0 14.1 29 170 M M 1 39 200
8 50 21 36 -4 29 0 0.00 M 0 12.6 31 300 M M 6 39 300
9 56 17 37 -3 28 0 0.00 M 0 11.6 23 210 M M 0 30 220
10 59 22 41 1 24 0 T M 0 16.8 44 240 M M 4 57 240
11 41 13 27 -13 38 0 0.00 M 0 8.0 22 360 M M 3 26 360
12 40 13 27 -13 38 0 0.00 M 0 11.6 25 10 M M 2 32 30
13 39 16 28 -13 37 0 0.00 M 0 17.1 32 20 M M 1 40 20
14 41 16 29 -12 36 0 T M 0 20.2 31 30 M M 5 40 30
15 48 30 39 -2 26 0 0.00 M T 20.1 33 20 M M 7 43 40
16 50 19 35 -7 30 0 0.00 M 0 10.2 26 30 M M 3 32 20
17 59 18 39 -3 26 0 0.00 M 0 4.8 13 210 M M 0 16 220
18 64 24 44 2 21 0 0.00 M 0 12.6 35 60 M M 1 42 50
19 35 18 27 -15 38 0 0.02 M T 18.2 28 30 M M 7 12 39 20
20 41 12 27 -16 38 0 0.00 M 0 7.7 23 30 M M 0 28 40
21 53 13 33 -10 32 0 0.00 M 0 4.1 13 210 M M 0 15 210
22 53 22 38 -5 27 0 T M 0 11.7 25 350 M M 3 1 31 350
23 50 25 38 -6 27 0 T M T 8.7 20 50 M M 7 1 24 60
24 55 29 42 -2 23 0 0.02 M 0 6.0 26 190 M M 6 1 36 220
25 49 33 41 -3 24 0 0.16 M 0 7.5 25 220 M M 8 1 32 220
26 51 31 41 -4 24 0 0.00 M 0 5.3 24 280 M M 8 31 290
27 59 27 43 -2 22 0 0.00 M 0 5.0 13 200 M M 0 15 60
28 65 35 50 5 15 0 0.00 M 0 8.5 21 230 M M 0 26 230
29 75 39 57 11 8 0 0.00 M 0 9.7 24 260 M M 0 34 260
30 81 46 64 18 1 0 0.00 M 0 14.9 33 250 M M 0 41 250
================================================================================
SM 1638 766 740 0 0.24 M 329.7 M 84
================================================================================
AV 54.6 25.5 11.0 FASTST M M 3 MAX(MPH)
MISC ----> 44 240 57 240
================================================================================
NOTES:
# LAST OF SEVERAL OCCURRENCES
COLUMN 17 PEAK WIND IN M.P.H.
PRELIMINARY LOCAL CLIMATOLOGICAL DATA (WS FORM: F-6) , PAGE 2
STATION: DILLON AIRPORT MT
MONTH: APRIL
YEAR: 2021
LATITUDE: 45 15 N
LONGITUDE: 112 33 W
[TEMPERATURE DATA] [PRECIPITATION DATA] SYMBOLS USED IN COLUMN 16
AVERAGE MONTHLY: 40.1 TOTAL FOR MONTH: 0.24 1 = FOG OR MIST
DPTR FM NORMAL: -1.5 DPTR FM NORMAL: -0.80 2 = FOG REDUCING VISIBILITY
HIGHEST: 81 ON 30 GRTST 24HR 0.16 ON 25-25 TO 1/4 MILE OR LESS
LOWEST: 12 ON 20 3 = THUNDER
SNOW, ICE PELLETS, HAIL 4 = ICE PELLETS
TOTAL MONTH: M 5 = HAIL
GRTST 24HR M ON M 6 = FREEZING RAIN OR DRIZZLE
GRTST DEPTH: T 7 = DUSTSTORM OR SANDSTORM:
VSBY 1/2 MILE OR LESS
8 = SMOKE OR HAZE
[NO. OF DAYS WITH] [WEATHER - DAYS WITH] 9 = BLOWING SNOW
X = TORNADO
MAX 32 OR BELOW: 0 0.01 INCH OR MORE: 4
MAX 90 OR ABOVE: 0 0.10 INCH OR MORE: 1
MIN 32 OR BELOW: 21 0.50 INCH OR MORE: 0
MIN 0 OR BELOW: 0 1.00 INCH OR MORE: 0
[HDD (BASE 65) ]
TOTAL THIS MO. 740 CLEAR (SCALE 0-3) 18
DPTR FM NORMAL 38 PTCLDY (SCALE 4-7) 11
TOTAL FM JUL 1 7523 CLOUDY (SCALE 8-10) 1
DPTR FM NORMAL -46
[CDD (BASE 65) ]
TOTAL THIS MO. 0
DPTR FM NORMAL 0 [PRESSURE DATA]
TOTAL FM JAN 1 0 HIGHEST SLP 30.47 ON 20
DPTR FM NORMAL 0 LOWEST SLP 29.51 ON 10
[REMARKS]
#FINAL-04-21#