000
CXUS55 KEAX 010736
CF6DMO
PRELIMINARY LOCAL CLIMATOLOGICAL DATA (WS FORM: F-6)
STATION: SEDALIA MO
MONTH: APRIL
YEAR: 2021
LATITUDE: 38 42 N
LONGITUDE: 93 6 W
TEMPERATURE IN F: :PCPN: SNOW: WIND :SUNSHINE: SKY :PK WND
================================================================================
1 2 3 4 5 6A 6B 7 8 9 10 11 12 13 14 15 16 17 18
12Z AVG MX 2MIN
DY MAX MIN AVG DEP HDD CDD WTR SNW DPTH SPD SPD DIR MIN PSBL S-S WX SPD DR
================================================================================
1 50 28 39 -13 26 0 0.00 M M 6.2 14 360 M M 0 19 20
2 65 31 48 -4 17 0 0.00 M M 12.8 20 180 M M 0 26 160
3 73 46 60 7 5 0 0.00 M M 12.9 24 220 M M 0 36 200
4 78 54 66 13 0 1 0.00 M M 12.9 24 220 M M 0 33 220
5 79 53 66 13 0 1 0.00 M M 13.3 26 220 M M 2 39 220
6 80 57 69 15 0 4 0.00 M M 15.7 23 180 M M 0 32 170
7 69 50 60 6 5 0 1.60 M M 14.0 25 170 M M 8 13 35 150
8 52 46 49 -5 16 0 0.25 M M 12.0 21 250 M M 8 1 32 240
9 74 42 58 3 7 0 0.24 M M 6.1 13 140 M M 2 1 20 150
10 55 48 52 -3 13 0 1.37 M M 14.0 22 290 M M 9 1 34 300
11 73 44 59 4 6 0 0.00 M M 9.1 16 290 M M 0 23 250
12 61 47 54 -2 11 0 T M M 9.3 18 340 M M 5 24 330
13 61 45 53 -3 12 0 T M M 7.7 18 350 M M 5 24 340
14 59 42 51 -5 14 0 0.00 M M 9.8 20 330 M M 0 28 270
15 60 37 49 -8 16 0 0.00 M M 5.8 13 360 M M 0 16 340
16 55 44 50 -7 15 0 0.15 M M 7.0 16 60 M M 10 1 20 70
17 55 43 49 -8 16 0 0.12 M M 8.7 21 340 M M 9 18 27 350
18 57 45 51 -7 14 0 0.13 M M 7.5 15 270 M M 6 1 20 270
19 65 36 51 -7 14 0 0.00 M M 12.8 23 360 M M 0 31 360
20 43 33 38 -20 27 0 0.09 M M 11.8 21 340 M M 8 12 27 340
21 50 31 41 -17 24 0 T M M 10.2 23 280 M M 5 31 290
22 57 31 44 -15 21 0 T M M 6.4 20 190 M M 2 27 190
23 64 44 54 -5 11 0 0.66 M M 10.2 22 160 M M 9 13 32 150
24 67 51 59 0 6 0 T M M 9.5 21 20 M M 6 1 26 360
25 75 43 59 -1 6 0 0.00 M M 10.4 21 170 M M 0 33 180
26 85 57 71 11 0 6 0.00 M M 18.8 32 200 M M 0 50 190
27 81 65 73 13 0 8 T M M 16.4 29 210 M M 0 40 210
28 77 64 71 11 0 6 1.57 M M 6.9 23 190 M M 9 1 32 190
29 74 58 66 5 0 1 0.00 M M 10.6 21 330 M M 3 12 36 10
30 78 51 65 4 0 0 0.00 M M 4.4 12 220 M M 0 17 220
================================================================================
SM 1972 1366 302 27 6.18 M 313.2 M 106
================================================================================
AV 65.7 45.5 10.4 FASTST M M 4 MAX(MPH)
MISC ----> 32 200 50 190
================================================================================
NOTES:
# LAST OF SEVERAL OCCURRENCES
COLUMN 17 PEAK WIND IN M.P.H.
PRELIMINARY LOCAL CLIMATOLOGICAL DATA (WS FORM: F-6) , PAGE 2
STATION: SEDALIA MO
MONTH: APRIL
YEAR: 2021
LATITUDE: 38 42 N
LONGITUDE: 93 6 W
[TEMPERATURE DATA] [PRECIPITATION DATA] SYMBOLS USED IN COLUMN 16
AVERAGE MONTHLY: 55.6 TOTAL FOR MONTH: 6.18 1 = FOG OR MIST
DPTR FM NORMAL: -1.1 DPTR FM NORMAL: 1.93 2 = FOG REDUCING VISIBILITY
HIGHEST: 85 ON 26 GRTST 24HR 1.61 ON 9-10 TO 1/4 MILE OR LESS
LOWEST: 28 ON 1 3 = THUNDER
SNOW, ICE PELLETS, HAIL 4 = ICE PELLETS
TOTAL MONTH: M 5 = HAIL
GRTST 24HR M ON M 6 = FREEZING RAIN OR DRIZZLE
GRTST DEPTH: M ON M 7 = DUSTSTORM OR SANDSTORM:
VSBY 1/2 MILE OR LESS
8 = SMOKE OR HAZE
[NO. OF DAYS WITH] [WEATHER - DAYS WITH] 9 = BLOWING SNOW
X = TORNADO
MAX 32 OR BELOW: 0 0.01 INCH OR MORE: 10
MAX 90 OR ABOVE: 0 0.10 INCH OR MORE: 9
MIN 32 OR BELOW: 4 0.50 INCH OR MORE: 4
MIN 0 OR BELOW: 0 1.00 INCH OR MORE: 3
[HDD (BASE 65) ]
TOTAL THIS MO. 302 CLEAR (SCALE 0-3) 16
DPTR FM NORMAL 22 PTCLDY (SCALE 4-7) 8
TOTAL FM JUL 1 4491 CLOUDY (SCALE 8-10) 6
DPTR FM NORMAL 9
[CDD (BASE 65) ]
TOTAL THIS MO. 27
DPTR FM NORMAL -4 [PRESSURE DATA]
TOTAL FM JAN 1 27 HIGHEST SLP M ON M
DPTR FM NORMAL -7 LOWEST SLP 29.51 ON 7
[REMARKS]
#FINAL-04-21#