000
CXUS52 KCAE 011400
CF6DNL
PRELIMINARY LOCAL CLIMATOLOGICAL DATA (WS FORM: F-6)
STATION: AUGUSTA DANIEL FIELD GA
MONTH: SEPTEMBER
YEAR: 2023
LATITUDE: 33 28 N
LONGITUDE: 82 2 W
TEMPERATURE IN F: :PCPN: SNOW: WIND :SUNSHINE: SKY :PK WND
================================================================================
1 2 3 4 5 6A 6B 7 8 9 10 11 12 13 14 15 16 17 18
12Z AVG MX 2MIN
DY MAX MIN AVG DEP HDD CDD WTR SNW DPTH SPD SPD DIR MIN PSBL S-S WX SPD DR
================================================================================
1 86 70 78 -3 0 13 0.00 M M 8.0 16 70 M M 1 21 70
2 84 66 75 -6 0 10 0.00 M M 4.2 12 60 M M 0 16 50
3 88 63 76 -4 0 11 0.00 M M 1.5 8 330 M M 0 12 350
4 91 67 79 -1 0 14 0.00 M M 2.9 8 290 M M 0 12 320
5 92 70 81 1 0 16 0.00 M M 2.7 9 290 M M 0 16 180
6 95 74 85 5 0 20 0.00 M M 3.6 12 340 M M 0 18 320
7 94 71 83 3 0 18 T M M 3.5 17 40 M M 1 3 26 230
8 87 69 78 -2 0 13 T M M 4.5 13 200 M M 2 3 17 190
9 87 70 79 0 0 14 T M M 6.0 20 100 M M 1 3 25 100
10 88 70 79 0 0 14 0.23 M M 3.8 14 40 M M 4 13 20 20
11 90 71 81 2 0 16 0.21 M M 3.0 12 240 M M 2 3 16 250
12 92 72 82 3 0 17 0.00 M M 5.3 16 300 M M 3 13 25 310
13 87 71 79 0 0 14 0.01 M M 2.6 15 150 M M 3 13 17 160
14 83 70 77 -1 0 12 0.02 M M 5.8 14 90 M M 3 1 19 80
15 78 67 73 -5 0 8 0.00 M M 5.6 14 70 M M 3 17 80
16 82 64 73 -5 0 8 0.00 M M 3.8 10 150 M M 4 19 150
17 82 67 75 -3 0 10 1.16 M M 4.5 12 310 M M 5 1 17 320
18 82 63 73 -4 0 8 0.00 M M 5.4 14 330 M M 0 18 340
19 83 62 73 -4 0 8 0.00 M M 2.9 10 200 M M 1 8 23 90
20 86 67 77 0 0 12 0.00 M M 4.6 14 140 M M 5 21 140
21 82 67 75 -2 0 10 T M M 7.7 16 70 M M 7 21 50
22 82 62 72 -4 0 7 0.00 M M 9.2 22 30 M M 1 27 40
23 84 62 73 -3 0 8 0.00 M M 5.8 14 310 M M 0 20 300
24 87 62 75 -1 0 10 0.00 M M 1.6 9 290 M M 0 14 220
25 89 63 76 0 0 11 0.00 M M 2.3 10 220 M M 0 15 220
26 85 68 77 2 0 12 0.00 M M 3.2 16 120 M M 3 8 26 100
27 72 64 68 -7 0 3 0.02 M M 9.1 16 50 M M 8 1 21 40
28 73 59 66 -9 0 1 0.00 M M 6.5 13 20 M M 4 17 20
29 85 65 75 1 0 10 0.00 M M 5.1 12 30 M M 4 14 40
30 85 64 75 1 0 10 0.00 M M 3.9 13 100 M M 1 17 100
================================================================================
SM 2561 2000 0 338 1.65 M 138.6 M 66
================================================================================
AV 85.4 66.7 4.6 FASTST M M 2 MAX(MPH)
MISC ----> 22 30 27 40
================================================================================
NOTES:
# LAST OF SEVERAL OCCURRENCES
COLUMN 17 PEAK WIND IN M.P.H.
PRELIMINARY LOCAL CLIMATOLOGICAL DATA (WS FORM: F-6) , PAGE 2
STATION: AUGUSTA DANIEL FIELD GA
MONTH: SEPTEMBER
YEAR: 2023
LATITUDE: 33 28 N
LONGITUDE: 82 2 W
[TEMPERATURE DATA] [PRECIPITATION DATA] SYMBOLS USED IN COLUMN 16
AVERAGE MONTHLY: 76.0 TOTAL FOR MONTH: 1.65 1 = FOG OR MIST
DPTR FM NORMAL: -1.8 DPTR FM NORMAL: -2.38 2 = FOG REDUCING VISIBILITY
HIGHEST: 95 ON 6 GRTST 24HR 1.16 ON 17-17 TO 1/4 MILE OR LESS
LOWEST: 59 ON 28 3 = THUNDER
SNOW, ICE PELLETS, HAIL 4 = ICE PELLETS
TOTAL MONTH: M 5 = HAIL
GRTST 24HR M ON M 6 = FREEZING RAIN OR DRIZZLE
GRTST DEPTH: M ON M 7 = DUSTSTORM OR SANDSTORM:
VSBY 1/2 MILE OR LESS
8 = SMOKE OR HAZE
[NO. OF DAYS WITH] [WEATHER - DAYS WITH] 9 = BLOWING SNOW
X = TORNADO
MAX 32 OR BELOW: 0 0.01 INCH OR MORE: 6
MAX 90 OR ABOVE: 6 0.10 INCH OR MORE: 3
MIN 32 OR BELOW: 0 0.50 INCH OR MORE: 1
MIN 0 OR BELOW: 0 1.00 INCH OR MORE: 1
[HDD (BASE 65) ]
TOTAL THIS MO. 0 CLEAR (SCALE 0-3) 21
DPTR FM NORMAL -2 PTCLDY (SCALE 4-7) 8
TOTAL FM JUL 1 0 CLOUDY (SCALE 8-10) 1
DPTR FM NORMAL 0
[CDD (BASE 65) ]
TOTAL THIS MO. 338
DPTR FM NORMAL -47 [PRESSURE DATA]
TOTAL FM JAN 1 2227 HIGHEST SLP 30.24 ON 2
DPTR FM NORMAL -253 LOWEST SLP 29.81 ON 23
[REMARKS]
#FINAL-09-23#