000
CXUS55 KVEF 092356
CF6DRA
PRELIMINARY LOCAL CLIMATOLOGICAL DATA (WS FORM: F-6)
STATION: DESERT ROCK-MERCURY NV
MONTH: JANUARY
YEAR: 2022
LATITUDE: 36 37 N
LONGITUDE: 116 1 W
TEMPERATURE IN F: :PCPN: SNOW: WIND :SUNSHINE: SKY :PK WND
================================================================================
1 2 3 4 5 6A 6B 7 8 9 10 11 12 13 14 15 16 17 18
12Z AVG MX 2MIN
DY MAX MIN AVG DEP HDD CDD WTR SNW DPTH SPD SPD DIR MIN PSBL S-S WX SPD DR
================================================================================
1 44 26 35 -9 30 0 0.00 0.0 0 9.4 17 40 M M 0 24 40
2 43 24 34 -10 31 0 0.00 0.0 0 8.5 17 120 M M 0 22 120
3 45 22 34 -10 31 0 0.00 0.0 0 4.3 12 130 M M 0 M M
4 52 24 38 -6 27 0 0.00 0.0 0 3.7 9 210 M M 2 M M
5 58 28 43 -1 22 0 0.00 0.0 0 4.1 13 220 M M 0 M M
6 61 32 47 3 18 0 0.00 0.0 0 4.2 8 210 M M 0 M M
7 62 31 47 3 18 0 0.00 0.0 0 5.3 13 120 M M 0 23 190
8 59 33 46 2 19 0 0.00 0.0 0 8.9 17 20 M M 0 21 40
9 57 38 48 4 17 0 0.00 0.0 0 11.1 17 30 M M 0 25 110
10 56 35 46 1 19 0 0.00 0.0 0 9.8 17 110 M M 0 22 100
11 61 31 46 1 19 0 0.00 0.0 0 7.7 20 30 M M 0 23 40
12 67 38 53 8 12 0 0.00 0.0 0 7.6 26 20 M M 0 22 20
13 62 39 51 6 14 0 0.00 0.0 0 4.7 14 220 M M 0 17 220
14 61 32 47 2 18 0 0.00 0.0 0 10.6 22 20 M M 0 30 40
15 57 38 48 3 17 0 0.00 0.0 0 12.0 21 30 M M 0 28 30
16 62 30 46 1 19 0 0.00 0.0 0 2.9 12 140 M M M 15 130
17 60 32 46 1 19 0 0.00 0.0 0 2.5 10 230 M M M 13 230
18 59 35 47 2 18 0 T 0.0 0 3.5 14 200 M M 1 20 210
19 64 31 48 3 17 0 0.00 0.0 0 7.8 17 30 M M 0 24 30
20 62 35 49 4 16 0 0.00 0.0 0 7.6 16 40 M M 0 M M
21 57 30 44 -2 21 0 0.00 0.0 0 12.9 29 20 M M 1 54 30
22 58 38 48 2 17 0 0.00 0.0 0 14.2 21 20 M M 0 36 10
23 62 39 51 5 14 0 0.00 0.0 0 10.8 20 50 M M 0 30 70
24 67 32 50 4 15 0 0.00 0.0 0 4.6 15 360 M M 0 M M
25 57 29 43 -3 22 0 0.00 0.0 0 12.1 22 20 M M 0 40 20
26 53 31 42 -4 23 0 0.00 0.0 0 8.8 16 30 M M 0 20 110
27 62 30 46 0 19 0 0.00 0.0 0 10.2 17 60 M M 0 28 60
28 57 33 45 -1 20 0 0.00 0.0 0 11.7 16 120 M M 0 27 120
29 60 32 46 0 19 0 0.00 0.0 0 8.8 18 120 M M 0 23 130
30 63 26 45 -1 20 0 0.00 0.0 0 4.8 15 210 M M 0 21 210
31 60 27 44 -2 21 0 0.00 0.0 0 4.2 13 220 M M 0 M M
================================================================================
SM 1808 981 612 0 T 0.0 239.3 M 4
================================================================================
AV 58.3 31.6 7.7 FASTST M M 0 MAX(MPH)
MISC ----> 29 20 54 30
================================================================================
NOTES:
# LAST OF SEVERAL OCCURRENCES
COLUMN 17 PEAK WIND IN M.P.H.
PRELIMINARY LOCAL CLIMATOLOGICAL DATA (WS FORM: F-6) , PAGE 2
STATION: DESERT ROCK-MERCURY NV
MONTH: JANUARY
YEAR: 2022
LATITUDE: 36 37 N
LONGITUDE: 116 1 W
[TEMPERATURE DATA] [PRECIPITATION DATA] SYMBOLS USED IN COLUMN 16
AVERAGE MONTHLY: 45.0 TOTAL FOR MONTH: T 1 = FOG OR MIST
DPTR FM NORMAL: 0.0 DPTR FM NORMAL: -0.68 2 = FOG REDUCING VISIBILITY
HIGHEST: 67 ON 12,24 GRTST 24HR T ON 3- 3 TO 1/4 MILE OR LESS
LOWEST: 22 ON 3 3 = THUNDER
SNOW, ICE PELLETS, HAIL 4 = ICE PELLETS
TOTAL MONTH: 0.0 INCH 5 = HAIL
GRTST 24HR 0.0 6 = FREEZING RAIN OR DRIZZLE
GRTST DEPTH: 0 7 = DUSTSTORM OR SANDSTORM:
VSBY 1/2 MILE OR LESS
8 = SMOKE OR HAZE
[NO. OF DAYS WITH] [WEATHER - DAYS WITH] 9 = BLOWING SNOW
X = TORNADO
MAX 32 OR BELOW: 0 0.01 INCH OR MORE: 0
MAX 90 OR ABOVE: 0 0.10 INCH OR MORE: 0
MIN 32 OR BELOW: 20 0.50 INCH OR MORE: 0
MIN 0 OR BELOW: 0 1.00 INCH OR MORE: 0
[HDD (BASE 65) ]
TOTAL THIS MO. 612 CLEAR (SCALE 0-3) 29
DPTR FM NORMAL -8 PTCLDY (SCALE 4-7) 0
TOTAL FM JUL 1 1600 CLOUDY (SCALE 8-10) 2
DPTR FM NORMAL -197
[CDD (BASE 65) ]
TOTAL THIS MO. 0
DPTR FM NORMAL 0 [PRESSURE DATA]
TOTAL FM JAN 1 0 HIGHEST SLP M ON M
DPTR FM NORMAL 0 LOWEST SLP M ON M
[REMARKS]
#FINAL-01-22#