000
CXUS54 KEWX 030909
CF6DRT
PRELIMINARY LOCAL CLIMATOLOGICAL DATA (WS FORM: F-6)
STATION: DEL RIO
MONTH: FEBRUARY
YEAR: 2021
LATITUDE: 29 22 N
LONGITUDE: 100 55 W
TEMPERATURE IN F: :PCPN: SNOW: WIND :SUNSHINE: SKY :PK WND
================================================================================
1 2 3 4 5 6A 6B 7 8 9 10 11 12 13 14 15 16 17 18
12Z AVG MX 2MIN
DY MAX MIN AVG DEP HDD CDD WTR SNW DPTH SPD SPD DIR MIN PSBL S-S WX SPD DR
================================================================================
1 70 38 54 0 11 0 0.00 0.0 0 4.0 14 170 M M 0 23 140
2 73 43 58 4 7 0 0.00 0.0 0 9.3 21 140 M M 0 35 130
3 80 45 63 9 2 0 0.00 0.0 0 8.2 17 140 M M 0 24 140
4 92 54 73 19 0 8 0.00 0.0 0 6.8 25 310 M M 1 1 37 310
5 76 47 62 7 3 0 0.00 0.0 0 7.5 17 120 M M 1 24 120
6 79 46 63 8 2 0 0.00 0.0 0 9.0 25 320 M M 1 1 39 310
7 76 44 60 5 5 0 0.00 0.0 0 10.5 22 130 M M 0 35 130
8 82 54 68 13 0 3 0.00 0.0 0 8.1 14 100 M M 1 21 110
9 80 53 67 11 0 2 0.00 0.0 0 9.6 23 120 M M 3 12 31 120
10 80 47 64 8 1 0 0.02 0.0 0 10.8 21 140 M M 8 18 30 130
11 48 36 42 -14 23 0 0.18 0.0 0 11.1 20 310 M M 10 13 29 320
12 40 37 39 -17 26 0 T 0.0 0 7.0 13 350 M M 10 1 17 350
13 38 33 36 -20 29 0 0.02 0.0 0 6.9 13 350 M M 10 1 19 340
14 34 18 26 -31 39 0 0.11 2.4 0 10.6 21 320 M M 10 16 33 360
15 30 14 22 -35 43 0 0.00 0.0 2 M M M M M M M M
16 37 18 28 -29 37 0 0.00 0.0 M M M M M M M M M
17 55 24 40 -17 25 0 M 0.0 M M M M M M M M M
18 33 18 26 -32 39 0 M 11.2 M M M M M M M 1 M M
19 42 11 27 -31 38 0 0.00 0.0 10 3.7 10 120 M M M 1 14 120
20 64 31 48 -10 17 0 0.00 0.0 M 10.2 23 140 M M M 31 120
21 70 48 59 1 6 0 0.00 0.0 M 8.3 15 110 M M M 26 110
22 75 44 60 2 5 0 0.00 0.0 0 6.7 17 150 M M M 24 150
23 82 51 67 8 0 2 0.00 0.0 0 9.1 20 160 M M M 18 26 160
24 88 57 73 14 0 8 0.00 0.0 0 5.1 13 90 M M M 128 19 80
25 73 53 63 4 2 0 0.02 0.0 0 7.2 18 310 M M M 18 27 300
26 75 51 63 3 2 0 0.00 0.0 0 8.3 18 340 M M 3 27 330
27 78 61 70 10 0 5 0.00 0.0 0 5.4 13 110 M M 7 12 20 100
28 81 68 75 15 0 10 0.00 0.0 0 4.7 13 120 M M 5 18 17 20
================================================================================
SM 1831 1144 362 38 0.35 13.6 188.1 M 70
================================================================================
AV 65.4 40.9 7.8 FASTST M M 4 MAX(MPH)
MISC ----> # 25 310 39 310
================================================================================
NOTES:
# LAST OF SEVERAL OCCURRENCES
COLUMN 17 PEAK WIND IN M.P.H.
PRELIMINARY LOCAL CLIMATOLOGICAL DATA (WS FORM: F-6) , PAGE 2
STATION: DEL RIO
MONTH: FEBRUARY
YEAR: 2021
LATITUDE: 29 22 N
LONGITUDE: 100 55 W
[TEMPERATURE DATA] [PRECIPITATION DATA] SYMBOLS USED IN COLUMN 16
AVERAGE MONTHLY: 53.1 TOTAL FOR MONTH: 0.35 1 = FOG OR MIST
DPTR FM NORMAL: -3.7 DPTR FM NORMAL: -0.53 2 = FOG REDUCING VISIBILITY
HIGHEST: 92 ON 4 GRTST 24HR 0.20 ON 10-11 TO 1/4 MILE OR LESS
LOWEST: 11 ON 19 3 = THUNDER
SNOW, ICE PELLETS, HAIL 4 = ICE PELLETS
TOTAL MONTH: 13.6 INCHES 5 = HAIL
GRTST 24HR 11.2 ON 18-18 6 = FREEZING RAIN OR DRIZZLE
GRTST DEPTH: 10 ON 19 7 = DUSTSTORM OR SANDSTORM:
VSBY 1/2 MILE OR LESS
8 = SMOKE OR HAZE
[NO. OF DAYS WITH] [WEATHER - DAYS WITH] 9 = BLOWING SNOW
X = TORNADO
MAX 32 OR BELOW: 1 0.01 INCH OR MORE: 5
MAX 90 OR ABOVE: 1 0.10 INCH OR MORE: 2
MIN 32 OR BELOW: 7 0.50 INCH OR MORE: 0
MIN 0 OR BELOW: 0 1.00 INCH OR MORE: 0
[HDD (BASE 65) ]
TOTAL THIS MO. 362 CLEAR (SCALE 0-3) 10
DPTR FM NORMAL 116 PTCLDY (SCALE 4-7) 3
TOTAL FM JUL 1 1112 CLOUDY (SCALE 8-10) 15
DPTR FM NORMAL -124
[CDD (BASE 65) ]
TOTAL THIS MO. 38
DPTR FM NORMAL 22 [PRESSURE DATA]
TOTAL FM JAN 1 44 HIGHEST SLP 30.61 ON 19
DPTR FM NORMAL 29 LOWEST SLP 29.65 ON 4
[REMARKS] THE DRT ASOS SUFFERED SEVERAL DAYS OF DATA LOSS DUE TO THE
WINTER WEATHER. THE OFFICIAL BACKUP COOPERATIVE OBSERVER DTRT2 WAS
USED TO FILL TEMPERATURE DATA FOR 02/15 THROUGH 02/18 WITH SOME
MINOR MODIFICATIONS BASED ON HISTORICAL DATA COMPARISONS BETWEEN THE
TWO SITES, IN COORDINATION WITH THE STATE CLIMATOLOGIST. THIS
OBSERVER ALSO PROVIDED SNOWFALL MEASUREMENTS BUT DID NOT PROVIDE
PRECIPITATION AMOUNTS FROM RAIN ON THE 17TH NOR A MELTED-DOWN
PRECIPITATION AMOUNT FOR THE 18TH. SNOW DEPTH MEASUREMENTS AT 12Z
WERE ALSO ONLY PERFORMED ON TWO OF THE DAYS. THE ASOS WAS RETURNED
TO SERVICE LATE IN THE DAY ON THE 18TH AND MEASURED THE OFFICIAL LOW
OF 11 THE MORNING OF THE 19TH, TYING THE ALL TIME RECORD FOR THE
MONTH.
#FINAL-02-21#