000
CXUS54 KEWX 011016
CLMDRT
SATCLMDRT 000
TTAA00 EWX 010951
CLIMATE REPORT
NATIONAL WEATHER SERVICE AUSTIN/SAN ANTONIO
440 AM CDT SAT JUL 01 2023
...................................
...THE DEL RIO CLIMATE SUMMARY FOR THE MONTH OF JUNE 2023...
CLIMATE NORMAL PERIOD: 1991 TO 2020
CLIMATE RECORD PERIOD: 1906 TO 2023
WEATHER OBSERVED NORMAL DEPART LAST YEAR`S
VALUE DATE(S) VALUE FROM VALUE DATE(S)
NORMAL
................................................................
TEMPERATURE (F)
HIGHEST 115R 06/21 110 06/06
LOWEST 65 06/04 70 06/04
AVG. MAXIMUM 102.9 96.4 6.5 101.8
AVG. MINIMUM 78.0 74.1 3.9 77.3
MEAN 90.4 85.2 5.3 89.5
DAYS MAX >= 90 30 30
DAYS MAX <= 32 0 0
DAYS MIN <= 32 0 0
DAYS MIN <= 0 0 0
PRECIPITATION (INCHES)
TOTALS 0.10 2.32 -2.22 0.24
DAILY AVG. 0.00 0.08 -0.08 0.01
DAYS >= .01 2 2
DAYS >= .10 0 1
DAYS >= .50 0 0
DAYS >= 1.00 0 0
GREATEST
24 HR. TOTAL 0.09 06/08 TO 06/08
SNOWFALL (INCHES)
TOTALS 0.0 MM MM 0.0
SINCE 7/1 0.0 MM MM MM
DEGREE DAYS
HEATING TOTAL 0 0 0 0
SINCE 7/1 994 1251 -257 MM
COOLING TOTAL 769 607 162 746
SINCE 1/1 1848 1450 398 MM
................................................................
WIND (MPH)
AVERAGE WIND SPEED 8.9
HIGHEST WIND SPEED/DIRECTION 29/110 DATE 06/02
HIGHEST GUST SPEED/DIRECTION 43/310 DATE 06/08
SKY COVER
POSSIBLE SUNSHINE (PERCENT) MM
AVERAGE SKY COVER 0.12
NUMBER OF DAYS FAIR 27
NUMBER OF DAYS PC 3
NUMBER OF DAYS CLOUDY 0
AVERAGE RH (PERCENT) 52
WEATHER CONDITIONS. NUMBER OF DAYS WITH
THUNDERSTORM 5 MIXED PRECIP 0
HEAVY RAIN 0 RAIN 0
LIGHT RAIN 3 FREEZING RAIN 0
LT FREEZING RAIN 0 HAIL 0
HEAVY SNOW 0 SNOW 0
LIGHT SNOW 0 SLEET 0
FOG 1 FOG W/VIS <= 1/4 MILE 0
HAZE 0
- INDICATES NEGATIVE NUMBERS.
R INDICATES RECORD WAS SET OR TIED.
MM INDICATES DATA IS MISSING.
T INDICATES TRACE AMOUNT.
&&
MONTHLY CLIMATE SUMMARY:
JUNE 2023 WAS THE WARMEST AND THE 13TH DRIEST JUNE ON RECORD.
THE HIGHEST TEMPERATURE OF 115 IS THE ALL TIME RECORD HIGH AS WELL
AS THE RECORD MONTHLY HIGH.
SEA LEVEL PRESSURE DATA:
HIGHEST SLP 29.95 ON THE 6TH
LOWEST SLP 28.59 ON THE 21ST
PRELIMINARY LOCAL CLIMATOLOGICAL DATA (WS FORM: F-6)
STATION: DEL RIO
MONTH: JUNE
YEAR: 2023
LATITUDE: 29 22 N
LONGITUDE: 100 55 W
TEMPERATURE IN F: :PCPN: SNOW: WIND :SUNSHINE: SKY :PK WND
================================================================================
1 2 3 4 5 6A 6B 7 8 9 10 11 12 13 14 15 16 17 18
12Z AVG MX 2MIN
DY MAX MIN AVG DEP HDD CDD WTR SNW DPTH SPD SPD DIR MIN PSBL S-S WX SPD DR
================================================================================
1 91 74 83 -1 0 18 0.00 0.0 0 12.3 23 150 M M 4 33 160
2 91 68 80 -4 0 15 T 0.0 0 12.1 29 110 M M 5 3 40 110
3 93 68 81 -3 0 16 0.00 0.0 0 7.2 21 220 M M 3 28 220
4 93 65 79 -5 0 14 0.00 0.0 0 6.2 26 300 M M 0 36 290
5 93 68 81 -3 0 16 0.00 0.0 0 4.2 15 50 M M 1 24 60
6 94 72 83 -1 0 18 0.00 0.0 0 4.2 12 350 M M 3 16 350
7 96 73 85 1 0 20 T 0.0 0 8.2 10 90 M M 0 3 18 140
8 98 68 83 -2 0 18 0.09 0.0 0 4.2 26 120 M M 0 3 43 310
9 103 73 88 3 0 23 T 0.0 0 8.3 25 160 M M 0 3 33 210
10 101 79 90 5 0 25 0.01 0.0 0 8.2 18 160 M M 0 3 24 150
11 100 78 89 4 0 24 0.00 0.0 0 9.1 18 150 M M 3 27 130
12 99 80 90 5 0 25 0.00 0.0 0 9.0 16 110 M M 3 25 100
13 98 80 89 4 0 24 0.00 0.0 0 8.3 16 120 M M 3 24 130
14 103 83 93 8 0 28 0.00 0.0 0 6.9 14 120 M M 4 19 110
15 107 79 93 8 0 28 0.00 0.0 0 6.9 14 120 M M 1 1 20 110
16 108 83 96 10 0 31 0.00 0.0 0 7.6 14 70 M M 0 20 40
17 101 85 93 7 0 28 0.00 0.0 0 10.5 20 130 M M 0 26 130
18 111 83 97 11 0 32 0.00 0.0 0 6.5 17 340 M M 0 25 330
19 109 83 96 10 0 31 0.00 0.0 0 8.0 20 220 M M 0 26 220
20 113 83 98 12 0 33 0.00 0.0 0 6.5 22 60 M M 0 31 60
21 115 84 100 14 0 35 0.00 0.0 0 6.3 17 110 M M 0 26 100
22 108 85 97 11 0 32 0.00 0.0 0 11.9 20 90 M M 0 30 110
23 108 82 95 9 0 30 0.00 0.0 0 11.1 21 140 M M 0 31 140
24 108 81 95 9 0 30 0.00 0.0 0 11.9 20 150 M M 1 28 120
25 110 82 96 10 0 31 0.00 0.0 0 11.2 18 140 M M 0 27 140
26 111 81 96 10 0 31 0.00 0.0 0 10.6 20 140 M M 0 26 150
27 110 80 95 9 0 30 0.00 0.0 0 10.8 24 150 M M 0 31 140
28 108 80 94 8 0 29 0.00 0.0 0 12.0 23 140 M M 0 32 150
29 103 78 91 5 0 26 0.00 0.0 0 13.5 25 150 M M 1 34 160
30 103 83 93 7 0 28 0.00 0.0 M 13.6 25 120 M M 3 34 160
================================================================================
SM 3086 2341 0 769 0.10 0.0 267.3 M 35
================================================================================
AV102.9 78.0 8.9 FASTST M M 1 MAX(MPH)
MISC ----> 29 110 43 310
================================================================================
NOTES:
# LAST OF SEVERAL OCCURRENCES
COLUMN 17 PEAK WIND IN M.P.H.
SYMBOLS USED IN COLUMN 16
1 = FOG OR MIST
2 = FOG REDUCING VISIBILITY TO 1/4 MILE OR LESS
3 = THUNDER
4 = ICE PELLETS
5 = HAIL
6 = FREEZING RAIN OR DRIZZLE
7 = DUSTSTORM OR SANDSTORM: VSBY 1/2 MILE OR LESS
8 = SMOKE OR HAZE
9 = BLOWING SNOW
X = TORNADO
$$