000
CXUS54 KFWD 010730
CF6DTO
PRELIMINARY LOCAL CLIMATOLOGICAL DATA (WS FORM: F-6)
STATION: DENTON
MONTH: SEPTEMBER
YEAR: 2020
LATITUDE: 33 12 N
LONGITUDE: 97 12 W
TEMPERATURE IN F: :PCPN: SNOW: WIND :SUNSHINE: SKY :PK WND
================================================================================
1 2 3 4 5 6A 6B 7 8 9 10 11 12 13 14 15 16 17 18
12Z AVG MX 2MIN
DY MAX MIN AVG DEP HDD CDD WTR SNW DPTH SPD SPD DIR MIN PSBL S-S WX SPD DR
================================================================================
1 88 72 80 -1 0 15 4.72 0.0 0 11.7 23 30 M M 6 123 33 50
2 82 72 77 -4 0 12 0.29 0.0 0 6.0 16 200 M M 5 1 22 190
3 84 72 78 -2 0 13 T 0.0 0 5.1 13 150 M M 6 17 130
4 88 70 79 -1 0 14 0.00 0.0 0 5.5 12 170 M M 3 1 16 150
5 92 70 81 1 0 16 T 0.0 0 2.8 25 170 M M 1 3 37 170
6 91 69 80 0 0 15 0.00 0.0 0 5.3 13 180 M M 2 12 20 190
7 94 74 84 5 0 19 0.00 0.0 0 9.3 18 180 M M 0 26 170
8 92 76 84 5 0 19 T 0.0 0 11.0 20 160 M M 1 3 28 160
9 80 56 68 -10 0 3 0.76 0.0 0 8.0 22 280 M M 8 1 32 280
10 70 55 63 -15 2 0 T 0.0 0 8.8 17 340 M M 10 23 330
11 78 62 70 -8 0 5 0.00 0.0 0 5.3 13 340 M M 7 18 350
12 85 63 74 -4 0 9 0.00 0.0 0 2.4 7 320 M M 2 12 350
13 86 66 76 -1 0 11 0.00 0.0 0 7.3 15 10 M M 1 1 24 20
14 86 64 75 -2 0 10 0.00 0.0 0 7.3 15 30 M M 2 21 30
15 87 70 79 3 0 14 T 0.0 0 6.0 13 350 M M 7 17 340
16 88 69 79 3 0 14 T 0.0 0 3.6 10 10 M M 1 13 15 20
17 88 65 77 1 0 12 0.00 0.0 0 5.9 14 360 M M 4 18 360
18 84 64 74 -1 0 9 0.00 0.0 0 6.8 14 20 M M 1 19 20
19 80 57 69 -6 0 4 0.00 0.0 0 5.2 12 20 M M 0 1 16 20
20 82 52 67 -7 0 2 0.00 0.0 0 5.3 14 40 M M 0 24 40
21 79 61 70 -4 0 5 0.06 0.0 0 8.4 15 60 M M 6 24 50
22 75 65 70 -4 0 5 0.07 0.0 0 6.1 14 30 M M 10 18 17 30
23 72 63 68 -5 0 3 T 0.0 0 7.6 14 20 M M 10 1 18 20
24 79 63 71 -2 0 6 0.00 0.0 0 5.4 13 20 M M 6 18 360
25 84 54 69 -4 0 4 0.00 0.0 0 5.8 14 160 M M 0 1 19 140
26 90 60 75 3 0 10 0.00 0.0 0 9.3 20 150 M M 0 1 35 160
27 90 63 77 5 0 12 0.00 0.0 0 14.8 30 10 M M 5 53 360
28 78 49 64 -8 1 0 0.00 0.0 0 12.8 31 10 M M 4 45 360
29 83 42 63 -8 2 0 0.00 0.0 0 5.5 18 320 M M 0 8 28 290
30 92 45 69 -2 0 4 0.00 0.0 0 4.1 14 200 M M 0 18 210
================================================================================
SM 2527 1883 5 265 5.90 0.0 208.4 M 108
================================================================================
AV 84.2 62.8 6.9 FASTST M M 4 MAX(MPH)
MISC ----> # 31 10 # 53 360
================================================================================
NOTES:
# LAST OF SEVERAL OCCURRENCES
COLUMN 17 PEAK WIND IN M.P.H.
PRELIMINARY LOCAL CLIMATOLOGICAL DATA (WS FORM: F-6) , PAGE 2
STATION: DENTON
MONTH: SEPTEMBER
YEAR: 2020
LATITUDE: 33 12 N
LONGITUDE: 97 12 W
[TEMPERATURE DATA] [PRECIPITATION DATA] SYMBOLS USED IN COLUMN 16
AVERAGE MONTHLY: 73.5 TOTAL FOR MONTH: 5.90 1 = FOG OR MIST
DPTR FM NORMAL: -2.6 DPTR FM NORMAL: 3.07 2 = FOG REDUCING VISIBILITY
HIGHEST: 94 ON 7 GRTST 24HR 4.72 ON 1- 1 TO 1/4 MILE OR LESS
LOWEST: 42 ON 29 3 = THUNDER
SNOW, ICE PELLETS, HAIL 4 = ICE PELLETS
TOTAL MONTH: 0.0 INCH 5 = HAIL
GRTST 24HR 0.0 6 = FREEZING RAIN OR DRIZZLE
GRTST DEPTH: 0 7 = DUSTSTORM OR SANDSTORM:
VSBY 1/2 MILE OR LESS
8 = SMOKE OR HAZE
[NO. OF DAYS WITH] [WEATHER - DAYS WITH] 9 = BLOWING SNOW
X = TORNADO
MAX 32 OR BELOW: 0 0.01 INCH OR MORE: 5
MAX 90 OR ABOVE: 7 0.10 INCH OR MORE: 3
MIN 32 OR BELOW: 0 0.50 INCH OR MORE: 2
MIN 0 OR BELOW: 0 1.00 INCH OR MORE: 1
[HDD (BASE 65) ]
TOTAL THIS MO. 5 CLEAR (SCALE 0-3) 15
DPTR FM NORMAL -3 PTCLDY (SCALE 4-7) 12
TOTAL FM JUL 1 5 CLOUDY (SCALE 8-10) 3
DPTR FM NORMAL -3
[CDD (BASE 65) ]
TOTAL THIS MO. 265
DPTR FM NORMAL -76 [PRESSURE DATA]
TOTAL FM JAN 1 2437 HIGHEST SLP M ON M
DPTR FM NORMAL 140 LOWEST SLP 29.69 ON 1
[REMARKS]
#FINAL-09-20#