000
CXUS51 KPBZ 010830
CF6DUJ
PRELIMINARY LOCAL CLIMATOLOGICAL DATA (WS FORM: F-6)
STATION: DUBOIS PA
MONTH: FEBRUARY
YEAR: 2021
LATITUDE: 41 10 N
LONGITUDE: 78 54 W
TEMPERATURE IN F: :PCPN: SNOW: WIND :SUNSHINE: SKY :PK WND
================================================================================
1 2 3 4 5 6A 6B 7 8 9 10 11 12 13 14 15 16 17 18
12Z AVG MX 2MIN
DY MAX MIN AVG DEP HDD CDD WTR SNW DPTH SPD SPD DIR MIN PSBL S-S WX SPD DR
================================================================================
1 31 23 27 3 38 0 0.06 M M 9.4 16 20 M M 10 18 19 360
2 27 19 23 -1 42 0 0.03 M M 12.7 22 320 M M 10 18 28 320
3 34 22 28 4 37 0 T M M 14.2 23 290 M M 6 8 30 280
4 36 20 28 4 37 0 0.01 M M 8.7 18 290 M M 5 1 25 300
5 36 23 30 5 35 0 0.06 M M 17.2 31 230 M M 10 18 44 240
6 27 15 21 -4 44 0 T M M 14.1 28 250 M M 2 18 35 240
7 26 8 17 -8 48 0 T M M 9.0 18 290 M M 5 8 26 290
8 22 0 11 -14 54 0 T M M 3.5 9 130 M M 7 8 11 110
9 30 20 25 0 40 0 0.09 M M 5.7 13 280 M M 10 18 15 280
10 26 11 19 -6 46 0 0.07 M M 4.3 12 270 M M 8 18 16 290
11 27 18 23 -3 42 0 T M M 7.9 14 10 M M 5 1 19 340
12 22 12 17 -9 48 0 0.00 M M 7.0 14 110 M M 8 8 19 120
13 22 13 18 -8 47 0 T M M 9.4 16 90 M M 7 18 21 100
14 25 21 23 -3 42 0 0.00 M M 4.6 12 330 M M 9 1 14 330
15 32 22 27 1 38 0 0.56 M M 6.6 22 120 M M 10 1268 31 130
16 36 13 25 -1 40 0 0.06 M M 14.9 28 260 M M 10 168 34 250
17 24 5 15 -12 50 0 0.00 M M 4.4 13 260 M M 6 18 16 270
18 24 20 22 -5 43 0 0.03 M M 9.2 16 120 M M 10 18 23 100
19 27 19 23 -4 42 0 0.01 M M 7.6 16 280 M M 10 18 21 280
20 20 12 16 -11 49 0 T M M 10.7 17 270 M M 10 18 23 280
21 32 6 19 -9 46 0 0.00 M M 5.2 14 130 M M 1 18 20 140
22 37 26 32 4 33 0 0.30 M M 13.6 28 270 M M 9 128 38 280
23 39 28 34 6 31 0 T M M 12.3 24 270 M M 7 18 34 240
24 57 28 43 15 22 0 0.01 M M 12.2 31 240 M M 3 51 210
25 39 26 33 4 32 0 0.00 M M 9.0 20 310 M M 2 26 300
26 38 21 30 1 35 0 T M M 7.5 17 130 M M 1 24 130
27 44 34 39 10 26 0 0.02 M M 8.3 18 130 M M 7 1 28 140
28 41 31 36 6 29 0 0.47 M M 10.4 17 130 M M 7 12 25 130
================================================================================
SM 881 516 1116 0 1.78 M 259.6 M 195
================================================================================
AV 31.5 18.4 9.3 FASTST M M 7 MAX(MPH)
MISC ----> # 31 230 51 210
================================================================================
NOTES:
# LAST OF SEVERAL OCCURRENCES
COLUMN 17 PEAK WIND IN M.P.H.
PRELIMINARY LOCAL CLIMATOLOGICAL DATA (WS FORM: F-6) , PAGE 2
STATION: DUBOIS PA
MONTH: FEBRUARY
YEAR: 2021
LATITUDE: 41 10 N
LONGITUDE: 78 54 W
[TEMPERATURE DATA] [PRECIPITATION DATA] SYMBOLS USED IN COLUMN 16
AVERAGE MONTHLY: 24.9 TOTAL FOR MONTH: 1.78 1 = FOG OR MIST
DPTR FM NORMAL: -1.5 DPTR FM NORMAL: -0.59 2 = FOG REDUCING VISIBILITY
HIGHEST: 57 ON 24 GRTST 24HR 0.62 ON 15-16 TO 1/4 MILE OR LESS
LOWEST: 0 ON 8 3 = THUNDER
SNOW, ICE PELLETS, HAIL 4 = ICE PELLETS
TOTAL MONTH: M 5 = HAIL
GRTST 24HR M ON M 6 = FREEZING RAIN OR DRIZZLE
GRTST DEPTH: M ON M 7 = DUSTSTORM OR SANDSTORM:
VSBY 1/2 MILE OR LESS
8 = SMOKE OR HAZE
[NO. OF DAYS WITH] [WEATHER - DAYS WITH] 9 = BLOWING SNOW
X = TORNADO
MAX 32 OR BELOW: 17 0.01 INCH OR MORE: 14
MAX 90 OR ABOVE: 0 0.10 INCH OR MORE: 3
MIN 32 OR BELOW: 27 0.50 INCH OR MORE: 1
MIN 0 OR BELOW: 1 1.00 INCH OR MORE: 0
[HDD (BASE 65) ]
TOTAL THIS MO. 1116 CLEAR (SCALE 0-3) 4
DPTR FM NORMAL 37 PTCLDY (SCALE 4-7) 13
TOTAL FM JUL 1 4468 CLOUDY (SCALE 8-10) 11
DPTR FM NORMAL -555
[CDD (BASE 65) ]
TOTAL THIS MO. 0
DPTR FM NORMAL 0 [PRESSURE DATA]
TOTAL FM JAN 1 0 HIGHEST SLP 30.57 ON 21
DPTR FM NORMAL 0 LOWEST SLP 29.48 ON 5
[REMARKS]
#FINAL-02-21#