000
CXUS53 KDVN 011131
CLSDVN
CLIMATE REPORT
NATIONAL WEATHER SERVICE QUAD CITIES IA IL
531 AM CST WED MAR 01 2023
...................................
...THE DAVENPORT IA CLIMATE SUMMARY FOR THE SEASON, FROM
12/1/2022 TO 2/28/2023...
CLIMATE NORMAL PERIOD 1991 TO 2020
CLIMATE RECORD PERIOD 9999 TO 9999
WEATHER OBSERVED NORMAL DEPART
VALUE DATE(S) VALUE FROM
NORMAL
..............................................................
TEMPERATURE (F)
HIGHEST 64 12/29 40 24
LOWEST -9 12/22 12 -21
12/23
AVG. MAXIMUM 37.1 33.1 4.0
AVG. MINIMUM 20.9 17.4 3.5
MEAN 29.0 25.3 3.7
DAYS MAX >= 90 0
DAYS MAX <= 32 33
DAYS MIN <= 32 76
DAYS MIN <= 0 9
PRECIPITATION (INCHES)
TOTALS 6.65 4.22 2.43
DAILY AVG. 0.07 0.05 0.02
DAYS >= .01 27
DAYS >= .10 13
DAYS >= .50 4
DAYS >= 1.00 2
GREATEST
24 HR. TOTAL 1.25 02/09 TO 02/09
SNOWFALL (INCHES)
RECORDS
24 HR TOTAL 9.1 12/29/2020 TO 12/29/2020
TOTALS 17.3
SINCE 7/1 18.9
SNOWDEPTH AVG. 1
DAYS >= TRACE 33
DAYS >= 1.0 6
GREATEST
SNOW DEPTH 4 02/17
24 HR TOTAL 4.2 02/16 TO 02/16
DEGREE DAYS
HEATING TOTAL 3229 3578 -349
SINCE 7/1 4479 4872 -393
COOLING TOTAL 0 0 0
SINCE 1/1 0 0 0
..............................................................
WIND (MPH)
AVERAGE WIND SPEED 11.8
HIGHEST WIND SPEED/DIRECTION 41/280 DATE 12/23
HIGHEST GUST SPEED/DIRECTION 52/280 DATE 12/23
52/250 02/15
SKY COVER
AVERAGE SKY COVER 0.52
NUMBER OF DAYS FAIR 34
NUMBER OF DAYS PC 21
NUMBER OF DAYS CLOUDY 35
AVERAGE RH (PERCENT) 73
WEATHER CONDITIONS. NUMBER OF DAYS WITH
THUNDERSTORM 1 HAIL 0
SLEET 2 FOG 51
FOG W/VIS <= 1/4 MILE 9 HAZE 34
- INDICATES NEGATIVE NUMBERS.
R INDICATES RECORD WAS SET OR TIED.
MM INDICATES DATA IS MISSING.
T INDICATES TRACE AMOUNT.
$$
===================================================================
NOTE: SUPPLEMENTAL CLIMATE DATA WAS USED FROM A NEARBY
CLIMATOLOGICALLY REPRESENTATIVE STATION.
===================================================================
PARAMETER DATE
--------- ----
WTR 02/09, 02/16, 02/22, 02/25
SNW ALL