000
CXUS55 KPSR 011005
CF6DVT
PRELIMINARY LOCAL CLIMATOLOGICAL DATA (WS FORM: F-6)
STATION: DEER VLY/PHOENIX AZ
MONTH: MAY
YEAR: 2020
LATITUDE: 33 41 N
LONGITUDE: 112 4 W
TEMPERATURE IN F: :PCPN: SNOW: WIND :SUNSHINE: SKY :PK WND
================================================================================
1 2 3 4 5 6A 6B 7 8 9 10 11 12 13 14 15 16 17 18
12Z AVG MX 2MIN
DY MAX MIN AVG DEP HDD CDD WTR SNW DPTH SPD SPD DIR MIN PSBL S-S WX SPD DR
================================================================================
1 97 63 80 6 0 15 0.00 M M 5.9 20 250 M M 0 23 250
2 95 64 80 6 0 15 0.00 M M 7.2 17 250 M M 0 24 250
3 93 62 78 4 0 13 0.00 M M 5.2 18 250 M M 0 23 250
4 97 62 80 5 0 15 0.00 M M 4.7 15 220 M M 0 20 260
5 100 65 83 8 0 18 0.00 M M 4.3 12 240 M M 0 16 220
6 103 67 85 10 0 20 0.00 M M 5.0 15 240 M M 0 22 250
7 102 65 84 8 0 19 0.00 M M 5.8 17 250 M M 0 24 220
8 99 69 84 8 0 19 0.00 M M 5.8 15 270 M M 0 18 250
9 98 69 84 8 0 19 0.00 M M 5.1 21 240 M M 0 27 250
10 97 72 85 8 0 20 0.01 M M 6.7 16 170 M M 2 3 23 200
11 96 71 84 7 0 19 0.00 M M 9.1 22 260 M M 0 27 250
12 91 66 79 2 0 14 0.00 M M 7.0 20 240 M M 0 28 240
13 87 64 76 -2 0 11 0.00 M M 5.1 18 240 M M 0 25 260
14 87 61 74 -4 0 9 0.00 M M 4.0 15 200 M M 0 18 200
15 90 61 76 -2 0 11 0.00 M M 4.0 15 240 M M 0 20 240
16 96 64 80 2 0 15 0.00 M M 4.7 16 200 M M 0 8 19 240
17 97 63 80 1 0 15 0.00 M M 4.4 16 260 M M 0 26 230
18 96 64 80 1 0 15 0.00 M M 6.6 24 250 M M 0 28 250
19 88 65 77 -2 0 12 0.00 M M 10.4 25 240 M M 0 34 250
20 84 53 69 -11 0 4 0.00 M M 4.4 14 250 M M 0 21 250
21 89 58 74 -6 0 9 0.00 M M 5.8 14 270 M M 0 19 200
22 91 60 76 -4 0 11 0.00 M M 7.0 16 230 M M 0 21 220
23 90 63 77 -3 0 12 0.00 M M 8.0 20 250 M M 0 23 240
24 92 63 78 -3 0 13 0.00 M M 6.5 16 260 M M 0 27 210
25 96 67 82 1 0 17 0.00 M M 5.9 17 250 M M 0 22 270
26 100 69 85 4 0 20 0.00 M M 4.6 14 260 M M 0 22 260
27 106 69 88 6 0 23 0.00 M M 6.3 17 230 M M 0 22 250
28 108 71 90 8 0 25 0.00 M M 6.1 20 240 M M 0 23 240
29 108 72 90 8 0 25 0.00 M M 5.7 14 260 M M 0 16 130
30 107 76 92 10 0 27 T M M 7.2 26 200 M M 0 33 200
31 103 74 89 6 0 24 0.00 M M 6.8 17 250 M M 0 24 230
================================================================================
SM 2983 2032 0 504 0.01 M 185.3 M 2
================================================================================
AV 96.2 65.5 6.0 FASTST M M 0 MAX(MPH)
MISC ----> 26 200 34 250
================================================================================
NOTES:
# LAST OF SEVERAL OCCURRENCES
COLUMN 17 PEAK WIND IN M.P.H.
PRELIMINARY LOCAL CLIMATOLOGICAL DATA (WS FORM: F-6) , PAGE 2
STATION: DEER VLY/PHOENIX AZ
MONTH: MAY
YEAR: 2020
LATITUDE: 33 41 N
LONGITUDE: 112 4 W
[TEMPERATURE DATA] [PRECIPITATION DATA] SYMBOLS USED IN COLUMN 16
AVERAGE MONTHLY: 80.9 TOTAL FOR MONTH: 0.01 1 = FOG OR MIST
DPTR FM NORMAL: 2.6 DPTR FM NORMAL: -0.15 2 = FOG REDUCING VISIBILITY
HIGHEST: 108 ON 29,28 GRTST 24HR 0.01 ON 10-10 TO 1/4 MILE OR LESS
LOWEST: 53 ON 20 3 = THUNDER
SNOW, ICE PELLETS, HAIL 4 = ICE PELLETS
TOTAL MONTH: M 5 = HAIL
GRTST 24HR M ON M 6 = FREEZING RAIN OR DRIZZLE
GRTST DEPTH: M ON M 7 = DUSTSTORM OR SANDSTORM:
VSBY 1/2 MILE OR LESS
8 = SMOKE OR HAZE
[NO. OF DAYS WITH] [WEATHER - DAYS WITH] 9 = BLOWING SNOW
X = TORNADO
MAX 32 OR BELOW: 0 0.01 INCH OR MORE: 1
MAX 90 OR ABOVE: 26 0.10 INCH OR MORE: 0
MIN 32 OR BELOW: 0 0.50 INCH OR MORE: 0
MIN 0 OR BELOW: 0 1.00 INCH OR MORE: 0
[HDD (BASE 65) ]
TOTAL THIS MO. 0 CLEAR (SCALE 0-3) 31
DPTR FM NORMAL -2 PTCLDY (SCALE 4-7) 0
TOTAL FM JUL 1 1215 CLOUDY (SCALE 8-10) 0
DPTR FM NORMAL -73
[CDD (BASE 65) ]
TOTAL THIS MO. 504
DPTR FM NORMAL 90 [PRESSURE DATA]
TOTAL FM JAN 1 685 HIGHEST SLP 29.94 ON 20
DPTR FM NORMAL 55 LOWEST SLP 29.60 ON 30
[REMARKS]
#FINAL-05-20#