000
CXUS54 KEWX 011110
CF6DZB
PRELIMINARY LOCAL CLIMATOLOGICAL DATA (WS FORM: F-6)
STATION: HORSESHOE BAY
MONTH: JANUARY
YEAR: 2024
LATITUDE: 30 31 N
LONGITUDE: 98 22 W
TEMPERATURE IN F: :PCPN: SNOW: WIND :SUNSHINE: SKY :PK WND
================================================================================
1 2 3 4 5 6A 6B 7 8 9 10 11 12 13 14 15 16 17 18
12Z AVG MX 2MIN
DY MAX MIN AVG DEP HDD CDD WTR SNW DPTH SPD SPD DIR MIN PSBL S-S WX SPD DR
================================================================================
1 56 32 44 M 21 0 0.00 M M 3.9 8 340 M M 0 M M
2 49 32 41 M 24 0 1.25 M M 3.0 7 300 M M 9 13 17 120
3 49 42 46 M 19 0 0.00 M M 4.3 7 320 M M 10 1 M M
4 52 46 49 M 16 0 0.23 M M 3.3 8 110 M M 10 1 M M
5 63 38 51 M 14 0 0.14 M M 3.6 12 320 M M 4 12 20 330
6 61 33 47 M 18 0 0.00 M M 1.6 5 10 M M 0 M M
7 65 31 48 M 17 0 0.00 M M 7.5 18 160 M M 3 2 26 140
8 70 45 58 M 7 0 0.16 M M 15.7 21 310 M M 6 35 150
9 55 32 44 M 21 0 0.00 M M 11.2 18 320 M M 0 30 320
10 68 34 51 M 14 0 0.00 M M 9.4 24 220 M M 0 32 210
11 76 37 57 M 8 0 0.00 M M 5.4 15 180 M M 1 25 190
12 63 33 48 M 17 0 0.00 M M 10.3 21 330 M M 0 31 290
13 62 29 46 M 19 0 0.00 M M 4.8 18 210 M M 0 27 200
14 32 17 25 M 40 0 0.00 M M 6.6 12 360 M M 9 1 17 360
15 26 17 22 M 43 0 0.00 M M 8.4 14 10 M M 8 1 23 10
16 32 17 25 M 40 0 0.00 M M 7.3 17 350 M M 0 23 350
17 50 16 33 M 32 0 0.00 M M 4.7 14 170 M M 0 21 170
18 75 30 53 M 12 0 0.00 M M 1.8 6 210 M M 0 M M
19 50 30 40 M 25 0 0.00 M M 7.9 15 360 M M 0 23 360
20 44 24 34 M 31 0 0.00 M M 3.8 7 50 M M 4 M M
21 41 36 39 M 26 0 0.00 M M 4.7 9 140 M M 10 1 M M
22 54 37 46 M 19 0 0.42 M M 2.3 6 120 M M 10 12 M M
23 59 53 56 M 9 0 0.09 M M 0.9 3 90 M M 10 12 M M
24 56 52 54 M 11 0 0.17 M M 1.6 9 200 M M 10 12 M M
25 64 50 57 M 8 0 0.00 M M 2.9 7 130 M M 7 12 M M
26 60 50 55 M 10 0 0.01 M M 2.9 7 360 M M 10 12 M M
27 64 39 52 M 13 0 0.00 M M 7.1 15 330 M M 5 1 24 320
28 66 33 50 M 15 0 0.00 M M 1.6 6 180 M M 0 M M
29 73 34 54 M 11 0 0.00 M M 2.3 9 180 M M 0 M M
30 73 38 56 M 9 0 0.00 M M 0.7 5 190 M M 0 M M
31 75 37 56 M 9 0 0.00 M M 2.4 8 140 M M 0 M M
================================================================================
SM 1783 1074 578 0 2.47 M 153.8 M 126
================================================================================
AV 57.5 34.6 5.0 FASTST M M 4 MAX(MPH)
MISC ----> 24 220 35 150
================================================================================
NOTES:
# LAST OF SEVERAL OCCURRENCES
COLUMN 17 PEAK WIND IN M.P.H.
PRELIMINARY LOCAL CLIMATOLOGICAL DATA (WS FORM: F-6) , PAGE 2
STATION: HORSESHOE BAY
MONTH: JANUARY
YEAR: 2024
LATITUDE: 30 31 N
LONGITUDE: 98 22 W
[TEMPERATURE DATA] [PRECIPITATION DATA] SYMBOLS USED IN COLUMN 16
AVERAGE MONTHLY: 46.1 TOTAL FOR MONTH: 2.47 1 = FOG OR MIST
DPTR FM NORMAL: 0.0 DPTR FM NORMAL: M 2 = FOG REDUCING VISIBILITY
HIGHEST: 76 ON 11 GRTST 24HR 3.57 ON 21-22 TO 1/4 MILE OR LESS
LOWEST: 16 ON 17 3 = THUNDER
SNOW, ICE PELLETS, HAIL 4 = ICE PELLETS
TOTAL MONTH: M 5 = HAIL
GRTST 24HR M ON M 6 = FREEZING RAIN OR DRIZZLE
GRTST DEPTH: M ON M 7 = DUSTSTORM OR SANDSTORM:
VSBY 1/2 MILE OR LESS
8 = SMOKE OR HAZE
[NO. OF DAYS WITH] [WEATHER - DAYS WITH] 9 = BLOWING SNOW
X = TORNADO
MAX 32 OR BELOW: 3 0.01 INCH OR MORE: 8
MAX 90 OR ABOVE: 0 0.10 INCH OR MORE: 6
MIN 32 OR BELOW: 12 0.50 INCH OR MORE: 1
MIN 0 OR BELOW: 0 1.00 INCH OR MORE: 1
[HDD (BASE 65) ]
TOTAL THIS MO. 578 CLEAR (SCALE 0-3) 16
DPTR FM NORMAL M PTCLDY (SCALE 4-7) 6
TOTAL FM JUL 1 1201 CLOUDY (SCALE 8-10) 9
DPTR FM NORMAL M
[CDD (BASE 65) ]
TOTAL THIS MO. 0
DPTR FM NORMAL M [PRESSURE DATA]
TOTAL FM JAN 1 0 HIGHEST SLP M ON M
DPTR FM NORMAL M LOWEST SLP M ON M
[REMARKS]
#FINAL-01-24#