000
CXUS53 KMPX 280910
CF6EAU
PRELIMINARY LOCAL CLIMATOLOGICAL DATA (WS FORM: F-6)
STATION: EAU CLAIRE WI
MONTH: MARCH
YEAR: 2024
LATITUDE: 44 52 N
LONGITUDE: 91 29 W
TEMPERATURE IN F: :PCPN: SNOW: WIND :SUNSHINE: SKY :PK WND
================================================================================
1 2 3 4 5 6A 6B 7 8 9 10 11 12 13 14 15 16 17 18
12Z AVG MX 2MIN
DY MAX MIN AVG DEP HDD CDD WTR SNW DPTH SPD SPD DIR MIN PSBL S-S WX SPD DR
================================================================================
1 57 35 46 22 19 0 0.00 0.0 T 11.6 24 180 M M 0 34 180
2 59 28 44 19 21 0 0.00 0.0 0 8.8 17 170 M M 0 24 170
3 70 40 55 30 10 0 T 0.0 0 15.2 32 250 M M 3 3 47 250
4 44 27 36 10 29 0 0.22 T 0 3.4 10 340 M M 5 12 15 340
5 50 19 35 9 30 0 0.00 0.0 0 4.0 10 350 M M 1 1 16 20
6 54 22 38 11 27 0 0.00 0.0 0 8.4 21 150 M M 2 26 140
7 57 34 46 19 19 0 0.00 0.0 0 5.0 18 120 M M 3 26 130
8 45 28 37 9 28 0 0.00 0.0 0 9.1 15 330 M M 3 22 330
9 41 22 32 4 33 0 0.00 0.0 0 9.2 22 330 M M 1 33 310
10 47 18 33 4 32 0 0.00 0.0 0 3.0 10 250 M M 0 17 240
11 64 25 45 16 20 0 0.00 0.0 0 2.7 10 280 M M 0 18 220
12 69 35 52 22 13 0 0.00 0.0 0 7.1 16 290 M M 0 24 270
13 67 27 47 17 18 0 0.00 0.0 0 5.2 13 30 M M 1 17 40
14 60 36 48 18 17 0 0.00 0.0 0 9.7 18 10 M M 2 28 20
15 56 24 40 9 25 0 0.00 0.0 0 7.6 20 270 M M 2 27 280
16 50 31 41 10 24 0 T T 0 16.8 28 300 M M 8 40 310
17 34 23 29 -3 36 0 T T 0 14.3 23 350 M M 9 35 350
18 37 22 30 -2 35 0 T T 0 10.5 18 230 M M 6 26 230
19 53 30 42 9 23 0 0.00 0.0 0 13.5 29 290 M M 2 45 330
20 32 18 25 -8 40 0 0.00 0.0 0 11.5 22 320 M M 0 35 340
21 35 21 28 -6 37 0 0.10 0.8 0 3.5 13 80 M M 7 1 16 100
22 33 20 27 -7 38 0 0.20 3.5 4 6.8 15 320 M M 8 1 20 330
23 34 10 22 -12 43 0 0.00 0.0 3 4.1 10 300 M M 3 15 330
24 34 25 30 -5 35 0 0.80 10.0 2 10.6 20 120 M M 10 128 27 130
25 38 34 36 1 29 0 0.49 0.0 9 8.3 17 110 M M 10 1 24 120
26 39 21 30 -6 35 0 1.33 2.7 3 10.6 20 280 M M 10 18 28 280
27 30 17 24 -12 41 0 T T 4 13.7 23 280 M M 7 32 270
================================================================================
SM 1289 692 757 0 3.14 17.0 234.2 M 103
================================================================================
AV 47.7 25.6 8.7 FASTST M M 4 MAX(MPH)
MISC ----> 32 250 47 250
================================================================================
NOTES:
# LAST OF SEVERAL OCCURRENCES
COLUMN 17 PEAK WIND IN M.P.H.
PRELIMINARY LOCAL CLIMATOLOGICAL DATA (WS FORM: F-6) , PAGE 2
STATION: EAU CLAIRE WI
MONTH: MARCH
YEAR: 2024
LATITUDE: 44 52 N
LONGITUDE: 91 29 W
[TEMPERATURE DATA] [PRECIPITATION DATA] SYMBOLS USED IN COLUMN 16
AVERAGE MONTHLY: 36.7 TOTAL FOR MONTH: 3.14 1 = FOG OR MIST
DPTR FM NORMAL: 6.3 DPTR FM NORMAL: 1.52 2 = FOG REDUCING VISIBILITY
HIGHEST: 70 ON 3 GRTST 24HR 1.33 ON 26-26 TO 1/4 MILE OR LESS
LOWEST: 10 ON 23 3 = THUNDER
SNOW, ICE PELLETS, HAIL 4 = ICE PELLETS
TOTAL MONTH: 17.0 INCHES 5 = HAIL
GRTST 24HR 10.0 ON 24-24 6 = FREEZING RAIN OR DRIZZLE
GRTST DEPTH: 9 ON 25 7 = DUSTSTORM OR SANDSTORM:
VSBY 1/2 MILE OR LESS
8 = SMOKE OR HAZE
[NO. OF DAYS WITH] [WEATHER - DAYS WITH] 9 = BLOWING SNOW
X = TORNADO
MAX 32 OR BELOW: 2 0.01 INCH OR MORE: 6
MAX 90 OR ABOVE: 0 0.10 INCH OR MORE: 6
MIN 32 OR BELOW: 21 0.50 INCH OR MORE: 2
MIN 0 OR BELOW: 0 1.00 INCH OR MORE: 1
[HDD (BASE 65) ]
TOTAL THIS MO. 757 CLEAR (SCALE 0-3) 16
DPTR FM NORMAL -180 PTCLDY (SCALE 4-7) 6
TOTAL FM JUL 1 5483 CLOUDY (SCALE 8-10) 5
DPTR FM NORMAL -1402
[CDD (BASE 65) ]
TOTAL THIS MO. 0
DPTR FM NORMAL 0 [PRESSURE DATA]
TOTAL FM JAN 1 0 HIGHEST SLP M ON M
DPTR FM NORMAL 0 LOWEST SLP 29.21 ON 26
[REMARKS]