000
CXUS53 KEAX 010736
CF6EAX
PRELIMINARY LOCAL CLIMATOLOGICAL DATA (WS FORM: F-6)
STATION: PLEASANT HILL NWS MO
MONTH: APRIL
YEAR: 2023
LATITUDE: 38 48 N
LONGITUDE: 94 16 W
TEMPERATURE IN F: :PCPN: SNOW: WIND :SUNSHINE: SKY :PK WND
================================================================================
1 2 3 4 5 6A 6B 7 8 9 10 11 12 13 14 15 16 17 18
12Z AVG MX 2MIN
DY MAX MIN AVG DEP HDD CDD WTR SNW DPTH SPD SPD DIR MIN PSBL S-S WX SPD DR
================================================================================
1 58 35 47 -3 18 0 0.00 0.0 0 M M M M M M M M
2 77 38 58 7 7 0 0.00 0.0 0 M M M M M M M M
3 76 51 64 13 1 0 0.00 0.0 0 M M M M M M M M
4 82 51 67 16 0 2 T 0.0 0 M M M M M M M M
5 53 36 45 -7 20 0 0.04 0.0 0 M M M M M M 3 M M
6 58 33 46 -6 19 0 0.00 0.0 0 M M M M M M M M
7 66 36 51 -1 14 0 0.00 0.0 0 M M M M M M M M
8 69 39 54 2 11 0 0.00 0.0 0 M M M M M M M M
9 72 45 59 6 6 0 0.00 0.0 0 M M M M M M M M
10 69 39 54 1 11 0 0.17 0.0 0 M M M M M M M M
11 76 49 63 10 2 0 0.00 0.0 0 M M M M M M M M
12 76 52 64 10 1 0 0.00 0.0 0 M M M M M M M M
13 78 54 66 12 0 1 0.00 0.0 0 M M M M M M M M
14 81 53 67 13 0 2 0.00 0.0 0 M M M M M M M M
15 69 42 56 2 9 0 0.22 0.0 0 M M M M M M 3 M M
16 59 39 49 -6 16 0 0.00 0.0 0 M M M M M M M M
17 70 37 54 -1 11 0 0.00 0.0 0 M M M M M M M M
18 81 49 65 10 0 0 0.00 0.0 0 M M M M M M M M
19 75 60 68 12 0 3 0.00 0.0 0 M M M M M M M M
20 72 45 59 3 6 0 0.07 0.0 0 M M M M M M 3 M M
21 62 41 52 -4 13 0 0.00 0.0 0 M M M M M M M M
22 48 34 41 -16 24 0 0.00 0.0 0 M M M M M M M M
23 57 31 44 -13 21 0 0.00 0.0 0 M M M M M M M M
24 66 35 51 -6 14 0 0.00 0.0 0 M M M M M M M M
25 69 43 56 -2 9 0 0.00 0.0 0 M M M M M M M M
26 67 46 57 -1 8 0 0.00 0.0 0 M M M M M M M M
27 68 51 60 2 5 0 0.00 0.0 0 M M M M M M M M
28 65 50 58 -1 7 0 0.12 0.0 0 M M M M M M M M
29 71 46 59 0 6 0 0.00 0.0 0 M M M M M M M M
30 61 43 52 -7 13 0 0.00 0.0 0 M M M M M M M M
================================================================================
SM 2051 1303 272 8 0.62 0.0 M M M
================================================================================
AV 68.4 43.4 M FASTST M M M MAX(MPH)
MISC ----> M M M M
================================================================================
NOTES:
# LAST OF SEVERAL OCCURRENCES
COLUMN 17 PEAK WIND IN M.P.H.
PRELIMINARY LOCAL CLIMATOLOGICAL DATA (WS FORM: F-6) , PAGE 2
STATION: PLEASANT HILL NWS MO
MONTH: APRIL
YEAR: 2023
LATITUDE: 38 48 N
LONGITUDE: 94 16 W
[TEMPERATURE DATA] [PRECIPITATION DATA] SYMBOLS USED IN COLUMN 16
AVERAGE MONTHLY: 55.9 TOTAL FOR MONTH: 0.62 1 = FOG OR MIST
DPTR FM NORMAL: 1.2 DPTR FM NORMAL: -3.55 2 = FOG REDUCING VISIBILITY
HIGHEST: 82 ON 4 GRTST 24HR 0.22 ON 15-15 TO 1/4 MILE OR LESS
LOWEST: 31 ON 23 3 = THUNDER
SNOW, ICE PELLETS, HAIL 4 = ICE PELLETS
TOTAL MONTH: 0.0 INCH 5 = HAIL
GRTST 24HR 0.0 6 = FREEZING RAIN OR DRIZZLE
GRTST DEPTH: 0 7 = DUSTSTORM OR SANDSTORM:
VSBY 1/2 MILE OR LESS
8 = SMOKE OR HAZE
[NO. OF DAYS WITH] [WEATHER - DAYS WITH] 9 = BLOWING SNOW
X = TORNADO
MAX 32 OR BELOW: 0 0.01 INCH OR MORE: 5
MAX 90 OR ABOVE: 0 0.10 INCH OR MORE: 3
MIN 32 OR BELOW: 1 0.50 INCH OR MORE: 0
MIN 0 OR BELOW: 0 1.00 INCH OR MORE: 0
[HDD (BASE 65) ]
TOTAL THIS MO. 272 CLEAR (SCALE 0-3) 0
DPTR FM NORMAL -52 PTCLDY (SCALE 4-7) 0
TOTAL FM JUL 1 4527 CLOUDY (SCALE 8-10) 30
DPTR FM NORMAL -283
[CDD (BASE 65) ]
TOTAL THIS MO. 8
DPTR FM NORMAL -7 [PRESSURE DATA]
TOTAL FM JAN 1 8 HIGHEST SLP M ON M
DPTR FM NORMAL -10 LOWEST SLP M ON M
[REMARKS]
#FINAL-04-23#