000
CXUS55 KVEF 010910
CF6EED
PRELIMINARY LOCAL CLIMATOLOGICAL DATA (WS FORM: F-6)
STATION: NEEDLES CA
MONTH: AUGUST
YEAR: 2023
LATITUDE: 34 46 N
LONGITUDE: 114 37 W
TEMPERATURE IN F: :PCPN: SNOW: WIND :SUNSHINE: SKY :PK WND
================================================================================
1 2 3 4 5 6A 6B 7 8 9 10 11 12 13 14 15 16 17 18
12Z AVG MX 2MIN
DY MAX MIN AVG DEP HDD CDD WTR SNW DPTH SPD SPD DIR MIN PSBL S-S WX SPD DR
================================================================================
1 106 86 96 -3 0 31 0.00 M M 7.6 21 340 M M 1 3 26 250
2 105 80 93 -6 0 28 0.01 M M 5.6 40 260 M M 0 38 57 260
3 112 85 99 0 0 34 0.00 M M 8.8 23 220 M M 1 37 230
4 111 80 96 -3 0 31 0.00 M M 5.8 22 210 M M 1 28 220
5 112 80 96 -3 0 31 0.00 M M 6.2 16 190 M M 1 24 220
6 115 83 99 1 0 34 0.00 M M 10.8 26 230 M M 2 36 260
7 113 88 101 3 0 36 0.00 M M 10.9 26 230 M M 1 38 230
8 110 87 99 1 0 34 0.00 M M 9.1 18 200 M M 0 27 180
9 109 89 99 1 0 34 0.00 M M 7.8 20 190 M M 0 29 220
10 106 92 99 1 0 34 T M M 11.2 22 170 M M 1 33 150
11 106 86 96 -2 0 31 0.00 M M 7.4 20 170 M M 1 27 190
12 105 87 96 -2 0 31 0.00 M M 7.5 16 200 M M 0 24 200
13 109 81 95 -3 0 30 0.32 M M 5.8 36 90 M M 0 3 58 290
14 110 76 93 -5 0 28 0.00 M M 4.2 12 220 M M 0 16 10
15 113 88 101 3 0 36 0.00 M M 8.0 39 110 M M 0 3 50 110
16 110 89 100 2 0 35 0.00 M M 3.5 10 220 M M 0 13 220
17 114 88 101 3 0 36 0.00 M M 8.4 38 240 M M 0 3 48 230
18 107 73 90 -7 0 25 0.23 M M 10.2 46 270 M M 2 13 60 270
19 79 72 76 -21 0 11 0.40 M M 5.5 16 320 M M 5 13 24 320
20 88 71 80 -17 0 15 0.12 M M 13.6 39 180 M M 7 52 180
21 93 72 83 -14 0 18 0.01 M M 8.6 21 170 M M 4 28 170
22 100 76 88 -9 0 23 0.00 M M 5.3 12 230 M M 0 14 10
23 108 80 94 -3 0 29 0.00 M M 5.8 18 100 M M 0 25 90
24 106 84 95 -1 0 30 0.00 M M 4.1 13 100 M M 1 18 100
25 111 86 99 3 0 34 0.00 M M 5.5 16 250 M M 0 23 120
26 113 83 98 2 0 33 0.00 M M 7.0 18 200 M M 0 26 220
27 114 85 100 4 0 35 0.00 M M 5.9 15 360 M M 0 20 10
28 116 86 101 5 0 36 0.00 M M 8.2 17 320 M M 0 26 310
29 118 86 102 6 0 37 0.00 M M 7.7 23 270 M M 0 34 260
30 114 86 100 5 0 35 0.00 M M 7.3 24 170 M M 0 33 170
31 110 92 101 6 0 36 T M M 11.5 25 180 M M 0 3 31 180
================================================================================
SM 3343 2577 0 951 1.09 M 234.8 M 28
================================================================================
AV107.8 83.1 7.6 FASTST M M 1 MAX(MPH)
MISC ----> 46 270 60 270
================================================================================
NOTES:
# LAST OF SEVERAL OCCURRENCES
COLUMN 17 PEAK WIND IN M.P.H.
PRELIMINARY LOCAL CLIMATOLOGICAL DATA (WS FORM: F-6) , PAGE 2
STATION: NEEDLES CA
MONTH: AUGUST
YEAR: 2023
LATITUDE: 34 46 N
LONGITUDE: 114 37 W
[TEMPERATURE DATA] [PRECIPITATION DATA] SYMBOLS USED IN COLUMN 16
AVERAGE MONTHLY: 95.5 TOTAL FOR MONTH: 1.09 1 = FOG OR MIST
DPTR FM NORMAL: -1.9 DPTR FM NORMAL: 0.70 2 = FOG REDUCING VISIBILITY
HIGHEST: 118 ON 29 GRTST 24HR 0.51 ON 18-19 TO 1/4 MILE OR LESS
LOWEST: 71 ON 20 3 = THUNDER
SNOW, ICE PELLETS, HAIL 4 = ICE PELLETS
TOTAL MONTH: M 5 = HAIL
GRTST 24HR M ON M 6 = FREEZING RAIN OR DRIZZLE
GRTST DEPTH: M ON M 7 = DUSTSTORM OR SANDSTORM:
VSBY 1/2 MILE OR LESS
8 = SMOKE OR HAZE
[NO. OF DAYS WITH] [WEATHER - DAYS WITH] 9 = BLOWING SNOW
X = TORNADO
MAX 32 OR BELOW: 0 0.01 INCH OR MORE: 6
MAX 90 OR ABOVE: 29 0.10 INCH OR MORE: 4
MIN 32 OR BELOW: 0 0.50 INCH OR MORE: 0
MIN 0 OR BELOW: 0 1.00 INCH OR MORE: 0
[HDD (BASE 65) ]
TOTAL THIS MO. 0 CLEAR (SCALE 0-3) 28
DPTR FM NORMAL 0 PTCLDY (SCALE 4-7) 3
TOTAL FM JUL 1 0 CLOUDY (SCALE 8-10) 0
DPTR FM NORMAL 0
[CDD (BASE 65) ]
TOTAL THIS MO. 951
DPTR FM NORMAL -52 [PRESSURE DATA]
TOTAL FM JAN 1 3582 HIGHEST SLP M ON M
DPTR FM NORMAL -268 LOWEST SLP 29.52 ON 31
[REMARKS]
#FINAL-08-23#