000
CXUS55 KGJT 011656
CF6EEO
PRELIMINARY LOCAL CLIMATOLOGICAL DATA (WS FORM: F-6)
STATION: MEEKER CO
MONTH: SEPTEMBER
YEAR: 2022
LATITUDE: 40 2 N
LONGITUDE: 107 53 W
TEMPERATURE IN F: :PCPN: SNOW: WIND :SUNSHINE: SKY :PK WND
================================================================================
1 2 3 4 5 6A 6B 7 8 9 10 11 12 13 14 15 16 17 18
12Z AVG MX 2MIN
DY MAX MIN AVG DEP HDD CDD WTR SNW DPTH SPD SPD DIR MIN PSBL S-S WX SPD DR
================================================================================
1 92 43 68 5 0 3 0.00 M M 5.4 18 230 M M 0 33 300
2 90 44 67 4 0 2 0.00 M M 5.7 17 230 M M 0 24 230
3 93 40 67 4 0 2 0.00 M M 4.0 17 350 M M 0 24 340
4 95 42 69 6 0 4 0.00 M M 5.1 17 30 M M 0 25 30
5 94 44 69 7 0 4 0.00 M M 6.4 23 10 M M 0 35 20
6 93 43 68 6 0 3 0.00 M M 5.4 18 350 M M 0 29 30
7 93 42 68 6 0 3 0.00 M M 4.8 14 110 M M 0 20 280
8 91 46 69 8 0 4 0.00 M M 6.4 20 280 M M 0 3 33 290
9 81 45 63 2 2 0 0.00 M M 6.5 18 250 M M 0 27 250
10 75 36 56 -5 9 0 0.00 M M 6.4 15 10 M M 0 19 10
11 81 31 56 -4 9 0 0.00 M M 4.7 16 230 M M 0 22 220
12 84 37 61 1 4 0 0.00 M M 3.9 18 290 M M 0 23 280
13 77 42 60 0 5 0 0.01 M M 7.1 26 190 M M 3 37 190
14 71 48 60 1 5 0 0.39 M M 5.5 28 290 M M 7 13 40 290
15 59 44 52 -7 13 0 0.33 M M 4.6 14 280 M M 7 13 18 100
16 68 44 56 -3 9 0 0.08 M M 5.1 18 60 M M 6 1 23 310
17 72 47 60 2 5 0 0.10 M M 6.5 21 220 M M 4 1 26 230
18 78 39 59 1 6 0 0.00 M M 8.0 23 220 M M 1 33 230
19 81 39 60 3 5 0 0.00 M M 7.1 22 240 M M 0 33 190
20 78 43 61 4 4 0 0.18 M M 6.5 28 200 M M 4 1 42 210
21 71 43 57 0 8 0 0.15 M M 3.3 15 250 M M 4 1 20 260
22 69 48 59 3 6 0 0.45 M M 7.9 31 270 M M 6 1 42 260
23 69 39 54 -2 11 0 0.00 M M 4.3 15 280 M M 1 21 280
24 71 34 53 -2 12 0 0.00 M M 5.4 14 220 M M 0 19 220
25 75 34 55 0 10 0 0.00 M M 4.6 15 240 M M 0 21 250
26 78 37 58 4 7 0 0.00 M M 3.5 14 260 M M 0 19 270
27 78 42 60 6 5 0 0.00 M M 3.4 17 250 M M 2 24 240
28 77 40 59 5 6 0 0.00 M M 4.5 20 270 M M 2 26 260
29 71 43 57 4 8 0 0.16 M M 5.2 20 350 M M 5 3 29 360
30 60 43 52 -1 13 0 0.60 M M 5.9 31 170 M M 9 1 47 170
================================================================================
SM 2365 1242 162 25 2.45 M 163.1 M 61
================================================================================
AV 78.8 41.4 5.4 FASTST M M 2 MAX(MPH)
MISC ----> # 31 270 47 170
================================================================================
NOTES:
# LAST OF SEVERAL OCCURRENCES
COLUMN 17 PEAK WIND IN M.P.H.
PRELIMINARY LOCAL CLIMATOLOGICAL DATA (WS FORM: F-6) , PAGE 2
STATION: MEEKER CO
MONTH: SEPTEMBER
YEAR: 2022
LATITUDE: 40 2 N
LONGITUDE: 107 53 W
[TEMPERATURE DATA] [PRECIPITATION DATA] SYMBOLS USED IN COLUMN 16
AVERAGE MONTHLY: 60.1 TOTAL FOR MONTH: 2.45 1 = FOG OR MIST
DPTR FM NORMAL: 1.6 DPTR FM NORMAL: 0.77 2 = FOG REDUCING VISIBILITY
HIGHEST: 95 ON 4 GRTST 24HR 0.60 ON 30-30 TO 1/4 MILE OR LESS
LOWEST: 31 ON 11 3 = THUNDER
SNOW, ICE PELLETS, HAIL 4 = ICE PELLETS
TOTAL MONTH: M 5 = HAIL
GRTST 24HR M ON M 6 = FREEZING RAIN OR DRIZZLE
GRTST DEPTH: M ON M 7 = DUSTSTORM OR SANDSTORM:
VSBY 1/2 MILE OR LESS
8 = SMOKE OR HAZE
[NO. OF DAYS WITH] [WEATHER - DAYS WITH] 9 = BLOWING SNOW
X = TORNADO
MAX 32 OR BELOW: 0 0.01 INCH OR MORE: 10
MAX 90 OR ABOVE: 8 0.10 INCH OR MORE: 8
MIN 32 OR BELOW: 1 0.50 INCH OR MORE: 1
MIN 0 OR BELOW: 0 1.00 INCH OR MORE: 0
[HDD (BASE 65) ]
TOTAL THIS MO. 162 CLEAR (SCALE 0-3) 20
DPTR FM NORMAL -42 PTCLDY (SCALE 4-7) 9
TOTAL FM JUL 1 174 CLOUDY (SCALE 8-10) 1
DPTR FM NORMAL -64
[CDD (BASE 65) ]
TOTAL THIS MO. 25
DPTR FM NORMAL 16 [PRESSURE DATA]
TOTAL FM JAN 1 293 HIGHEST SLP 30.35 ON 25
DPTR FM NORMAL 49 LOWEST SLP 29.65 ON 9
[REMARKS]
#FINAL-09-22#