000
CXUS54 KBMX 011110
CF6EET
PRELIMINARY LOCAL CLIMATOLOGICAL DATA (WS FORM: F-6)
STATION: SHELBY COUNTY AIRPORT
MONTH: AUGUST
YEAR: 2020
LATITUDE: 33 10 N
LONGITUDE: 86 47 W
TEMPERATURE IN F: :PCPN: SNOW: WIND :SUNSHINE: SKY :PK WND
================================================================================
1 2 3 4 5 6A 6B 7 8 9 10 11 12 13 14 15 16 17 18
12Z AVG MX 2MIN
DY MAX MIN AVG DEP HDD CDD WTR SNW DPTH SPD SPD DIR MIN PSBL S-S WX SPD DR
================================================================================
1 87 73 80 -1 0 15 T 0.0 0 4.4 13 290 M M 4 1 18 220
2 88 71 80 -1 0 15 0.00 0.0 0 2.2 9 310 M M 2 1 13 310
3 89 71 80 -1 0 15 0.00 0.0 0 2.1 10 310 M M 3 15 290
4 89 69 79 -2 0 14 0.02 0.0 0 2.7 12 300 M M 3 1 18 240
5 91 72 82 1 0 17 0.00 0.0 0 1.8 9 290 M M 5 8 14 310
6 89 72 81 0 0 16 0.00 0.0 0 1.9 9 300 M M 2 18 13 310
7 93 70 82 1 0 17 0.00 0.0 0 2.1 10 300 M M 1 18 14 300
8 93 71 82 1 0 17 0.41 0.0 0 1.8 15 30 M M 3 138 24 20
9 93 72 83 2 0 18 0.00 0.0 0 1.5 8 200 M M 0 138 12 210
10 95 74 85 4 0 20 0.00 0.0 0 2.3 10 210 M M 1 18 16 330
11 92 73 83 2 0 18 0.14 0.0 0 3.2 14 210 M M 2 138 18 220
12 92 73 83 3 0 18 0.31 0.0 0 1.5 13 60 M M 2 138 18 90
13 93 72 83 3 0 18 T 0.0 0 1.8 21 160 M M 0 13 25 170
14 87 73 80 0 0 15 0.14 0.0 0 3.1 14 310 M M 5 1 18 310
15 91 73 82 2 0 17 0.00 0.0 0 3.7 13 290 M M 4 1 19 310
16 94 70 82 2 0 17 0.00 0.0 0 3.1 13 310 M M 2 18 20 300
17 94 70 82 2 0 17 0.00 0.0 0 2.1 9 360 M M 2 18 15 360
18 93 67 80 0 0 15 0.00 0.0 0 2.0 8 190 M M 1 12 180
19 92 68 80 0 0 15 0.00 0.0 0 2.9 9 320 M M 2 3 14 360
20 87 68 78 -2 0 13 0.02 0.0 0 2.9 10 180 M M 2 13 15 180
21 86 69 78 -2 0 13 0.14 0.0 0 2.3 9 360 M M 6 13 12 300
22 87 69 78 -2 0 13 0.23 0.0 0 3.9 16 150 M M 7 13 22 130
23 89 71 80 0 0 15 0.00 0.0 0 2.7 9 160 M M 6 1 14 160
24 88 73 81 1 0 16 T 0.0 0 3.3 9 90 M M 4 16 60
25 78 74 76 -4 0 11 0.31 0.0 0 3.5 9 60 M M 8 1 14 40
26 92 75 84 5 0 19 0.00 0.0 0 2.7 8 110 M M 5 1 12 100
27 92 75 84 5 0 19 0.01 0.0 0 4.6 16 220 M M 2 13 28 240
28 82 74 78 -1 0 13 0.51 0.0 0 7.0 15 180 M M 7 13 21 180
29 86 74 80 1 0 15 T 0.0 0 3.4 10 210 M M 6 1 16 200
30 91 74 83 4 0 18 T 0.0 0 3.5 14 320 M M 2 123 20 340
31 89 73 81 3 0 16 0.46 0.0 0 3.2 14 360 M M 5 123 17 350
================================================================================
SM 2782 2223 0 495 2.70 0.0 89.2 M 104
================================================================================
AV 89.7 71.7 2.9 FASTST M M 3 MAX(MPH)
MISC ----> # 21 160 # 28 240
================================================================================
NOTES:
# LAST OF SEVERAL OCCURRENCES
COLUMN 17 PEAK WIND IN M.P.H.
PRELIMINARY LOCAL CLIMATOLOGICAL DATA (WS FORM: F-6) , PAGE 2
STATION: SHELBY COUNTY AIRPORT
MONTH: AUGUST
YEAR: 2020
LATITUDE: 33 10 N
LONGITUDE: 86 47 W
[TEMPERATURE DATA] [PRECIPITATION DATA] SYMBOLS USED IN COLUMN 16
AVERAGE MONTHLY: 80.7 TOTAL FOR MONTH: 2.70 1 = FOG OR MIST
DPTR FM NORMAL: 0.6 DPTR FM NORMAL: -2.06 2 = FOG REDUCING VISIBILITY
HIGHEST: 95 ON 10 GRTST 24HR 0.51 ON 28-28 TO 1/4 MILE OR LESS
LOWEST: 67 ON 18 3 = THUNDER
SNOW, ICE PELLETS, HAIL 4 = ICE PELLETS
TOTAL MONTH: 0.0 INCH 5 = HAIL
GRTST 24HR 0.0 6 = FREEZING RAIN OR DRIZZLE
GRTST DEPTH: 0 7 = DUSTSTORM OR SANDSTORM:
VSBY 1/2 MILE OR LESS
8 = SMOKE OR HAZE
[NO. OF DAYS WITH] [WEATHER - DAYS WITH] 9 = BLOWING SNOW
X = TORNADO
MAX 32 OR BELOW: 0 0.01 INCH OR MORE: 12
MAX 90 OR ABOVE: 16 0.10 INCH OR MORE: 9
MIN 32 OR BELOW: 0 0.50 INCH OR MORE: 1
MIN 0 OR BELOW: 0 1.00 INCH OR MORE: 0
[HDD (BASE 65) ]
TOTAL THIS MO. 0 CLEAR (SCALE 0-3) 16
DPTR FM NORMAL 0 PTCLDY (SCALE 4-7) 14
TOTAL FM JUL 1 0 CLOUDY (SCALE 8-10) 1
DPTR FM NORMAL 0
[CDD (BASE 65) ]
TOTAL THIS MO. 495
DPTR FM NORMAL 27 [PRESSURE DATA]
TOTAL FM JAN 1 1707 HIGHEST SLP 30.16 ON 9
DPTR FM NORMAL 109 LOWEST SLP 29.77 ON 30
[REMARKS]
#FINAL-08-20#