000
CXUS51 KRLX 022148
CF6EKN
PRELIMINARY LOCAL CLIMATOLOGICAL DATA (WS FORM: F-6)
STATION: ELKINS WV
MONTH: MAY
YEAR: 2021
LATITUDE: 38 52 N
LONGITUDE: 79 51 W
TEMPERATURE IN F: :PCPN: SNOW: WIND :SUNSHINE: SKY :PK WND
================================================================================
1 2 3 4 5 6A 6B 7 8 9 10 11 12 13 14 15 16 17 18
12Z AVG MX 2MIN
DY MAX MIN AVG DEP HDD CDD WTR SNW DPTH SPD SPD DIR MIN PSBL S-S WX SPD DR
================================================================================
1 67 29 48 -8 17 0 0.00 0.0 0 3.3 14 310 M M 0 17 280
2 81 39 60 3 5 0 T 0.0 0 4.0 16 290 M M 0 21 290
3 75 54 65 8 0 0 0.47 0.0 0 4.3 18 260 M M 9 18 26 250
4 79 58 69 12 0 4 0.71 0.0 0 6.4 18 240 M M 5 138 25 230
5 65 45 55 -3 10 0 0.18 0.0 0 6.9 21 330 M M 9 18 29 330
6 59 35 47 -11 18 0 0.00 0.0 0 3.7 12 280 M M 3 18 15 320
7 49 35 42 -16 23 0 0.26 0.0 0 3.5 20 280 M M 6 18 30 290
8 53 38 46 -12 19 0 0.09 0.0 0 7.1 20 280 M M 6 18 27 290
9 71 40 56 -2 9 0 0.21 0.0 0 7.8 24 280 M M 9 33 240
10 56 39 48 -11 17 0 0.03 0.0 0 5.0 20 290 M M 7 18 27 310
11 58 36 47 -12 18 0 0.00 0.0 0 5.4 17 280 M M 6 18 23 280
12 60 34 47 -12 18 0 0.00 0.0 0 4.7 20 330 M M 2 26 310
13 64 29 47 -13 18 0 0.00 0.0 0 2.6 16 350 M M 0 8 22 70
14 67 32 50 -10 15 0 0.00 0.0 0 2.1 14 300 M M 4 18 280
15 70 32 51 -9 14 0 0.00 0.0 0 2.3 13 300 M M 1 17 280
16 65 39 52 -8 13 0 0.09 0.0 0 1.2 8 340 M M 6 18 13 210
17 69 38 54 -6 11 0 0.00 0.0 0 1.6 10 270 M M 4 128 14 240
18 78 43 61 0 4 0 0.00 0.0 0 2.4 13 300 M M 2 128 16 290
19 84 45 65 4 0 0 0.00 0.0 0 2.2 8 80 M M 2 128 16 60
20 86 45 66 5 0 1 0.00 0.0 0 2.3 14 140 M M 0 18 17 150
21 86 45 66 5 0 1 0.00 0.0 0 2.1 13 310 M M 0 17 320
22 80 52 66 4 0 1 T 0.0 0 3.2 14 300 M M 1 12 19 290
23 82 54 68 6 0 3 T 0.0 0 3.9 16 300 M M 7 23 320
24 77 61 69 7 0 4 0.03 0.0 0 1.4 12 290 M M 6 128 15 290
25 87 58 73 11 0 8 T 0.0 0 2.4 15 260 M M 4 12 24 260
26 86 59 73 10 0 8 0.03 0.0 0 7.0 22 210 M M 4 138 35 230
27 77 55 66 3 0 1 0.01 0.0 0 4.1 13 340 M M 3 1 16 310
28 77 50 64 1 1 0 1.02 0.0 0 2.3 15 200 M M 8 12 20 170
29 63 49 56 -8 9 0 0.08 0.0 0 5.2 13 320 M M 10 18 17 320
30 55 48 52 -12 13 0 T 0.0 0 2.8 10 300 M M 10 18 14 320
31 70 47 59 -5 6 0 0.00 0.0 0 1.8 9 290 M M 5 1 14 300
================================================================================
SM 2196 1363 258 31 3.21 0.0 115.0 M 139
================================================================================
AV 70.8 44.0 3.7 FASTST M M 4 MAX(MPH)
MISC ----> 24 280 35 230
================================================================================
NOTES:
# LAST OF SEVERAL OCCURRENCES
COLUMN 17 PEAK WIND IN M.P.H.
PRELIMINARY LOCAL CLIMATOLOGICAL DATA (WS FORM: F-6) , PAGE 2
STATION: ELKINS WV
MONTH: MAY
YEAR: 2021
LATITUDE: 38 52 N
LONGITUDE: 79 51 W
[TEMPERATURE DATA] [PRECIPITATION DATA] SYMBOLS USED IN COLUMN 16
AVERAGE MONTHLY: 57.4 TOTAL FOR MONTH: 3.21 1 = FOG OR MIST
DPTR FM NORMAL: -2.8 DPTR FM NORMAL: -1.93 2 = FOG REDUCING VISIBILITY
HIGHEST: 87 ON 25 GRTST 24HR 1.08 ON 28-29 TO 1/4 MILE OR LESS
LOWEST: 29 ON 13, 1 3 = THUNDER
SNOW, ICE PELLETS, HAIL 4 = ICE PELLETS
TOTAL MONTH: 0.0 INCH 5 = HAIL
GRTST 24HR 0.0 6 = FREEZING RAIN OR DRIZZLE
GRTST DEPTH: 0 7 = DUSTSTORM OR SANDSTORM:
VSBY 1/2 MILE OR LESS
8 = SMOKE OR HAZE
[NO. OF DAYS WITH] [WEATHER - DAYS WITH] 9 = BLOWING SNOW
X = TORNADO
MAX 32 OR BELOW: 0 0.01 INCH OR MORE: 13
MAX 90 OR ABOVE: 0 0.10 INCH OR MORE: 6
MIN 32 OR BELOW: 4 0.50 INCH OR MORE: 2
MIN 0 OR BELOW: 0 1.00 INCH OR MORE: 1
[HDD (BASE 65) ]
TOTAL THIS MO. 258 CLEAR (SCALE 0-3) 11
DPTR FM NORMAL 71 PTCLDY (SCALE 4-7) 15
TOTAL FM JUL 1 5273 CLOUDY (SCALE 8-10) 5
DPTR FM NORMAL -134
[CDD (BASE 65) ]
TOTAL THIS MO. 31
DPTR FM NORMAL -7 [PRESSURE DATA]
TOTAL FM JAN 1 31 HIGHEST SLP 30.56 ON 21
DPTR FM NORMAL -12 LOWEST SLP 29.66 ON 3
[REMARKS]
#FINAL-05-21#