000
CXUS56 KLKN 041159
CF6EKO
PRELIMINARY LOCAL CLIMATOLOGICAL DATA (WS FORM: F-6)
STATION: ELKO AIRPORT NV
MONTH: APRIL
YEAR: 2021
LATITUDE: 40 49 N
LONGITUDE: 115 47 W
TEMPERATURE IN F: :PCPN: SNOW: WIND :SUNSHINE: SKY :PK WND
================================================================================
1 2 3 4 5 6A 6B 7 8 9 10 11 12 13 14 15 16 17 18
12Z AVG MX 2MIN
DY MAX MIN AVG DEP HDD CDD WTR SNW DPTH SPD SPD DIR MIN PSBL S-S WX SPD DR
================================================================================
1 72 24 48 6 17 0 0.00 0.0 0 5.1 18 250 M M 0 23 250
2 74 27 51 9 14 0 0.00 0.0 0 4.7 21 250 M M 0 25 260
3 77 24 51 9 14 0 0.00 0.0 0 4.1 18 230 M M 0 25 230
4 75 31 53 10 12 0 0.00 0.0 0 7.1 22 250 M M 0 30 270
5 60 30 45 2 20 0 T T 0 11.6 37 240 M M 5 47 260
6 57 25 41 -2 24 0 0.00 0.0 0 6.9 20 280 M M 0 26 270
7 68 20 44 1 21 0 0.00 0.0 0 7.3 24 260 M M 0 28 260
8 63 30 47 4 18 0 0.00 0.0 0 11.2 28 270 M M 1 38 260
9 66 21 44 0 21 0 0.00 0.0 0 4.2 15 220 M M 0 20 210
10 69 25 47 3 18 0 0.00 0.0 0 9.7 29 270 M M 0 35 260
11 58 24 41 -3 24 0 0.00 0.0 0 6.7 20 270 M M 0 29 240
12 58 17 38 -6 27 0 0.00 0.0 0 4.8 16 40 M M 0 22 20
13 57 23 40 -4 25 0 T 0.0 0 5.8 23 100 M M 5 30 220
14 41 30 36 -9 29 0 0.33 3.4 T 5.5 16 40 M M 9 1 21 40
15 52 29 41 -4 24 0 0.01 T 0 5.2 17 50 M M 10 1 23 50
16 55 37 46 1 19 0 T 0.0 0 10.7 24 60 M M 6 32 50
17 60 24 42 -3 23 0 0.00 0.0 0 7.5 21 30 M M 0 29 50
18 68 22 45 -1 20 0 0.00 0.0 0 4.4 21 270 M M 0 28 270
19 68 29 49 3 16 0 0.00 0.0 0 10.3 29 270 M M 0 41 300
20 65 24 45 -1 20 0 0.00 0.0 0 7.5 25 40 M M 1 32 30
21 61 30 46 0 19 0 0.00 0.0 0 10.2 23 40 M M 4 30 20
22 65 21 43 -4 22 0 0.00 0.0 0 7.1 33 260 M M 1 41 260
23 67 34 51 4 14 0 0.00 0.0 0 7.0 23 250 M M 1 29 240
24 65 35 50 3 15 0 0.00 0.0 0 10.6 31 250 M M 6 38 260
25 47 37 42 -5 23 0 0.39 0.0 0 4.1 17 270 M M 10 1 20 270
26 48 28 38 -10 27 0 0.17 1.0 1 9.1 28 290 M M 7 1 33 290
27 58 25 42 -6 23 0 0.00 0.0 0 2.4 13 330 M M 0 19 330
28 69 27 48 0 17 0 0.00 0.0 0 5.2 16 300 M M 0 24 300
29 80 33 57 8 8 0 0.00 0.0 0 2.5 12 60 M M 0 15 60
30 87 38 63 14 2 0 0.00 0.0 0 5.3 20 280 M M 0 25 250
================================================================================
SM 1910 824 576 0 0.90 4.4 203.8 M 66
================================================================================
AV 63.7 27.5 6.8 FASTST M M 2 MAX(MPH)
MISC ----> 37 240 47 260
================================================================================
NOTES:
# LAST OF SEVERAL OCCURRENCES
COLUMN 17 PEAK WIND IN M.P.H.
PRELIMINARY LOCAL CLIMATOLOGICAL DATA (WS FORM: F-6) , PAGE 2
STATION: ELKO AIRPORT NV
MONTH: APRIL
YEAR: 2021
LATITUDE: 40 49 N
LONGITUDE: 115 47 W
[TEMPERATURE DATA] [PRECIPITATION DATA] SYMBOLS USED IN COLUMN 16
AVERAGE MONTHLY: 45.6 TOTAL FOR MONTH: 0.90 1 = FOG OR MIST
DPTR FM NORMAL: 0.4 DPTR FM NORMAL: -0.07 2 = FOG REDUCING VISIBILITY
HIGHEST: 87 ON 30 GRTST 24HR 0.50 ON 25-26 TO 1/4 MILE OR LESS
LOWEST: 17 ON 12 3 = THUNDER
SNOW, ICE PELLETS, HAIL 4 = ICE PELLETS
TOTAL MONTH: 4.4 INCHES 5 = HAIL
GRTST 24HR 3.4 ON 14-14 6 = FREEZING RAIN OR DRIZZLE
GRTST DEPTH: 1 ON 26 7 = DUSTSTORM OR SANDSTORM:
VSBY 1/2 MILE OR LESS
8 = SMOKE OR HAZE
[NO. OF DAYS WITH] [WEATHER - DAYS WITH] 9 = BLOWING SNOW
X = TORNADO
MAX 32 OR BELOW: 0 0.01 INCH OR MORE: 4
MAX 90 OR ABOVE: 0 0.10 INCH OR MORE: 3
MIN 32 OR BELOW: 24 0.50 INCH OR MORE: 0
MIN 0 OR BELOW: 0 1.00 INCH OR MORE: 0
[HDD (BASE 65) ]
TOTAL THIS MO. 576 CLEAR (SCALE 0-3) 21
DPTR FM NORMAL -18 PTCLDY (SCALE 4-7) 6
TOTAL FM JUL 1 6020 CLOUDY (SCALE 8-10) 3
DPTR FM NORMAL -551
[CDD (BASE 65) ]
TOTAL THIS MO. 0
DPTR FM NORMAL 0 [PRESSURE DATA]
TOTAL FM JAN 1 0 HIGHEST SLP 30.37 ON 29
DPTR FM NORMAL 0 LOWEST SLP 29.64 ON 24
[REMARKS]
#FINAL-04-21#