000
CXUS54 KSHV 011300
CF6ELD
PRELIMINARY LOCAL CLIMATOLOGICAL DATA (WS FORM: F-6)
STATION: EL DORADO
MONTH: SEPTEMBER
YEAR: 2023
LATITUDE: 33 13 N
LONGITUDE: 92 49 W
TEMPERATURE IN F: :PCPN: SNOW: WIND :SUNSHINE: SKY :PK WND
================================================================================
1 2 3 4 5 6A 6B 7 8 9 10 11 12 13 14 15 16 17 18
12Z AVG MX 2MIN
DY MAX MIN AVG DEP HDD CDD WTR SNW DPTH SPD SPD DIR MIN PSBL S-S WX SPD DR
================================================================================
1 92 60 76 -4 0 11 0.00 0.0 0 5.4 14 360 M M 0 19 30
2 97 67 82 2 0 17 0.00 0.0 0 4.2 13 50 M M 0 18 50
3 96 71 84 5 0 19 0.00 0.0 0 2.9 13 130 M M 2 18 130
4 94 71 83 4 0 18 1.79 0.0 0 5.7 24 260 M M 2 123 30 260
5 95 72 84 5 0 19 0.00 0.0 0 6.1 12 180 M M 3 1 17 190
6 97 74 86 7 0 21 T 0.0 0 3.3 14 350 M M 1 3 21 360
7 91 71 81 3 0 16 T 0.0 0 4.2 18 50 M M 1 13 24 50
8 77 66 72 -6 0 7 0.62 0.0 0 3.9 29 60 M M 2 13 44 350
9 86 65 76 -2 0 11 0.00 0.0 0 4.3 13 40 M M 0 1 18 40
10 85 59 72 -6 0 7 0.00 0.0 0 3.9 14 340 M M 0 17 340
11 87 60 74 -3 0 9 0.00 0.0 0 2.1 9 60 M M 0 14 50
12 84 66 75 -2 0 10 0.06 0.0 0 3.7 9 340 M M 7 1 13 340
13 72 67 70 -7 0 5 1.14 0.0 0 3.9 10 60 M M 10 13 15 230
14 75 66 71 -5 0 6 T 0.0 0 6.4 14 40 M M 9 20 30
15 85 62 74 -2 0 9 0.00 0.0 0 3.0 13 50 M M 4 17 40
16 87 58 73 -3 0 8 0.00 0.0 0 3.0 13 340 M M 0 24 330
17 88 59 74 -2 0 9 0.00 0.0 0 0.0 3 140 M M 1 4 120
18 88 57 73 -2 0 8 0.00 0.0 0 M M M M M 0 M M
19 89 58 74 -1 0 9 0.00 0.0 0 M M M M M 0 M M
20 87 66 77 2 0 12 T 0.0 0 M M M M M 1 M M
21 90 65 78 4 0 13 0.00 0.0 0 M M M M M 1 1 M M
22 80 66 73 -1 0 8 T 0.0 0 M M M M M 1 1 M M
23 93 66 80 6 0 15 0.00 0.0 0 M M M M M 2 1 M M
24 85 70 78 5 0 13 0.65 0.0 0 M M M M M 7 13 M M
25 88 71 80 7 0 15 0.18 0.0 0 3.2 10 60 M M 5 13 14 20
26 92 68 80 8 0 15 0.00 0.0 0 3.2 12 50 M M 1 1 15 50
27 92 64 78 6 0 13 0.00 0.0 0 1.3 8 40 M M 0 1 11 30
28 91 66 79 7 0 14 0.00 0.0 0 2.9 9 70 M M 0 13 160
29 89 62 76 5 0 11 0.00 0.0 0 2.9 10 120 M M 0 1 13 80
30 90 61 76 5 0 11 0.00 0.0 0 1.3 12 70 M M 0 1 16 60
================================================================================
SM 2642 1954 0 359 4.44 0.0 80.8 M 60
================================================================================
AV 88.1 65.1 3.5 FASTST M M 2 MAX(MPH)
MISC ----> 29 60 44 350
================================================================================
NOTES:
# LAST OF SEVERAL OCCURRENCES
COLUMN 17 PEAK WIND IN M.P.H.
PRELIMINARY LOCAL CLIMATOLOGICAL DATA (WS FORM: F-6) , PAGE 2
STATION: EL DORADO
MONTH: SEPTEMBER
YEAR: 2023
LATITUDE: 33 13 N
LONGITUDE: 92 49 W
[TEMPERATURE DATA] [PRECIPITATION DATA] SYMBOLS USED IN COLUMN 16
AVERAGE MONTHLY: 76.6 TOTAL FOR MONTH: 4.44 1 = FOG OR MIST
DPTR FM NORMAL: 0.8 DPTR FM NORMAL: 1.21 2 = FOG REDUCING VISIBILITY
HIGHEST: 97 ON 6, 2 GRTST 24HR 1.79 ON 4- 4 TO 1/4 MILE OR LESS
LOWEST: 57 ON 18 3 = THUNDER
SNOW, ICE PELLETS, HAIL 4 = ICE PELLETS
TOTAL MONTH: 0.0 INCH 5 = HAIL
GRTST 24HR 0.0 6 = FREEZING RAIN OR DRIZZLE
GRTST DEPTH: 0 7 = DUSTSTORM OR SANDSTORM:
VSBY 1/2 MILE OR LESS
8 = SMOKE OR HAZE
[NO. OF DAYS WITH] [WEATHER - DAYS WITH] 9 = BLOWING SNOW
X = TORNADO
MAX 32 OR BELOW: 0 0.01 INCH OR MORE: 6
MAX 90 OR ABOVE: 13 0.10 INCH OR MORE: 5
MIN 32 OR BELOW: 0 0.50 INCH OR MORE: 4
MIN 0 OR BELOW: 0 1.00 INCH OR MORE: 2
[HDD (BASE 65) ]
TOTAL THIS MO. 0 CLEAR (SCALE 0-3) 24
DPTR FM NORMAL -7 PTCLDY (SCALE 4-7) 4
TOTAL FM JUL 1 0 CLOUDY (SCALE 8-10) 2
DPTR FM NORMAL -3
[CDD (BASE 65) ]
TOTAL THIS MO. 359
DPTR FM NORMAL 29 [PRESSURE DATA]
TOTAL FM JAN 1 2266 HIGHEST SLP 30.14 ON 30
DPTR FM NORMAL 101 LOWEST SLP 29.81 ON 24
[REMARKS]
#FINAL-09-23#