000
CXUS53 KMKX 010910
CF6ENW
PRELIMINARY LOCAL CLIMATOLOGICAL DATA (WS FORM: F-6)
STATION: KENOSHA WI
MONTH: FEBRUARY
YEAR: 2024
LATITUDE: 42 35 N
LONGITUDE: 87 56 W
TEMPERATURE IN F: :PCPN: SNOW: WIND :SUNSHINE: SKY :PK WND
================================================================================
1 2 3 4 5 6A 6B 7 8 9 10 11 12 13 14 15 16 17 18
12Z AVG MX 2MIN
DY MAX MIN AVG DEP HDD CDD WTR SNW DPTH SPD SPD DIR MIN PSBL S-S WX SPD DR
================================================================================
1 53 35 44 20 21 0 0.00 M M 9.9 18 50 M M 1 26 20
2 39 32 36 12 29 0 0.00 M M 8.1 15 50 M M 9 21 50
3 39 28 34 10 31 0 0.00 M M 6.2 14 90 M M 6 128 17 100
4 48 32 40 16 25 0 0.00 M M 8.0 14 70 M M 4 128 17 60
5 42 33 38 14 27 0 0.00 M M 8.3 13 40 M M 9 1 21 30
6 45 31 38 14 27 0 0.00 M M 4.9 13 140 M M 8 128 21 160
7 47 29 38 13 27 0 0.00 M M 6.3 14 160 M M 1 128 20 160
8 60 38 49 24 16 0 T M M 13.9 31 190 M M 2 8 46 190
9 55 35 45 20 20 0 0.00 M M 14.4 31 260 M M 0 42 240
10 42 29 36 11 29 0 0.00 M M 8.8 18 280 M M 4 25 300
11 37 23 30 4 35 0 0.00 M M 5.7 15 280 M M 2 18 270
12 48 21 35 9 30 0 0.00 M M 7.0 17 240 M M 0 18 23 240
13 40 26 33 7 32 0 0.00 M M 5.7 14 300 M M 4 19 300
14 48 23 36 10 29 0 0.00 M M 6.0 14 150 M M 2 21 170
15 42 30 36 9 29 0 0.26 M M 12.5 26 290 M M 5 18 41 290
16 33 17 25 -2 40 0 T M M 9.3 24 340 M M 7 34 350
17 32 13 23 -4 42 0 0.00 M M 18.4 32 240 M M 0 44 240
18 47 25 36 8 29 0 0.00 M M 11.8 23 250 M M 0 30 260
19 49 23 36 8 29 0 0.00 M M 3.8 12 100 M M 1 128 14 260
20 59 25 42 14 23 0 0.00 M M 8.1 18 200 M M 0 18 25 210
21 64 42 53 24 12 0 0.00 M M 9.7 21 250 M M 3 28 240
22 63 33 48 19 17 0 0.00 M M 4.4 10 310 M M 2 15 300
23 49 26 38 9 27 0 T M M 12.4 23 20 M M 5 1 32 30
24 35 21 28 -2 37 0 0.00 M M 7.6 17 10 M M 6 26 10
25 60 32 46 16 19 0 0.00 M M 11.0 20 250 M M 3 27 220
26 66 32 49 19 16 0 0.00 M M 9.5 18 130 M M 0 1 24 200
27 77 51 64 33 1 0 0.18 M M 12.9 24 160 M M 1 138 35 300
28 51 18 35 4 30 0 T M M 17.6 29 310 M M 4 1 42 310
29 45 14 30 -1 35 0 0.00 M M 8.6 21 210 M M 0 27 200
================================================================================
SM 1415 817 764 0 0.44 M 270.8 M 89
================================================================================
AV 48.8 28.2 9.3 FASTST M M 3 MAX(MPH)
MISC ----> 32 240 46 190
================================================================================
NOTES:
# LAST OF SEVERAL OCCURRENCES
COLUMN 17 PEAK WIND IN M.P.H.
PRELIMINARY LOCAL CLIMATOLOGICAL DATA (WS FORM: F-6) , PAGE 2
STATION: KENOSHA WI
MONTH: FEBRUARY
YEAR: 2024
LATITUDE: 42 35 N
LONGITUDE: 87 56 W
[TEMPERATURE DATA] [PRECIPITATION DATA] SYMBOLS USED IN COLUMN 16
AVERAGE MONTHLY: 38.5 TOTAL FOR MONTH: 0.44 1 = FOG OR MIST
DPTR FM NORMAL: 11.7 DPTR FM NORMAL: -0.63 2 = FOG REDUCING VISIBILITY
HIGHEST: 77 ON 27 GRTST 24HR 0.26 ON 15-15 TO 1/4 MILE OR LESS
LOWEST: 13 ON 17 3 = THUNDER
SNOW, ICE PELLETS, HAIL 4 = ICE PELLETS
TOTAL MONTH: M 5 = HAIL
GRTST 24HR M ON M 6 = FREEZING RAIN OR DRIZZLE
GRTST DEPTH: M ON M 7 = DUSTSTORM OR SANDSTORM:
VSBY 1/2 MILE OR LESS
8 = SMOKE OR HAZE
[NO. OF DAYS WITH] [WEATHER - DAYS WITH] 9 = BLOWING SNOW
X = TORNADO
MAX 32 OR BELOW: 1 0.01 INCH OR MORE: 2
MAX 90 OR ABOVE: 0 0.10 INCH OR MORE: 2
MIN 32 OR BELOW: 22 0.50 INCH OR MORE: 0
MIN 0 OR BELOW: 0 1.00 INCH OR MORE: 0
[HDD (BASE 65) ]
TOTAL THIS MO. 764 CLEAR (SCALE 0-3) 17
DPTR FM NORMAL -304 PTCLDY (SCALE 4-7) 9
TOTAL FM JUL 1 3824 CLOUDY (SCALE 8-10) 3
DPTR FM NORMAL -959
[CDD (BASE 65) ]
TOTAL THIS MO. 0
DPTR FM NORMAL 0 [PRESSURE DATA]
TOTAL FM JAN 1 0 HIGHEST SLP 30.49 ON 29
DPTR FM NORMAL 0 LOWEST SLP 29.19 ON 27
[REMARKS]
#FINAL-02-24#