000
CXUS51 KCLE 010900
CF6ERI
PRELIMINARY LOCAL CLIMATOLOGICAL DATA (WS FORM: F-6)
STATION: ERIE PA
MONTH: OCTOBER
YEAR: 2020
LATITUDE: 42 4 N
LONGITUDE: 80 11 W
TEMPERATURE IN F: :PCPN: SNOW: WIND :SUNSHINE: SKY :PK WND
================================================================================
1 2 3 4 5 6A 6B 7 8 9 10 11 12 13 14 15 16 17 18
12Z AVG MX 2MIN
DY MAX MIN AVG DEP HDD CDD WTR SNW DPTH SPD SPD DIR MIN PSBL S-S WX SPD DR
================================================================================
1 62 50 56 -2 9 0 0.30 0.0 0 8.9 20 260 M M 7 13 27 260
2 58 47 53 -5 12 0 0.84 0.0 0 10.8 21 300 M M 9 1 30 270
3 61 45 53 -4 12 0 0.02 0.0 0 7.4 17 260 M M 8 1 26 280
4 65 49 57 0 8 0 0.30 0.0 0 7.3 17 290 M M 10 1 25 280
5 60 46 53 -4 12 0 0.00 0.0 0 5.4 12 320 M M 5 16 300
6 69 46 58 2 7 0 0.00 0.0 0 15.1 25 210 M M 1 36 190
7 69 57 63 7 2 0 0.05 0.0 0 12.2 24 250 M M 4 35 240
8 62 50 56 0 9 0 0.00 0.0 0 7.7 14 270 M M 4 20 260
9 74 46 60 5 5 0 0.00 0.0 0 10.3 25 180 M M 0 33 200
10 80 60 70 15 0 5 T 0.0 0 13.8 24 210 M M 5 34 210
11 63 53 58 4 7 0 0.00 0.0 0 11.4 24 40 M M 3 33 40
12 72 58 65 11 0 0 0.00 0.0 0 16.2 28 160 M M 4 40 130
13 62 49 56 2 9 0 0.35 0.0 0 10.1 25 150 M M 4 1 33 160
14 66 47 57 3 8 0 0.00 0.0 0 8.5 25 180 M M 1 33 170
15 69 49 59 6 6 0 0.23 0.0 0 14.6 33 180 M M 7 1 49 190
16 54 39 47 -6 18 0 0.22 0.0 0 8.0 16 280 M M 4 1 23 300
17 56 39 48 -5 17 0 0.00 0.0 0 10.8 21 180 M M 1 28 260
18 62 51 57 5 8 0 0.06 0.0 0 12.7 23 200 M M 7 31 180
19 58 51 55 3 10 0 0.59 0.0 0 5.0 15 360 M M 10 1 20 360
20 57 50 54 2 11 0 0.40 0.0 0 9.3 17 70 M M 10 1 21 60
21 68 50 59 8 6 0 1.42 0.0 0 10.5 26 200 M M 8 13 38 190
22 71 54 63 12 2 0 1.02 0.0 0 4.9 12 170 M M 6 18 14 130
23 83 53 68 17 0 3 0.59 0.0 0 13.2 26 290 M M 4 138 35 290
24 53 45 49 -1 16 0 0.05 0.0 0 7.5 18 330 M M 10 1 25 320
25 50 42 46 -4 19 0 0.00 0.0 0 7.8 17 60 M M 10 22 40
26 51 46 49 -1 16 0 0.11 0.0 0 4.1 12 330 M M 10 18 16 340
27 50 44 47 -3 18 0 0.22 0.0 0 5.1 12 300 M M 10 18 17 300
28 54 44 49 0 16 0 0.08 0.0 0 5.3 17 220 M M 6 1 24 230
29 50 45 48 -1 17 0 0.28 0.0 0 7.3 17 50 M M 9 18 20 60
30 46 40 43 -6 22 0 0.32 0.0 0 10.1 18 40 M M 10 18 26 350
31 50 38 44 -4 21 0 0.00 0.0 0 9.3 22 170 M M 6 29 170
================================================================================
SM 1905 1483 323 8 7.45 0.0 290.6 M 193
================================================================================
AV 61.5 47.8 9.4 FASTST M M 6 MAX(MPH)
MISC ----> 33 180 49 190
================================================================================
NOTES:
# LAST OF SEVERAL OCCURRENCES
COLUMN 17 PEAK WIND IN M.P.H.
PRELIMINARY LOCAL CLIMATOLOGICAL DATA (WS FORM: F-6) , PAGE 2
STATION: ERIE PA
MONTH: OCTOBER
YEAR: 2020
LATITUDE: 42 4 N
LONGITUDE: 80 11 W
[TEMPERATURE DATA] [PRECIPITATION DATA] SYMBOLS USED IN COLUMN 16
AVERAGE MONTHLY: 54.6 TOTAL FOR MONTH: 7.45 1 = FOG OR MIST
DPTR FM NORMAL: 1.6 DPTR FM NORMAL: 3.40 2 = FOG REDUCING VISIBILITY
HIGHEST: 83 ON 23 GRTST 24HR 1.43 ON 20-21 TO 1/4 MILE OR LESS
LOWEST: 38 ON 31 3 = THUNDER
SNOW, ICE PELLETS, HAIL 4 = ICE PELLETS
TOTAL MONTH: 0.0 INCH 5 = HAIL
GRTST 24HR 0.0 6 = FREEZING RAIN OR DRIZZLE
GRTST DEPTH: 0 7 = DUSTSTORM OR SANDSTORM:
VSBY 1/2 MILE OR LESS
8 = SMOKE OR HAZE
[NO. OF DAYS WITH] [WEATHER - DAYS WITH] 9 = BLOWING SNOW
X = TORNADO
MAX 32 OR BELOW: 0 0.01 INCH OR MORE: 20
MAX 90 OR ABOVE: 0 0.10 INCH OR MORE: 15
MIN 32 OR BELOW: 0 0.50 INCH OR MORE: 5
MIN 0 OR BELOW: 0 1.00 INCH OR MORE: 2
[HDD (BASE 65) ]
TOTAL THIS MO. 323 CLEAR (SCALE 0-3) 4
DPTR FM NORMAL -56 PTCLDY (SCALE 4-7) 16
TOTAL FM JUL 1 391 CLOUDY (SCALE 8-10) 11
DPTR FM NORMAL -113
[CDD (BASE 65) ]
TOTAL THIS MO. 8
DPTR FM NORMAL -1 [PRESSURE DATA]
TOTAL FM JAN 1 973 HIGHEST SLP 30.46 ON 31
DPTR FM NORMAL 335 LOWEST SLP 29.66 ON 29
[REMARKS]
#FINAL-10-20#