063
CXUS51 KCLE 051859
CLSERI
CLIMATE REPORT
NATIONAL WEATHER SERVICE CLEVELAND, OH
159 PM EST SAT DEC 05 2020
...................................
...THE ERIE PA CLIMATE SUMMARY FOR THE SEASON, FROM
9/1/2020 TO 11/30/2020...
CLIMATE NORMAL PERIOD 1981 TO 2010
CLIMATE RECORD PERIOD 1873 TO 2020
WEATHER OBSERVED NORMAL DEPART
VALUE DATE(S) VALUE FROM
NORMAL
................................................
TEMPERATURE (F)
RECORD
HIGH 99 09/03/1953
LOW 6 11/30/1929
11/22/1880
HIGHEST 89 09/08
LOWEST 31 11/18
AVG. MAXIMUM 64.4 60.9 3.5
AVG. MINIMUM 48.8 45.9 2.9
MEAN 56.6 53.4 3.2
DAYS MAX >= 90 0 0.1
DAYS MAX <= 32 0 0.9
DAYS MIN <= 32 3 9.6
DAYS MIN <= 0 0 0.0
PRECIPITATION (INCHES)
RECORD
MAXIMUM 20.91 1979
MINIMUM 4.52 1908
TOTALS 14.04 12.59 1.45
DAYS >= .01 40 40.0
DAYS >= .10 30 26.0
DAYS >= .50 9 8.0
DAYS >= 1.00 2 2.4
SNOWFALL (INCHES)
RECORDS
TOTAL 46.9 1950
TOTALS 1.1 8.7
DAYS >= TRACE 7
DAYS >= 1.0 0 2.2
DEGREE DAYS
HEATING TOTAL 861 1138 -277
COOLING TOTAL 117 80 37
................................................
WIND (MPH)
HIGHEST GUST SPEED/DIRECTION 50/250 DATE 11/15
SKY COVER
POSSIBLE SUNSHINE (PERCENT) MM
NUMBER OF DAYS FAIR 32
NUMBER OF DAYS PC 35
NUMBER OF DAYS CLOUDY 24
WEATHER CONDITIONS. NUMBER OF DAYS WITH
THUNDERSTORM 6 MIXED PRECIP 0
HEAVY RAIN 9 RAIN 20
LIGHT RAIN 43 FREEZING RAIN 0
LT FREEZING RAIN 0 HAIL 0
HEAVY SNOW 0 SNOW 1
LIGHT SNOW 7 SLEET 0
FOG 33 FOG W/VIS <= 1/4 MILE 1
HAZE 17
- INDICATES NEGATIVE NUMBERS.
R INDICATES RECORD WAS SET OR TIED.
MM INDICATES DATA IS MISSING.
T INDICATES TRACE AMOUNT.
$$