000
CXUS54 KEWX 011010
CF6ERV
PRELIMINARY LOCAL CLIMATOLOGICAL DATA (WS FORM: F-6)
STATION: KERRVILLE
MONTH: MARCH
YEAR: 2024
LATITUDE: 29 58 N
LONGITUDE: 99 5 W
TEMPERATURE IN F: :PCPN: SNOW: WIND :SUNSHINE: SKY :PK WND
================================================================================
1 2 3 4 5 6A 6B 7 8 9 10 11 12 13 14 15 16 17 18
12Z AVG MX 2MIN
DY MAX MIN AVG DEP HDD CDD WTR SNW DPTH SPD SPD DIR MIN PSBL S-S WX SPD DR
================================================================================
1 76 31 54 M 11 0 M M M 4.3 12 170 M M 0 16 170
2 82 39 61 M 4 0 M M M 5.1 12 160 M M 1 1 22 160
3 74 56 65 M 0 0 M M M 8.3 17 160 M M 7 1 21 160
4 78 60 69 M 0 4 M M M 6.6 13 160 M M 6 1 16 160
5 86 51 69 M 0 4 M M M 4.1 10 310 M M 3 12 17 300
6 83 44 64 M 1 0 M M M 7.2 16 160 M M 0 20 190
7 73 64 69 M 0 4 0.01 M M 10.0 17 150 M M 9 1 22 150
8 77 46 62 M 3 0 0.12 M M 11.8 22 340 M M 4 1 28 290
9 59 42 51 M 14 0 M M M 12.4 21 360 M M 5 29 340
10 67 35 51 M 14 0 M M M 4.2 10 160 M M 2 M M
11 73 38 56 M 9 0 M M M 5.8 13 190 M M 3 17 170
12 72 59 66 M 0 1 M M M 10.8 16 170 M M 10 21 160
13 86 63 75 M 0 10 M M M 9.1 15 190 M M 7 1 22 190
14 79 65 72 M 0 7 M M M 9.6 15 180 M M 7 18 18 150
15 72 61 67 M 0 2 0.03 M M 7.6 17 30 M M 10 138 22 40
16 72 58 65 M 0 0 0.07 M M 5.6 13 360 M M 10 1 18 200
17 62 56 59 M 6 0 0.22 M M 7.6 12 310 M M 9 3 18 40
18 64 49 57 M 8 0 M M M 7.8 16 50 M M 8 22 10
19 62 44 53 M 12 0 M M M 4.1 12 180 M M 7 M M
20 64 40 52 M 13 0 M M M 5.5 12 180 M M 9 1 16 180
21 74 54 64 M 1 0 0.45 M M 2.0 8 110 M M 8 12 M M
22 80 49 65 M 0 0 0.01 M M 6.1 22 360 M M 4 12 27 360
23 73 43 58 M 7 0 M M M 5.5 14 150 M M 3 18 150
24 69 54 62 M 3 0 M M M 14.0 21 150 M M 9 1 30 160
25 76 52 64 M 1 0 0.39 M M 9.8 22 270 M M 4 36 260
26 70 41 56 M 9 0 M M M 5.1 12 90 M M 2 18 100
27 72 42 57 M 8 0 0.01 M M 4.7 16 210 M M 4 1 23 230
28 77 37 57 M 8 0 M M M 6.2 16 150 M M 0 22 150
29 78 54 66 M 0 1 M M M 14.3 22 170 M M 5 28 170
30 73 62 68 M 0 3 M M M 9.9 17 160 M M 10 22 160
31 77 64 71 M 0 6 M M M 9.9 15 170 M M 8 1 22 150
================================================================================
SM 2280 1553 132 42 1.31 M 234.9 M 174
================================================================================
AV 73.5 50.1 7.6 FASTST M M 6 MAX(MPH)
MISC ----> # 22 360 36 260
================================================================================
NOTES:
# LAST OF SEVERAL OCCURRENCES
COLUMN 17 PEAK WIND IN M.P.H.
PRELIMINARY LOCAL CLIMATOLOGICAL DATA (WS FORM: F-6) , PAGE 2
STATION: KERRVILLE
MONTH: MARCH
YEAR: 2024
LATITUDE: 29 58 N
LONGITUDE: 99 5 W
[TEMPERATURE DATA] [PRECIPITATION DATA] SYMBOLS USED IN COLUMN 16
AVERAGE MONTHLY: 61.8 TOTAL FOR MONTH: 1.31 1 = FOG OR MIST
DPTR FM NORMAL: 0.0 DPTR FM NORMAL: M 2 = FOG REDUCING VISIBILITY
HIGHEST: 86 ON 13, 5 GRTST 24HR 0.45 ON 21-21 TO 1/4 MILE OR LESS
LOWEST: 31 ON 1 3 = THUNDER
SNOW, ICE PELLETS, HAIL 4 = ICE PELLETS
TOTAL MONTH: M 5 = HAIL
GRTST 24HR M ON M 6 = FREEZING RAIN OR DRIZZLE
GRTST DEPTH: M ON M 7 = DUSTSTORM OR SANDSTORM:
VSBY 1/2 MILE OR LESS
8 = SMOKE OR HAZE
[NO. OF DAYS WITH] [WEATHER - DAYS WITH] 9 = BLOWING SNOW
X = TORNADO
MAX 32 OR BELOW: 0 0.01 INCH OR MORE: 9
MAX 90 OR ABOVE: 0 0.10 INCH OR MORE: 4
MIN 32 OR BELOW: 1 0.50 INCH OR MORE: 0
MIN 0 OR BELOW: 0 1.00 INCH OR MORE: 0
[HDD (BASE 65) ]
TOTAL THIS MO. 132 CLEAR (SCALE 0-3) 9
DPTR FM NORMAL M PTCLDY (SCALE 4-7) 11
TOTAL FM JUL 1 1733 CLOUDY (SCALE 8-10) 11
DPTR FM NORMAL M
[CDD (BASE 65) ]
TOTAL THIS MO. 42
DPTR FM NORMAL M [PRESSURE DATA]
TOTAL FM JAN 1 63 HIGHEST SLP M ON M
DPTR FM NORMAL M LOWEST SLP M ON M
[REMARKS]
#FINAL-03-24#