000
CXUS53 KDMX 081429
CF6EST
PRELIMINARY LOCAL CLIMATOLOGICAL DATA (WS FORM: F-6)
STATION: ESTHERVILLE IA
MONTH: OCTOBER
YEAR: 2023
LATITUDE: 43 24 N
LONGITUDE: 94 45 W
TEMPERATURE IN F: :PCPN: SNOW: WIND :SUNSHINE: SKY :PK WND
================================================================================
1 2 3 4 5 6A 6B 7 8 9 10 11 12 13 14 15 16 17 18
12Z AVG MX 2MIN
DY MAX MIN AVG DEP HDD CDD WTR SNW DPTH SPD SPD DIR MIN PSBL S-S WX SPD DR
================================================================================
1 91 61 76 22 0 11 0.00 0.0 0 12.8 25 180 M M 0 35 190
2 88 58 73 19 0 8 0.00 0.0 0 12.3 24 180 M M 0 33 180
3 82 60 71 17 0 6 0.39 0.0 0 14.8 33 190 M M 4 13 50 190
4 69 46 58 5 7 0 0.00 0.0 0 9.7 22 230 M M 5 31 230
5 66 43 55 2 10 0 0.00 0.0 0 12.7 30 310 M M 2 48 320
6 55 41 48 -4 17 0 0.01 0.0 0 16.3 29 310 M M 8 46 300
7 59 36 48 -4 17 0 0.00 0.0 0 7.2 16 340 M M 4 24 320
8 68 37 53 2 12 0 0.00 0.0 0 6.5 16 10 M M 3 8 25 360
9 58 34 46 -5 19 0 0.00 0.0 0 7.9 17 330 M M 2 29 330
10 61 30 46 -4 19 0 0.00 0.0 0 4.5 10 280 M M 0 17 280
11 65 34 50 0 15 0 0.00 0.0 0 9.4 17 110 M M M 24 100
12 54 47 51 2 14 0 1.51 0.0 0 17.1 29 90 M M M 3 41 90
13 58 46 52 3 13 0 2.99 0.0 0 14.8 23 80 M M M 3 35 80
14 54 45 50 2 15 0 0.01 0.0 0 12.8 22 360 M M 10 1 29 20
15 56 43 50 2 15 0 0.02 0.0 0 10.2 20 350 M M 6 1 26 330
16 63 37 50 3 15 0 0.00 0.0 0 6.3 14 320 M M 0 21 320
17 69 33 51 4 14 0 0.00 0.0 0 8.7 17 170 M M 0 25 170
18 64 45 55 9 10 0 0.06 0.0 0 10.9 21 170 M M 5 1 31 270
19 68 45 57 11 8 0 0.00 0.0 0 9.1 18 310 M M 6 18 27 310
20 74 40 57 12 8 0 0.00 0.0 0 7.6 13 300 M M 0 18 300
21 63 35 49 4 16 0 0.00 0.0 0 13.4 24 340 M M 1 38 360
22 62 31 47 3 18 0 0.01 0.0 0 9.4 21 160 M M 2 12 28 160
23 69 48 59 15 6 0 0.27 0.0 0 10.0 23 150 M M 3 13 31 150
24 65 53 59 15 6 0 0.26 0.0 0 5.8 15 190 M M 7 13 21 190
25 59 50 55 12 10 0 0.01 0.0 0 7.8 15 360 M M 10 1 21 340
26 67 49 58 16 7 0 0.35 0.0 0 6.9 18 300 M M 10 12 24 300
27 49 27 38 -4 27 0 0.01 0.0 0 17.5 30 300 M M 10 1 39 300
28 30 22 26 -16 39 0 0.06 M M 9.3 16 360 M M 8 12 21 340
29 34 25 30 -11 35 0 0.00 0.0 M 9.3 18 320 M M 6 25 320
30 40 21 31 -9 34 0 T M M 16.2 31 300 M M 3 47 270
31 32 17 25 -15 40 0 T M M 17.2 37 310 M M 7 48 320
================================================================================
SM 1892 1239 466 25 5.96 0.0 334.4 M 122
================================================================================
AV 61.0 40.0 10.8 FASTST M M 4 MAX(MPH)
MISC ----> 37 310 50 190
================================================================================
NOTES:
# LAST OF SEVERAL OCCURRENCES
COLUMN 17 PEAK WIND IN M.P.H.
PRELIMINARY LOCAL CLIMATOLOGICAL DATA (WS FORM: F-6) , PAGE 2
STATION: ESTHERVILLE IA
MONTH: OCTOBER
YEAR: 2023
LATITUDE: 43 24 N
LONGITUDE: 94 45 W
[TEMPERATURE DATA] [PRECIPITATION DATA] SYMBOLS USED IN COLUMN 16
AVERAGE MONTHLY: 50.5 TOTAL FOR MONTH: 5.96 1 = FOG OR MIST
DPTR FM NORMAL: 3.2 DPTR FM NORMAL: 3.49 2 = FOG REDUCING VISIBILITY
HIGHEST: 91 ON 1 GRTST 24HR 2.99 ON 13-13 TO 1/4 MILE OR LESS
LOWEST: 17 ON 31 3 = THUNDER
SNOW, ICE PELLETS, HAIL 4 = ICE PELLETS
TOTAL MONTH: 0.0 INCH 5 = HAIL
GRTST 24HR 0.0 6 = FREEZING RAIN OR DRIZZLE
GRTST DEPTH: 0 7 = DUSTSTORM OR SANDSTORM:
VSBY 1/2 MILE OR LESS
8 = SMOKE OR HAZE
[NO. OF DAYS WITH] [WEATHER - DAYS WITH] 9 = BLOWING SNOW
X = TORNADO
MAX 32 OR BELOW: 2 0.01 INCH OR MORE: 14
MAX 90 OR ABOVE: 1 0.10 INCH OR MORE: 6
MIN 32 OR BELOW: 7 0.50 INCH OR MORE: 2
MIN 0 OR BELOW: 0 1.00 INCH OR MORE: 2
[HDD (BASE 65) ]
TOTAL THIS MO. 466 CLEAR (SCALE 0-3) 13
DPTR FM NORMAL -86 PTCLDY (SCALE 4-7) 11
TOTAL FM JUL 1 556 CLOUDY (SCALE 8-10) 7
DPTR FM NORMAL -221
[CDD (BASE 65) ]
TOTAL THIS MO. 25
DPTR FM NORMAL 20 [PRESSURE DATA]
TOTAL FM JAN 1 749 HIGHEST SLP 30.47 ON 31
DPTR FM NORMAL 222 LOWEST SLP 29.59 ON 13
[REMARKS]
#FINAL-10-23#