693
CXUS56 KPQR 011200
CF6EUG
PRELIMINARY LOCAL CLIMATOLOGICAL DATA (WS FORM: F-6)
STATION: EUGENE OR
MONTH: JULY
YEAR: 2020
LATITUDE: 44 7 N
LONGITUDE: 123 13 W
TEMPERATURE IN F: :PCPN: SNOW: WIND :SUNSHINE: SKY :PK WND
================================================================================
1 2 3 4 5 6A 6B 7 8 9 10 11 12 13 14 15 16 17 18
12Z AVG MX 2MIN
DY MAX MIN AVG DEP HDD CDD WTR SNW DPTH SPD SPD DIR MIN PSBL S-S WX SPD DR
================================================================================
1 71 54 63 -1 2 0 0.00 0.0 0 4.7 15 320 M M 8 8 17 340
2 78 50 64 0 1 0 0.00 0.0 0 5.0 14 30 M M 6 18 20
3 75 51 63 -1 2 0 T 0.0 0 2.8 15 260 M M 6 18 260
4 77 50 64 -1 1 0 0.00 0.0 0 5.3 15 330 M M 5 17 330
5 80 49 65 0 0 0 0.00 0.0 0 3.0 15 330 M M 5 18 350
6 68 52 60 -5 5 0 0.00 0.0 0 5.4 14 240 M M 9 8 16 250
7 76 56 66 0 0 1 0.00 0.0 0 6.7 16 280 M M 8 23 270
8 79 56 68 2 0 3 0.00 0.0 0 6.3 15 10 M M 5 8 20 10
9 77 51 64 -2 1 0 0.00 0.0 0 3.0 12 290 M M 5 18 15 290
10 83 54 69 3 0 4 0.00 0.0 0 3.5 12 360 M M 5 8 17 360
11 80 51 66 0 0 1 0.00 0.0 0 7.3 17 240 M M 3 23 240
12 83 50 67 0 0 2 0.00 0.0 0 5.9 16 350 M M 4 32 350
13 83 49 66 -1 0 1 0.00 0.0 0 7.9 18 350 M M 0 24 360
14 86 50 68 1 0 3 0.00 0.0 0 8.4 22 20 M M 1 32 340
15 91 56 74 7 0 9 0.00 0.0 0 8.5 22 350 M M 0 8 27 360
16 91 56 74 7 0 9 0.00 0.0 0 7.3 18 350 M M 1 22 360
17 82 57 70 3 0 5 0.00 0.0 0 7.7 18 350 M M 6 23 10
18 85 50 68 0 0 3 0.00 0.0 0 11.2 21 10 M M 1 26 360
19 92 53 73 5 0 8 0.00 0.0 0 6.6 17 40 M M 1 25 30
20 95 54 75 7 0 10 0.00 0.0 0 5.0 15 40 M M 0 18 20 20
21 94 54 74 6 0 9 0.00 0.0 0 5.6 18 10 M M 0 1 21 20
22 88 55 72 4 0 7 0.00 0.0 0 6.1 16 340 M M 3 8 20 10
23 82 53 68 0 0 3 0.00 0.0 0 5.6 15 360 M M 3 8 24 20
24 77 53 65 -3 0 0 0.00 0.0 0 10.0 21 360 M M 5 30 350
25 82 49 66 -2 0 1 0.00 0.0 0 10.1 21 30 M M 0 8 26 30
26 98 52 75 7 0 10 0.00 0.0 0 5.5 13 20 M M 1 16 30
27 99 60 80 12 0 15 0.00 0.0 0 5.7 14 260 M M 5 17 250
28 94 57 76 8 0 11 0.00 0.0 0 6.7 16 20 M M 2 20 10
29 96 56 76 8 0 11 0.00 0.0 0 3.9 12 360 M M 1 16 10
30 98 56 77 9 0 12 0.00 0.0 0 5.7 18 240 M M 1 22 240
31 89 57 73 5 0 8 0.00 0.0 0 9.5 17 270 M M 3 8 21 250
================================================================================
SM 2629 1651 12 146 T 0.0 195.9 M 103
================================================================================
AV 84.8 53.3 6.3 FASTST M M 3 MAX(MPH)
MISC ----> # 22 20 # 32 350
================================================================================
NOTES:
# LAST OF SEVERAL OCCURRENCES
COLUMN 17 PEAK WIND IN M.P.H.
PRELIMINARY LOCAL CLIMATOLOGICAL DATA (WS FORM: F-6) , PAGE 2
STATION: EUGENE OR
MONTH: JULY
YEAR: 2020
LATITUDE: 44 7 N
LONGITUDE: 123 13 W
[TEMPERATURE DATA] [PRECIPITATION DATA] SYMBOLS USED IN COLUMN 16
AVERAGE MONTHLY: 69.0 TOTAL FOR MONTH: T 1 = FOG OR MIST
DPTR FM NORMAL: 2.2 DPTR FM NORMAL: -0.54 2 = FOG REDUCING VISIBILITY
HIGHEST: 99 ON 27 GRTST 24HR T ON 3- 3 TO 1/4 MILE OR LESS
LOWEST: 49 ON 25,13 3 = THUNDER
SNOW, ICE PELLETS, HAIL 4 = ICE PELLETS
TOTAL MONTH: 0.0 INCH 5 = HAIL
GRTST 24HR 0.0 6 = FREEZING RAIN OR DRIZZLE
GRTST DEPTH: 0 7 = DUSTSTORM OR SANDSTORM:
VSBY 1/2 MILE OR LESS
8 = SMOKE OR HAZE
[NO. OF DAYS WITH] [WEATHER - DAYS WITH] 9 = BLOWING SNOW
X = TORNADO
MAX 32 OR BELOW: 0 0.01 INCH OR MORE: 0
MAX 90 OR ABOVE: 10 0.10 INCH OR MORE: 0
MIN 32 OR BELOW: 0 0.50 INCH OR MORE: 0
MIN 0 OR BELOW: 0 1.00 INCH OR MORE: 0
[HDD (BASE 65) ]
TOTAL THIS MO. 12 CLEAR (SCALE 0-3) 17
DPTR FM NORMAL -24 PTCLDY (SCALE 4-7) 13
TOTAL FM JUL 1 12 CLOUDY (SCALE 8-10) 1
DPTR FM NORMAL -24
[CDD (BASE 65) ]
TOTAL THIS MO. 146
DPTR FM NORMAL 53 [PRESSURE DATA]
TOTAL FM JAN 1 196 HIGHEST SLP 30.21 ON 4
DPTR FM NORMAL 79 LOWEST SLP 29.77 ON 27
[REMARKS]
#FINAL-07-20#