000
CXUS53 KPAH 032330
CLMEVV
CLIMATE REPORT
NATIONAL WEATHER SERVICE PADUCAH KY
630 PM CDT MON JUL 03 2023
...................................
...THE EVANSVILLE IN CLIMATE SUMMARY FOR THE MONTH OF JUNE 2023...
CLIMATE NORMAL PERIOD 1991 TO 2020
CLIMATE RECORD PERIOD 1896 TO 2023
WEATHER OBSERVED NORMAL DEPART LAST YEAR`S
VALUE DATE(S) VALUE FROM VALUE DATE(S)
NORMAL
................................................................
TEMPERATURE (F)
RECORD
HIGH 107 06/29/2012
06/28/2012
LOW 41 06/01/1966
06/02/1956
HIGHEST 99 06/25 98 06/13
06/22
LOWEST 52 06/09 52 06/29
06/10
06/13
AVG. MAXIMUM 86.5 85.7 0.8 88.2
AVG. MINIMUM 61.6 65.3 -3.7 64.9
MEAN 74.1 75.5 -1.4 76.5
DAYS MAX >= 90 8 9.0 -1.0 11
DAYS MAX <= 32 0 0.0 0.0 0
DAYS MIN <= 32 0 0.0 0.0 0
DAYS MIN <= 0 0 0.0 0.0 0
PRECIPITATION (INCHES)
RECORD
MAXIMUM 11.44 1900
MINIMUM 0.15 2012
TOTALS 3.09 4.44 -1.35 0.97
DAILY AVG. 0.10 0.15 -0.05 0.03
DAYS >= .01 7 10.1 -3.1 5
DAYS >= .10 2 6.7 -4.7 3
DAYS >= .50 2 2.8 -0.8 0
DAYS >= 1.00 1 1.3 -0.3 0
GREATEST
24 HR. TOTAL 2.38 06/29 TO 06/29
DEGREE DAYS
COOLING TOTAL 279 319 -40 352
SINCE 1/1 422 486 -64 MM
FREEZE DATES
EARLIEST 10/19 10/19
LATEST 04/24 04/03
................................................................
WIND (MPH)
AVERAGE WIND SPEED 5.9
HIGHEST WIND SPEED/DIRECTION 43/050 DATE 06/29
HIGHEST GUST SPEED/DIRECTION 55/050 DATE 06/29
SKY COVER
POSSIBLE SUNSHINE (PERCENT) MM
AVERAGE SKY COVER 0.22
NUMBER OF DAYS FAIR 21
NUMBER OF DAYS PC 8
NUMBER OF DAYS CLOUDY 1
AVERAGE RH (PERCENT) 62
WEATHER CONDITIONS. NUMBER OF DAYS WITH
THUNDERSTORM 4 MIXED PRECIP 0
HEAVY RAIN 2 RAIN 2
LIGHT RAIN 10 FREEZING RAIN 0
LT FREEZING RAIN 0 HAIL 0
HEAVY SNOW 0 SNOW 0
LIGHT SNOW 0 SLEET 0
FOG 9 FOG W/VIS <= 1/4 MILE 0
HAZE 12
- INDICATES NEGATIVE NUMBERS.
R INDICATES RECORD WAS SET OR TIED.
MM INDICATES DATA IS MISSING.
T INDICATES TRACE AMOUNT.
$$