000
CXUS56 KSLC 011246
CF6EVW
PRELIMINARY LOCAL CLIMATOLOGICAL DATA (WS FORM: F-6)
STATION: EVANSTON WY
MONTH: OCTOBER
YEAR: 2020
LATITUDE: 41 16 N
LONGITUDE: 111 2 W
TEMPERATURE IN F: :PCPN: SNOW: WIND :SUNSHINE: SKY :PK WND
================================================================================
1 2 3 4 5 6A 6B 7 8 9 10 11 12 13 14 15 16 17 18
12Z AVG MX 2MIN
DY MAX MIN AVG DEP HDD CDD WTR SNW DPTH SPD SPD DIR MIN PSBL S-S WX SPD DR
================================================================================
1 75 38 57 7 8 0 0.00 0.0 0 4.3 13 350 M M 0 8 16 360
2 69 47 58 9 7 0 0.00 0.0 0 7.2 14 230 M M 1 8 16 230
3 72 40 56 7 9 0 0.00 0.0 0 5.1 16 10 M M 0 22 10
4 73 44 59 10 6 0 0.00 0.0 0 10.7 25 270 M M 0 31 300
5 74 43 59 11 6 0 0.00 0.0 0 10.6 23 260 M M 0 31 240
6 75 42 59 11 6 0 0.00 0.0 0 8.1 18 260 M M 0 25 230
7 76 41 59 11 6 0 0.00 0.0 0 7.0 15 290 M M 0 18 300
8 75 47 61 14 4 0 0.00 0.0 0 11.5 28 240 M M 0 33 230
9 74 50 62 15 3 0 0.00 0.0 0 7.9 20 250 M M 0 24 220
10 72 46 59 13 6 0 0.00 0.0 0 16.7 36 240 M M 2 43 200
11 54 31 43 -3 22 0 0.17 M 0 16.5 33 260 M M 5 12 42 260
12 59 30 45 -1 20 0 0.00 0.0 0 15.7 36 260 M M 0 44 250
13 66 38 52 7 13 0 0.00 0.0 0 15.3 31 240 M M 0 39 250
14 56 33 45 0 20 0 T M 0 18.2 30 280 M M 4 39 300
15 50 28 39 -5 26 0 0.00 0.0 0 11.6 20 260 M M 0 25 260
16 58 24 41 -3 24 0 0.00 0.0 0 16.1 29 230 M M 0 39 240
17 61 43 52 8 13 0 0.00 0.0 0 21.2 41 270 M M 1 52 260
18 62 41 52 9 13 0 0.00 0.0 0 18.6 32 240 M M 2 38 240
19 61 41 51 8 14 0 0.00 0.0 0 17.8 40 260 M M 0 53 270
20 61 41 51 9 14 0 0.00 0.0 0 18.2 33 260 M M 0 42 270
21 63 38 51 9 14 0 0.00 0.0 0 15.5 36 230 M M 0 52 220
22 49 24 37 -5 28 0 0.00 0.0 0 12.1 30 260 M M 3 37 260
23 45 13 29 -12 36 0 0.00 0.0 0 10.2 23 230 M M 1 28 250
24 50 29 40 -1 25 0 T M 0 14.5 33 250 M M 8 42 260
25 36 2 19 -21 46 0 0.05 M 0 17.4 28 70 M M 9 128 35 70
26 26 -1 13 -27 52 0 0.00 0.0 0 8.0 20 70 M M 1 24 80
27 39 15 27 -12 38 0 0.00 0.0 0 7.1 14 230 M M 0 8 17 230
28 54 24 39 0 26 0 0.00 0.0 0 4.8 18 350 M M 0 22 350
29 58 30 44 6 21 0 0.00 0.0 0 8.8 15 270 M M 0 20 240
30 60 32 46 8 19 0 0.00 0.0 0 12.7 28 240 M M 0 35 250
31 57 34 46 9 19 0 0.00 0.0 0 9.0 24 260 M M 0 28 260
================================================================================
SM 1860 1028 564 0 0.22 0.0 378.4 M 37
================================================================================
AV 60.0 33.2 12.2 FASTST M M 1 MAX(MPH)
MISC ----> # 41 270 # 53 270
================================================================================
NOTES:
# LAST OF SEVERAL OCCURRENCES
COLUMN 17 PEAK WIND IN M.P.H.
PRELIMINARY LOCAL CLIMATOLOGICAL DATA (WS FORM: F-6) , PAGE 2
STATION: EVANSTON WY
MONTH: OCTOBER
YEAR: 2020
LATITUDE: 41 16 N
LONGITUDE: 111 2 W
[TEMPERATURE DATA] [PRECIPITATION DATA] SYMBOLS USED IN COLUMN 16
AVERAGE MONTHLY: 46.6 TOTAL FOR MONTH: 0.22 1 = FOG OR MIST
DPTR FM NORMAL: 2.8 DPTR FM NORMAL: -0.95 2 = FOG REDUCING VISIBILITY
HIGHEST: 76 ON 7 GRTST 24HR 0.17 ON 11-11 TO 1/4 MILE OR LESS
LOWEST: -1 ON 26 3 = THUNDER
SNOW, ICE PELLETS, HAIL 4 = ICE PELLETS
TOTAL MONTH: 0.0 INCH 5 = HAIL
GRTST 24HR 0.0 6 = FREEZING RAIN OR DRIZZLE
GRTST DEPTH: 0 7 = DUSTSTORM OR SANDSTORM:
VSBY 1/2 MILE OR LESS
8 = SMOKE OR HAZE
[NO. OF DAYS WITH] [WEATHER - DAYS WITH] 9 = BLOWING SNOW
X = TORNADO
MAX 32 OR BELOW: 1 0.01 INCH OR MORE: 2
MAX 90 OR ABOVE: 0 0.10 INCH OR MORE: 1
MIN 32 OR BELOW: 13 0.50 INCH OR MORE: 0
MIN 0 OR BELOW: 1 1.00 INCH OR MORE: 0
[HDD (BASE 65) ]
TOTAL THIS MO. 564 CLEAR (SCALE 0-3) 27
DPTR FM NORMAL -92 PTCLDY (SCALE 4-7) 3
TOTAL FM JUL 1 817 CLOUDY (SCALE 8-10) 1
DPTR FM NORMAL -236
[CDD (BASE 65) ]
TOTAL THIS MO. 0
DPTR FM NORMAL 0 [PRESSURE DATA]
TOTAL FM JAN 1 337 HIGHEST SLP 30.49 ON 26
DPTR FM NORMAL 175 LOWEST SLP 29.59 ON 11
[REMARKS]
#FINAL-10-20#