000
CXUS52 KMHX 010600
CF6EWN
PRELIMINARY LOCAL CLIMATOLOGICAL DATA (WS FORM: F-6)
STATION: NEW BERN NC
MONTH: APRIL
YEAR: 2021
LATITUDE: 35 4 N
LONGITUDE: 77 3 W
TEMPERATURE IN F: :PCPN: SNOW: WIND :SUNSHINE: SKY :PK WND
================================================================================
1 2 3 4 5 6A 6B 7 8 9 10 11 12 13 14 15 16 17 18
12Z AVG MX 2MIN
DY MAX MIN AVG DEP HDD CDD WTR SNW DPTH SPD SPD DIR MIN PSBL S-S WX SPD DR
================================================================================
1 66 43 55 -3 10 0 0.03 0.0 0 11.2 22 310 M M 9 1 28 310
2 47 31 39 -19 26 0 0.00 0.0 0 10.8 24 350 M M 1 31 360
3 57 29 43 -16 22 0 0.00 0.0 0 5.0 16 350 M M 0 23 360
4 73 37 55 -4 10 0 0.00 0.0 0 7.5 17 260 M M 0 23 270
5 76 47 62 3 3 0 0.00 0.0 0 5.7 10 20 M M 0 M M
6 82 51 67 8 0 2 0.00 0.0 0 5.8 14 320 M M 0 1 19 360
7 87 52 70 10 0 5 0.00 0.0 0 3.0 14 330 M M 0 1 18 350
8 81 51 66 6 0 1 0.00 0.0 0 5.3 16 120 M M 1 25 100
9 83 57 70 10 0 5 0.00 0.0 0 5.7 16 180 M M 2 1 24 160
10 82 58 70 10 0 5 0.05 0.0 0 8.3 16 180 M M 3 1 22 180
11 81 63 72 11 0 7 0.34 0.0 0 9.2 20 180 M M 3 13 28 180
12 79 59 69 8 0 4 0.00 0.0 0 6.6 18 290 M M 0 22 290
13 71 53 62 1 3 0 0.00 0.0 0 8.7 18 360 M M 5 1 23 350
14 76 47 62 0 3 0 T 0.0 0 8.5 21 210 M M 2 1 30 210
15 72 55 64 2 1 0 T 0.0 0 7.3 21 210 M M 7 26 350
16 69 46 58 -4 7 0 0.00 0.0 0 6.9 17 350 M M 0 22 320
17 71 49 60 -2 5 0 0.00 0.0 0 4.9 10 130 M M 1 15 100
18 73 51 62 0 3 0 0.00 0.0 0 3.2 13 120 M M 3 17 130
19 74 48 61 -2 4 0 0.35 0.0 0 6.4 21 340 M M 3 13 27 340
20 73 43 58 -5 7 0 0.00 0.0 0 3.3 14 170 M M 3 12 18 210
21 82 49 66 3 0 1 0.00 0.0 0 11.1 24 340 M M 2 34 340
22 60 39 50 -14 15 0 0.00 0.0 0 7.9 22 320 M M 0 29 330
23 68 37 53 -11 12 0 0.00 0.0 0 5.1 16 210 M M 0 22 210
24 70 45 58 -6 7 0 0.06 0.0 0 5.8 21 180 M M 5 31 170
25 68 51 60 -4 5 0 T 0.0 0 7.9 20 10 M M 6 25 10
26 77 47 62 -2 3 0 0.00 0.0 0 3.1 13 20 M M 0 1 20 40
27 82 50 66 1 0 1 0.00 0.0 0 9.2 21 220 M M 0 1 27 210
28 86 61 74 9 0 9 0.00 0.0 0 10.5 18 200 M M 0 25 200
29 86 65 76 11 0 11 0.00 0.0 0 12.2 20 200 M M 0 8 29 260
30 82 57 70 5 0 5 0.00 0.0 0 11.0 22 310 M M 1 29 330
================================================================================
SM 2234 1471 146 56 0.83 0.0 217.1 M 57
================================================================================
AV 74.5 49.0 7.2 FASTST M M 2 MAX(MPH)
MISC ----> # 24 350 34 340
================================================================================
NOTES:
# LAST OF SEVERAL OCCURRENCES
COLUMN 17 PEAK WIND IN M.P.H.
PRELIMINARY LOCAL CLIMATOLOGICAL DATA (WS FORM: F-6) , PAGE 2
STATION: NEW BERN NC
MONTH: APRIL
YEAR: 2021
LATITUDE: 35 4 N
LONGITUDE: 77 3 W
[TEMPERATURE DATA] [PRECIPITATION DATA] SYMBOLS USED IN COLUMN 16
AVERAGE MONTHLY: 61.8 TOTAL FOR MONTH: 0.83 1 = FOG OR MIST
DPTR FM NORMAL: 0.0 DPTR FM NORMAL: -2.34 2 = FOG REDUCING VISIBILITY
HIGHEST: 87 ON 7 GRTST 24HR 0.89 ON 31- 1 TO 1/4 MILE OR LESS
LOWEST: 29 ON 3 3 = THUNDER
SNOW, ICE PELLETS, HAIL 4 = ICE PELLETS
TOTAL MONTH: 0.0 INCH 5 = HAIL
GRTST 24HR 0.0 6 = FREEZING RAIN OR DRIZZLE
GRTST DEPTH: 0 7 = DUSTSTORM OR SANDSTORM:
VSBY 1/2 MILE OR LESS
8 = SMOKE OR HAZE
[NO. OF DAYS WITH] [WEATHER - DAYS WITH] 9 = BLOWING SNOW
X = TORNADO
MAX 32 OR BELOW: 0 0.01 INCH OR MORE: 5
MAX 90 OR ABOVE: 0 0.10 INCH OR MORE: 2
MIN 32 OR BELOW: 2 0.50 INCH OR MORE: 0
MIN 0 OR BELOW: 0 1.00 INCH OR MORE: 0
[HDD (BASE 65) ]
TOTAL THIS MO. 146 CLEAR (SCALE 0-3) 23
DPTR FM NORMAL -6 PTCLDY (SCALE 4-7) 6
TOTAL FM JUL 1 2446 CLOUDY (SCALE 8-10) 1
DPTR FM NORMAL -222
[CDD (BASE 65) ]
TOTAL THIS MO. 56
DPTR FM NORMAL 0 [PRESSURE DATA]
TOTAL FM JAN 1 88 HIGHEST SLP M ON M
DPTR FM NORMAL 18 LOWEST SLP 29.54 ON 11
[REMARKS]
#FINAL-04-21#