000
CXUS51 KOKX 010910
CF6EWR
PRELIMINARY LOCAL CLIMATOLOGICAL DATA (WS FORM: F-6)
STATION: NEWARK NJ
MONTH: JULY
YEAR: 2022
LATITUDE: 40 42 N
LONGITUDE: 74 10 W
TEMPERATURE IN F: :PCPN: SNOW: WIND :SUNSHINE: SKY :PK WND
================================================================================
1 2 3 4 5 6A 6B 7 8 9 10 11 12 13 14 15 16 17 18
12Z AVG MX 2MIN
DY MAX MIN AVG DEP HDD CDD WTR SNW DPTH SPD SPD DIR MIN PSBL S-S WX SPD DR
================================================================================
1 99 71 85 8 0 20 T 0.0 0 12.4 35 230 M M 6 3 43 220
2 96 79 88 11 0 23 0.00 0.0 0 11.7 21 230 M M 8 28 230
3 93 77 85 8 0 20 0.00 0.0 0 11.0 21 340 M M 6 28 310
4 91 64 78 0 0 13 0.00 0.0 0 7.4 17 240 M M 5 23 280
5 91 71 81 3 0 16 0.04 0.0 0 10.3 20 180 M M 8 25 180
6 91 77 84 6 0 19 0.00 0.0 0 11.9 20 310 M M 8 30 290
7 84 71 78 0 0 13 0.00 0.0 0 8.1 14 140 M M 8 20 170
8 91 70 81 3 0 16 0.12 0.0 0 4.3 17 230 M M 8 24 230
9 89 74 82 4 0 17 0.00 0.0 0 7.5 16 30 M M 8 26 30
10 85 67 76 -2 0 11 0.00 0.0 0 7.9 17 10 M M 4 22 360
11 88 66 77 -1 0 12 0.00 0.0 0 9.9 18 150 M M 4 25 170
12 98 70 84 6 0 19 0.00 0.0 0 14.0 25 240 M M 5 3 31 240
13 96 76 86 8 0 21 0.00 0.0 0 8.6 16 260 M M 7 28 270
14 94 73 84 6 0 19 0.00 0.0 0 9.9 18 310 M M 7 31 300
15 86 73 80 2 0 15 0.00 0.0 0 8.1 15 10 M M 7 21 150
16 83 72 78 0 0 13 0.09 0.0 0 4.9 14 130 M M 8 19 110
17 85 70 78 0 0 13 0.06 0.0 0 5.8 18 230 M M 9 23 240
18 93 74 84 6 0 19 0.07 0.0 0 6.8 24 210 M M 9 138 32 210
19 94 74 84 6 0 19 0.00 0.0 0 11.7 21 250 M M 5 27 280
20 100 74 87 9 0 22 0.00 0.0 0 8.5 21 230 M M 3 28 220
21 100 78 89 11 0 24 0.01 0.0 0 11.6 25 250 M M 4 3 31 240
22 100 79 90 12 0 25 0.00 0.0 0 7.4 25 360 M M 4 42 20
23 101 78 90 12 0 25 0.00 0.0 0 5.6 15 250 M M 4 22 170
24 102 77 90 12 0 25 0.00 0.0 0 12.7 23 220 M M 7 33 230
25 92 79 86 8 0 21 0.03 0.0 0 12.1 22 340 M M 8 3 31 230
26 86 71 79 1 0 14 0.00 0.0 0 8.6 21 20 M M 7 26 280
27 87 69 78 0 0 13 0.00 0.0 0 6.5 14 150 M M 7 21 150
28 92 74 83 5 0 18 0.12 0.0 0 7.8 24 260 M M 8 13 31 280
29 89 74 82 4 0 17 0.01 0.0 0 8.2 20 300 M M 8 25 290
30 91 75 83 5 0 18 T 0.0 0 11.4 21 330 M M 5 30 300
31 87 68 78 0 0 13 T 0.0 0 6.8 14 160 M M 6 19 150
================================================================================
SM 2854 2265 0 553 0.55 0.0 279.4 M 201
================================================================================
AV 92.1 73.1 9.0 FASTST M M 6 MAX(MPH)
MISC ----> 35 230 43 220
================================================================================
NOTES:
# LAST OF SEVERAL OCCURRENCES
COLUMN 17 PEAK WIND IN M.P.H.
PRELIMINARY LOCAL CLIMATOLOGICAL DATA (WS FORM: F-6) , PAGE 2
STATION: NEWARK NJ
MONTH: JULY
YEAR: 2022
LATITUDE: 40 42 N
LONGITUDE: 74 10 W
[TEMPERATURE DATA] [PRECIPITATION DATA] SYMBOLS USED IN COLUMN 16
AVERAGE MONTHLY: 82.6 TOTAL FOR MONTH: 0.55 1 = FOG OR MIST
DPTR FM NORMAL: 4.4 DPTR FM NORMAL: -4.11 2 = FOG REDUCING VISIBILITY
HIGHEST: 102 ON 24 GRTST 24HR 0.15 ON 16-17 TO 1/4 MILE OR LESS
LOWEST: 64 ON 4 3 = THUNDER
SNOW, ICE PELLETS, HAIL 4 = ICE PELLETS
TOTAL MONTH: 0.0 INCH 5 = HAIL
GRTST 24HR 0.0 6 = FREEZING RAIN OR DRIZZLE
GRTST DEPTH: 0 7 = DUSTSTORM OR SANDSTORM:
VSBY 1/2 MILE OR LESS
8 = SMOKE OR HAZE
[NO. OF DAYS WITH] [WEATHER - DAYS WITH] 9 = BLOWING SNOW
X = TORNADO
MAX 32 OR BELOW: 0 0.01 INCH OR MORE: 9
MAX 90 OR ABOVE: 20 0.10 INCH OR MORE: 2
MIN 32 OR BELOW: 0 0.50 INCH OR MORE: 0
MIN 0 OR BELOW: 0 1.00 INCH OR MORE: 0
[HDD (BASE 65) ]
TOTAL THIS MO. 0 CLEAR (SCALE 0-3) 1
DPTR FM NORMAL 0 PTCLDY (SCALE 4-7) 26
TOTAL FM JUL 1 0 CLOUDY (SCALE 8-10) 4
DPTR FM NORMAL 0
[CDD (BASE 65) ]
TOTAL THIS MO. 553
DPTR FM NORMAL 145 [PRESSURE DATA]
TOTAL FM JAN 1 969 HIGHEST SLP M ON M
DPTR FM NORMAL 232 LOWEST SLP 29.60 ON 21
[REMARKS]
#FINAL-07-22#