000
CXUS53 KIND 011621
CLMEYE
CLIMATE REPORT
NATIONAL WEATHER SERVICE INDIANAPOLIS IN
1121 AM EST FRI MAR 01 2024
...................................
...THE INDIANAPOLIS EAGLE CREEK IN CLIMATE SUMMARY FOR THE MONTH OF FEBRUARY 2024...
CLIMATE NORMAL PERIOD 1991 TO 2020
CLIMATE RECORD PERIOD 9999 TO 9999
WEATHER OBSERVED NORMAL DEPART LAST YEAR`S
VALUE DATE(S) VALUE FROM VALUE DATE(S)
NORMAL
................................................................
TEMPERATURE (F)
HIGHEST 74 02/26 71 02/22
LOWEST 14 02/17 10 02/01
AVG. MAXIMUM 52.8 41.0 11.8 50.5
AVG. MINIMUM 31.0 24.0 7.0 29.3
MEAN 41.9 32.5 9.4 39.9
DAYS MAX >= 90 0 0.0 0.0 0
DAYS MAX <= 32 1 7.2 -6.2 2
DAYS MIN <= 32 19 22.8 -3.8 17
DAYS MIN <= 0 0 0.8 -0.8 0
PRECIPITATION (INCHES)
TOTALS 1.17R 2.07 -0.90 2.53
DAILY AVG. 0.04 NAN NAN 0.09
DAYS >= .01 3 9.8 -6.8 6
DAYS >= .10 3 5.5 -2.5 5
DAYS >= .50 1 1.6 -0.6 1
DAYS >= 1.00 0 0.6 -0.6 0
GREATEST
24 HR. TOTAL 0.61 02/28 TO 02/28
DEGREE DAYS
HEATING TOTAL 663 910 -247 694
SINCE 7/1 3352 4084 -732 MM
COOLING TOTAL 1 0 1 0
SINCE 1/1 1 0 1 MM
................................................................
WIND (MPH)
AVERAGE WIND SPEED 7.2
HIGHEST WIND SPEED/DIRECTION 30/300 DATE 02/28
HIGHEST GUST SPEED/DIRECTION 41/310 DATE 02/28
SKY COVER
AVERAGE SKY COVER 0.25
AVERAGE RH (PERCENT) 63
WEATHER CONDITIONS. NUMBER OF DAYS WITH
THUNDERSTORM 2 MIXED PRECIP 0
HEAVY RAIN 2 RAIN 2
LIGHT RAIN 6 FREEZING RAIN 0
LT FREEZING RAIN 0 HAIL 0
HEAVY SNOW 1 SNOW 1
LIGHT SNOW 4 SLEET 0
FOG 14 FOG W/VIS <= 1/4 MILE 2
HAZE 6
- INDICATES NEGATIVE NUMBERS.
R INDICATES RECORD WAS SET OR TIED.
MM INDICATES DATA IS MISSING.
T INDICATES TRACE AMOUNT.
$$