000
CXUS53 KIND 011511
CLMEYE
CLIMATE REPORT
NATIONAL WEATHER SERVICE INDIANAPOLIS IN
1111 AM EDT SAT JUL 01 2023
...................................
...THE INDIANAPOLIS EAGLE CREEK IN CLIMATE SUMMARY FOR THE MONTH OF JUNE 2023...
CLIMATE NORMAL PERIOD 1991 TO 2020
CLIMATE RECORD PERIOD 9999 TO 9999
WEATHER OBSERVED NORMAL DEPART LAST YEAR`S
VALUE DATE(S) VALUE FROM VALUE DATE(S)
NORMAL
................................................................
TEMPERATURE (F)
HIGHEST 91 06/03 96 06/14
LOWEST 52 06/08 54 06/28
06/16
AVG. MAXIMUM 81.8 82.1 -0.3 86.0
AVG. MINIMUM 60.4 63.0 -2.6 63.7
MEAN 71.1 72.5 -1.4 74.8
DAYS MAX >= 90 3 3.2 -0.2 8
DAYS MAX <= 32 0 0.0 0.0 0
DAYS MIN <= 32 0 0.0 0.0 0
DAYS MIN <= 0 0 0.0 0.0 0
PRECIPITATION (INCHES)
TOTALS 1.83 5.06 -3.23 1.01
DAILY AVG. 0.06 0.17 -0.11 0.03
DAYS >= .01 10 12.5 -2.5 9
DAYS >= .10 5 8.0 -3.0 4
DAYS >= .50 1 3.5 -2.5 0
DAYS >= 1.00 0 1.6 -1.6 0
GREATEST
24 HR. TOTAL 0.68 06/11 TO 06/12
DEGREE DAYS
HEATING TOTAL 12 12 0 0
SINCE 7/1 4679 5218 -539 MM
COOLING TOTAL 196 239 -43 303
SINCE 1/1 293 343 -50 MM
................................................................
WIND (MPH)
AVERAGE WIND SPEED 6.2
HIGHEST WIND SPEED/DIRECTION 100/MM DATE 06/07
HIGHEST GUST SPEED/DIRECTION 54/250 DATE 06/29
SKY COVER
AVERAGE SKY COVER 0.32
AVERAGE RH (PERCENT) 61
WEATHER CONDITIONS. NUMBER OF DAYS WITH
THUNDERSTORM 4 MIXED PRECIP 0
HEAVY RAIN 3 RAIN 4
LIGHT RAIN 12 FREEZING RAIN 0
LT FREEZING RAIN 0 HAIL 0
HEAVY SNOW 0 SNOW 0
LIGHT SNOW 0 SLEET 0
FOG 12 FOG W/VIS <= 1/4 MILE 0
HAZE 12
- INDICATES NEGATIVE NUMBERS.
R INDICATES RECORD WAS SET OR TIED.
MM INDICATES DATA IS MISSING.
T INDICATES TRACE AMOUNT.
$$