000
CXUS52 KRAH 010845
CF6FAY
PRELIMINARY LOCAL CLIMATOLOGICAL DATA (WS FORM: F-6)
STATION: FAYETTEVILLE NC
MONTH: AUGUST
YEAR: 2022
LATITUDE: 35 0 N
LONGITUDE: 78 53 W
TEMPERATURE IN F: :PCPN: SNOW: WIND :SUNSHINE: SKY :PK WND
================================================================================
1 2 3 4 5 6A 6B 7 8 9 10 11 12 13 14 15 16 17 18
12Z AVG MX 2MIN
DY MAX MIN AVG DEP HDD CDD WTR SNW DPTH SPD SPD DIR MIN PSBL S-S WX SPD DR
================================================================================
1 94 76 85 4 0 20 T M M 11.1 24 250 M M 2 3 30 260
2 97 74 86 5 0 21 0.00 M M 7.2 15 240 M M 0 20 240
3 97 75 86 5 0 21 0.00 M M 4.9 17 190 M M 0 3 21 190
4 95 74 85 4 0 20 0.00 M M 8.0 18 190 M M 1 3 25 210
5 96 74 85 4 0 20 0.00 M M 5.6 21 140 M M 1 25 140
6 95 72 84 3 0 19 0.04 M M 3.9 20 190 M M 3 13 23 190
7 96 73 85 4 0 20 0.00 M M 4.4 17 100 M M 2 20 100
8 96 73 85 4 0 20 0.00 M M 7.3 15 160 M M 1 17 160
9 97 75 86 5 0 21 0.00 M M 9.4 18 220 M M 2 24 210
10 98 76 87 7 0 22 0.00 M M 10.4 22 230 M M 0 30 250
11 92 76 84 4 0 19 T M M 10.3 21 230 M M 2 26 220
12 82 69 76 -4 0 11 0.18 M M 4.9 10 230 M M 6 13 14 240
13 87 65 76 -4 0 11 0.00 M M 5.7 16 30 M M 1 1 23 20
14 88 61 75 -5 0 10 0.00 M M 3.7 9 30 M M 1 12 30
15 88 67 78 -2 0 13 1.15 M M 6.7 23 340 M M 8 13 29 350
16 81 67 74 -6 0 9 0.00 M M 8.1 15 10 M M 8 1 19 360
17 84 68 76 -4 0 11 0.00 M M 7.1 15 20 M M 3 21 30
18 87 64 76 -4 0 11 0.00 M M 3.7 13 160 M M 0 17 130
19 76 66 71 -9 0 6 1.23 M M 5.3 14 80 M M 7 1 19 110
20 84 70 77 -2 0 12 T M M 1.8 8 340 M M 7 1 11 340
21 85 70 78 -1 0 13 0.43 M M 4.5 17 180 M M 4 1238 23 180
22 89 71 80 1 0 15 0.01 M M 7.3 16 210 M M 6 3 18 210
23 86 71 79 0 0 14 0.00 M M 2.4 9 260 M M 2 12 320
24 89 69 79 0 0 14 0.00 M M 2.3 8 10 M M 0 1 10 20
25 88 70 79 0 0 14 0.49 M M 3.3 14 210 M M 5 1 17 210
26 88 70 79 0 0 14 0.00 M M 1.5 8 220 M M 6 12 10 160
27 92 70 81 3 0 16 0.00 M M 2.4 12 150 M M 0 1 13 140
28 91 71 81 3 0 16 0.00 M M 4.3 17 130 M M 0 1 20 140
29 89 72 81 3 0 16 0.00 M M 5.3 13 160 M M 2 1 16 180
30 91 73 82 4 0 17 0.00 M M 6.7 14 220 M M 3 1 20 220
31 93 73 83 5 0 18 0.00 M M 5.4 13 20 M M 1 16 10
================================================================================
SM 2791 2195 0 484 3.53 M 174.9 M 84
================================================================================
AV 90.0 70.8 5.6 FASTST M M 3 MAX(MPH)
MISC ----> 24 250 # 30 260
================================================================================
NOTES:
# LAST OF SEVERAL OCCURRENCES
COLUMN 17 PEAK WIND IN M.P.H.
PRELIMINARY LOCAL CLIMATOLOGICAL DATA (WS FORM: F-6) , PAGE 2
STATION: FAYETTEVILLE NC
MONTH: AUGUST
YEAR: 2022
LATITUDE: 35 0 N
LONGITUDE: 78 53 W
[TEMPERATURE DATA] [PRECIPITATION DATA] SYMBOLS USED IN COLUMN 16
AVERAGE MONTHLY: 80.4 TOTAL FOR MONTH: 3.53 1 = FOG OR MIST
DPTR FM NORMAL: 0.6 DPTR FM NORMAL: -1.83 2 = FOG REDUCING VISIBILITY
HIGHEST: 98 ON 10 GRTST 24HR 1.23 ON 19-19 TO 1/4 MILE OR LESS
LOWEST: 61 ON 14 3 = THUNDER
SNOW, ICE PELLETS, HAIL 4 = ICE PELLETS
TOTAL MONTH: M 5 = HAIL
GRTST 24HR M ON M 6 = FREEZING RAIN OR DRIZZLE
GRTST DEPTH: M ON M 7 = DUSTSTORM OR SANDSTORM:
VSBY 1/2 MILE OR LESS
8 = SMOKE OR HAZE
[NO. OF DAYS WITH] [WEATHER - DAYS WITH] 9 = BLOWING SNOW
X = TORNADO
MAX 32 OR BELOW: 0 0.01 INCH OR MORE: 7
MAX 90 OR ABOVE: 15 0.10 INCH OR MORE: 5
MIN 32 OR BELOW: 0 0.50 INCH OR MORE: 2
MIN 0 OR BELOW: 0 1.00 INCH OR MORE: 2
[HDD (BASE 65) ]
TOTAL THIS MO. 0 CLEAR (SCALE 0-3) 21
DPTR FM NORMAL 0 PTCLDY (SCALE 4-7) 10
TOTAL FM JUL 1 0 CLOUDY (SCALE 8-10) 0
DPTR FM NORMAL 0
[CDD (BASE 65) ]
TOTAL THIS MO. 484
DPTR FM NORMAL 27 [PRESSURE DATA]
TOTAL FM JAN 1 1929 HIGHEST SLP 30.26 ON 6
DPTR FM NORMAL 256 LOWEST SLP 29.80 ON 15
[REMARKS]
#FINAL-08-22#