000
CXUS52 KRAH 011350
CLMFAY
CLIMATE REPORT
NATIONAL WEATHER SERVICE RALEIGH NC
950 AM EDT WED NOV 01 2023
...................................
...THE FAYETTEVILLE NC CLIMATE SUMMARY FOR THE MONTH OF OCTOBER 2023...
CLIMATE NORMAL PERIOD 1991 TO 2020
CLIMATE RECORD PERIOD 1910 TO 2023
WEATHER OBSERVED NORMAL DEPART LAST YEAR`S
VALUE DATE(S) VALUE FROM VALUE
NORMAL
..............................................................
TEMPERATURE (F)
RECORD
HIGH 101 10/07/1954
LOW 21 10/27/1962
HIGHEST 85 10/28 84
10/30
LOWEST 39 10/24 34
AVG. MAXIMUM 76.2 74.8 1.4 73.7
AVG. MINIMUM 53.1 52.9 0.2 50.7
MEAN 64.6 63.8 0.8 62.2
DAYS MAX >= 90 0 0
DAYS MAX <= 32 0 0
DAYS MIN <= 32 0 0
DAYS MIN <= 0 0 0
PRECIPITATION (INCHES)
RECORD
MAXIMUM 15.02 2016
TOTALS 1.14 3.23 -2.09 0.26
DAYS >= .01 3
DAYS >= .10 3
DAYS >= .50 1
DAYS >= 1.00 0
GREATEST
24 HR. TOTAL 0.62 10/12 TO 10/12
DEGREE DAYS
HEATING TOTAL 76 115 -39 109
SINCE 7/1 76 122 -46 116
COOLING TOTAL 72 79 -7 30
SINCE 1/1 2061 2037 24 2273
..............................................................
WIND (MPH)
AVERAGE WIND SPEED 6.0
HIGHEST WIND SPEED/DIRECTION 26/270 DATE 10/20
HIGHEST GUST SPEED/DIRECTION 40/290 DATE 10/20
SKY COVER
POSSIBLE SUNSHINE (PERCENT) MM
AVERAGE SKY COVER 0.26
NUMBER OF DAYS FAIR 20
NUMBER OF DAYS PC 9
NUMBER OF DAYS CLOUDY 2
AVERAGE RH (PERCENT) 71
WEATHER CONDITIONS. NUMBER OF DAYS WITH
THUNDERSTORM 1 MIXED PRECIP 0
HEAVY RAIN 1 RAIN 2
LIGHT RAIN 3 FREEZING RAIN 0
LT FREEZING RAIN 0 HAIL 0
HEAVY SNOW 0 SNOW 0
LIGHT SNOW 0 SLEET 0
FOG 10 FOG W/VIS <= 1/4 MILE 4
HAZE 1
- INDICATES NEGATIVE NUMBERS.
R INDICATES RECORD WAS SET OR TIED.
MM INDICATES DATA IS MISSING.
T INDICATES TRACE AMOUNT.
&&
THERE WERE NO RECORDS IN THE MONTH OF OCTOBER.
$$