000
CXUS53 KLMK 010810
CF6FFT
PRELIMINARY LOCAL CLIMATOLOGICAL DATA (WS FORM: F-6)
STATION: FRANKFORT KY
MONTH: JANUARY
YEAR: 2022
LATITUDE: 38 10 N
LONGITUDE: 84 54 W
TEMPERATURE IN F: :PCPN: SNOW: WIND :SUNSHINE: SKY :PK WND
================================================================================
1 2 3 4 5 6A 6B 7 8 9 10 11 12 13 14 15 16 17 18
12Z AVG MX 2MIN
DY MAX MIN AVG DEP HDD CDD WTR SNW DPTH SPD SPD DIR MIN PSBL S-S WX SPD DR
================================================================================
1 62 55 59 24 6 0 1.72 M M 5.0 17 150 M M 10 1 33 270
2 57 31 44 9 21 0 0.04 M M 9.4 16 340 M M 10 1 24 360
3 36 23 30 -5 35 0 0.00 M M 6.2 18 340 M M 3 28 10
4 47 20 34 -1 31 0 0.00 M M 7.8 22 200 M M 0 33 190
5 51 30 41 7 24 0 0.00 M M 14.8 26 230 M M 1 37 240
6 30 15 23 -11 42 0 0.20 M M 5.8 14 290 M M 7 12 22 300
7 19 9 14 -20 51 0 T M M 4.8 13 230 M M 6 8 18 280
8 44 10 27 -7 38 0 0.11 M M 6.8 17 190 M M 3 24 200
9 48 27 38 4 27 0 1.53 M M 8.6 23 200 M M 7 1 37 190
10 37 18 28 -6 37 0 0.00 M M 6.1 16 240 M M 1 23 240
11 36 16 26 -8 39 0 0.00 M M 5.6 16 190 M M 0 8 22 200
12 52 32 42 8 23 0 0.00 M M 9.4 21 200 M M 0 26 210
13 50 34 42 8 23 0 0.00 M M 6.2 16 230 M M 3 19 230
14 38 30 34 0 31 0 0.00 M M 5.6 13 60 M M 7 18 18 70
15 39 28 34 0 31 0 0.00 M M 9.5 15 80 M M 6 22 80
16 32 26 29 -5 36 0 0.15 M M 8.4 14 330 M M 8 16 20 10
17 30 26 28 -6 37 0 T M M 8.9 16 270 M M 9 18 26 280
18 41 22 32 -2 33 0 0.00 M M 7.3 15 170 M M 4 21 160
19 50 32 41 7 24 0 0.19 M M 9.7 17 230 M M 8 1 27 220
20 32 22 27 -7 38 0 0.00 M M 9.7 17 10 M M 6 25 10
21 30 16 23 -11 42 0 0.00 M M 7.5 14 90 M M 6 19 40
22 34 8 21 -13 44 0 0.00 M M 5.5 15 230 M M 1 20 250
23 40 21 31 -3 34 0 0.00 M M 9.7 23 230 M M 4 31 240
24 49 18 34 0 31 0 0.02 M M 8.1 21 230 M M 6 29 230
25 41 19 30 -4 35 0 0.00 M M 7.2 16 330 M M 7 22 340
26 27 9 18 -16 47 0 0.00 M M 2.6 9 340 M M 0 12 350
27 38 7 23 -11 42 0 T M M 4.3 13 200 M M 7 1 18 260
28 33 18 26 -8 39 0 0.05 M M 5.7 18 340 M M 10 18 25 360
29 25 3 14 -20 51 0 0.00 M M 5.3 13 230 M M 3 18 330
30 44 20 32 -3 33 0 0.00 M M 7.2 15 230 M M 1 20 270
31 44 19 32 -3 33 0 0.00 M M 1.4 9 170 M M 1 18 13 250
================================================================================
SM 1236 664 1058 0 4.01 M 220.1 M 145
================================================================================
AV 39.9 21.4 7.1 FASTST M M 5 MAX(MPH)
MISC ----> 26 230 # 37 240
================================================================================
NOTES:
# LAST OF SEVERAL OCCURRENCES
COLUMN 17 PEAK WIND IN M.P.H.
PRELIMINARY LOCAL CLIMATOLOGICAL DATA (WS FORM: F-6) , PAGE 2
STATION: FRANKFORT KY
MONTH: JANUARY
YEAR: 2022
LATITUDE: 38 10 N
LONGITUDE: 84 54 W
[TEMPERATURE DATA] [PRECIPITATION DATA] SYMBOLS USED IN COLUMN 16
AVERAGE MONTHLY: 30.6 TOTAL FOR MONTH: 4.01 1 = FOG OR MIST
DPTR FM NORMAL: -3.5 DPTR FM NORMAL: 0.74 2 = FOG REDUCING VISIBILITY
HIGHEST: 62 ON 1 GRTST 24HR 2.33 ON 31- 1 TO 1/4 MILE OR LESS
LOWEST: 3 ON 29 3 = THUNDER
SNOW, ICE PELLETS, HAIL 4 = ICE PELLETS
TOTAL MONTH: M 5 = HAIL
GRTST 24HR M ON M 6 = FREEZING RAIN OR DRIZZLE
GRTST DEPTH: M ON M 7 = DUSTSTORM OR SANDSTORM:
VSBY 1/2 MILE OR LESS
8 = SMOKE OR HAZE
[NO. OF DAYS WITH] [WEATHER - DAYS WITH] 9 = BLOWING SNOW
X = TORNADO
MAX 32 OR BELOW: 8 0.01 INCH OR MORE: 9
MAX 90 OR ABOVE: 0 0.10 INCH OR MORE: 6
MIN 32 OR BELOW: 29 0.50 INCH OR MORE: 2
MIN 0 OR BELOW: 0 1.00 INCH OR MORE: 2
[HDD (BASE 65) ]
TOTAL THIS MO. 1058 CLEAR (SCALE 0-3) 11
DPTR FM NORMAL 100 PTCLDY (SCALE 4-7) 16
TOTAL FM JUL 1 2398 CLOUDY (SCALE 8-10) 4
DPTR FM NORMAL -261
[CDD (BASE 65) ]
TOTAL THIS MO. 0
DPTR FM NORMAL 0 [PRESSURE DATA]
TOTAL FM JAN 1 0 HIGHEST SLP 30.61 ON 11
DPTR FM NORMAL 0 LOWEST SLP 29.55 ON 1
[REMARKS]
#FINAL-01-22#