000
CXUS53 KLMK 010810
CF6FFT
PRELIMINARY LOCAL CLIMATOLOGICAL DATA (WS FORM: F-6)
STATION: FRANKFORT KY
MONTH: FEBRUARY
YEAR: 2024
LATITUDE: 38 10 N
LONGITUDE: 84 54 W
TEMPERATURE IN F: :PCPN: SNOW: WIND :SUNSHINE: SKY :PK WND
================================================================================
1 2 3 4 5 6A 6B 7 8 9 10 11 12 13 14 15 16 17 18
12Z AVG MX 2MIN
DY MAX MIN AVG DEP HDD CDD WTR SNW DPTH SPD SPD DIR MIN PSBL S-S WX SPD DR
================================================================================
1 57 30 44 9 21 0 0.00 M M 8.0 14 210 M M 0 20 210
2 55 32 44 9 21 0 0.00 M M 5.2 13 50 M M 3 18 60
3 55 31 43 8 22 0 0.00 M M 8.8 15 70 M M 0 22 60
4 60 32 46 11 19 0 0.00 M M 7.7 14 40 M M 0 21 30
5 61 34 48 12 17 0 0.00 M M 7.6 14 50 M M 0 19 10
6 52 29 41 5 24 0 0.00 M M 5.3 14 60 M M 4 18 19 70
7 64 25 45 9 20 0 0.00 M M 2.3 9 140 M M 0 15 170
8 65 37 51 15 14 0 T M M 8.3 24 190 M M 2 36 200
9 61 49 55 19 10 0 0.00 M M 11.2 18 200 M M 7 26 220
10 60 47 54 17 11 0 0.49 M M 6.1 23 300 M M 7 13 36 310
11 54 39 47 10 18 0 0.09 M M 3.7 13 340 M M 7 18 18 10
12 54 36 45 8 20 0 0.00 M M 7.6 16 340 M M 6 23 340
13 53 31 42 5 23 0 0.00 M M 7.4 18 330 M M 2 30 330
14 58 29 44 6 21 0 0.00 M M 2.4 8 230 M M 2 12 320
15 63 31 47 9 18 0 0.00 M M 9.0 23 230 M M 1 33 250
16 46 27 37 -1 28 0 0.23 M M 6.4 16 330 M M 5 1 24 360
17 30 16 23 -15 42 0 0.00 M M 7.4 17 330 M M 6 25 330
18 46 16 31 -7 34 0 0.00 M M 8.6 20 230 M M 0 27 230
19 53 18 36 -3 29 0 0.00 M M 0.7 9 230 M M 0 16 230
20 59 22 41 2 24 0 0.00 M M 1.8 9 180 M M 0 8 13 170
21 67 27 47 8 18 0 0.00 M M 6.4 18 190 M M 1 8 27 190
22 61 50 56 16 9 0 0.57 M M 12.2 24 220 M M 10 13 32 210
23 59 41 50 10 15 0 0.00 M M 7.5 17 300 M M 5 18 28 320
24 45 24 35 -5 30 0 T M M 7.4 22 340 M M 7 33 330
25 61 22 42 2 23 0 0.00 M M 7.0 20 220 M M 1 26 200
26 74 40 57 16 8 0 0.01 M M 9.5 25 220 M M 1 32 220
27 70 57 64 23 1 0 0.27 M M 12.4 25 220 M M 7 13 39 200
28 71 29 50 9 15 0 0.80 M M 13.2 37 200 M M 5 13 51 200
29 46 20 33 -8 32 0 0.00 M M 2.6 8 100 M M 0 11 60
================================================================================
SM 1660 921 587 0 2.46 M 203.7 M 89
================================================================================
AV 57.2 31.8 7.0 FASTST M M 3 MAX(MPH)
MISC ----> 37 200 51 200
================================================================================
NOTES:
# LAST OF SEVERAL OCCURRENCES
COLUMN 17 PEAK WIND IN M.P.H.
PRELIMINARY LOCAL CLIMATOLOGICAL DATA (WS FORM: F-6) , PAGE 2
STATION: FRANKFORT KY
MONTH: FEBRUARY
YEAR: 2024
LATITUDE: 38 10 N
LONGITUDE: 84 54 W
[TEMPERATURE DATA] [PRECIPITATION DATA] SYMBOLS USED IN COLUMN 16
AVERAGE MONTHLY: 44.5 TOTAL FOR MONTH: 2.46 1 = FOG OR MIST
DPTR FM NORMAL: 6.7 DPTR FM NORMAL: -0.94 2 = FOG REDUCING VISIBILITY
HIGHEST: 74 ON 26 GRTST 24HR 0.80 ON 28-28 TO 1/4 MILE OR LESS
LOWEST: 16 ON 18,17 3 = THUNDER
SNOW, ICE PELLETS, HAIL 4 = ICE PELLETS
TOTAL MONTH: M 5 = HAIL
GRTST 24HR M ON M 6 = FREEZING RAIN OR DRIZZLE
GRTST DEPTH: M ON M 7 = DUSTSTORM OR SANDSTORM:
VSBY 1/2 MILE OR LESS
8 = SMOKE OR HAZE
[NO. OF DAYS WITH] [WEATHER - DAYS WITH] 9 = BLOWING SNOW
X = TORNADO
MAX 32 OR BELOW: 1 0.01 INCH OR MORE: 7
MAX 90 OR ABOVE: 0 0.10 INCH OR MORE: 5
MIN 32 OR BELOW: 19 0.50 INCH OR MORE: 2
MIN 0 OR BELOW: 0 1.00 INCH OR MORE: 0
[HDD (BASE 65) ]
TOTAL THIS MO. 587 CLEAR (SCALE 0-3) 17
DPTR FM NORMAL -175 PTCLDY (SCALE 4-7) 11
TOTAL FM JUL 1 3066 CLOUDY (SCALE 8-10) 1
DPTR FM NORMAL -407
[CDD (BASE 65) ]
TOTAL THIS MO. 0
DPTR FM NORMAL 0 [PRESSURE DATA]
TOTAL FM JAN 1 0 HIGHEST SLP 30.57 ON 29
DPTR FM NORMAL 0 LOWEST SLP 29.44 ON 28
[REMARKS]
#FINAL-02-24#