700
CXUS53 KFGF 010815
CF6FGF
PRELIMINARY LOCAL CLIMATOLOGICAL DATA (WS FORM: F-6)
STATION: GRAND FORKS UNIV. (NWS) ND
MONTH: MARCH
YEAR: 2021
LATITUDE: 47 55 N
LONGITUDE: 97 6 W
TEMPERATURE IN F: :PCPN: SNOW: WIND :SUNSHINE: SKY :PK WND
================================================================================
1 2 3 4 5 6A 6B 7 8 9 10 11 12 13 14 15 16 17 18
12Z AVG MX 2MIN
DY MAX MIN AVG DEP HDD CDD WTR SNW DPTH SPD SPD DIR MIN PSBL S-S WX SPD DR
================================================================================
1 21 -8 7 -12 58 0 0.00 0.0 T M M M M M M M M
2 53 21 37 18 28 0 0.00 0.0 T M M M M M M M M
3 41 16 29 9 36 0 0.00 0.0 0 M M M M M M M M
4 50 27 39 19 26 0 0.00 0.0 0 M M M M M M M M
5 51 21 36 16 29 0 0.00 0.0 0 M M M M M M M M
6 50 27 39 18 26 0 0.00 0.0 0 M M M M M M M M
7 56 34 45 24 20 0 0.00 0.0 0 M M M M M M M M
8 58 24 41 19 24 0 0.00 0.0 0 M M M M M M M M
9 62 31 47 25 18 0 0.00 0.0 0 M M M M M M M M
10 33 24 29 6 36 0 0.00 0.0 0 M M M M M M M M
11 35 13 24 1 41 0 T T 0 M M M M M M M M
12 42 7 25 1 40 0 0.00 0.0 0 M M M M M M M M
13 58 29 44 20 21 0 0.00 0.0 0 M M M M M M M M
14 46 25 36 11 29 0 0.00 0.0 0 M M M M M M M M
15 39 22 31 6 34 0 T T 0 M M M M M M M M
16 37 30 34 8 31 0 T T 0 M M M M M M M M
17 45 25 35 9 30 0 T T 0 M M M M M M M M
18 53 15 34 7 31 0 0.00 0.0 0 M M M M M M M M
19 57 25 41 14 24 0 0.00 0.0 0 M M M M M M M M
20 67 33 50 22 15 0 0.00 0.0 0 M M M M M M M M
21 51 34 43 15 22 0 0.16 0.0 0 M M M M M M M M
22 50 22 36 7 29 0 0.00 0.0 0 M M M M M M M M
23 58 27 43 13 22 0 0.00 0.0 0 M M M M M M M M
24 46 19 33 3 32 0 0.00 0.0 0 M M M M M M M M
25 56 16 36 5 29 0 0.00 0.0 0 M M M M M M M M
26 42 30 36 5 29 0 0.05 0.1 0 M M M M M M 4 M M
27 47 23 35 3 30 0 0.00 0.0 0 M M M M M M 1 M M
28 46 15 31 -1 34 0 0.00 0.0 0 M M M M M M M M
29 74 30 52 19 13 0 0.00 0.0 0 M M M M M M M M
30 30 16 23 -11 42 0 T T 0 M M M M M M M M
31 33 11 22 -12 43 0 T T 0 M M M M M M M M
================================================================================
SM 1487 684 922 0 0.21 0.1 M M M
================================================================================
AV 48.0 22.1 M FASTST M M M MAX(MPH)
MISC ----> M M M M
================================================================================
NOTES:
# LAST OF SEVERAL OCCURRENCES
COLUMN 17 PEAK WIND IN M.P.H.
PRELIMINARY LOCAL CLIMATOLOGICAL DATA (WS FORM: F-6) , PAGE 2
STATION: GRAND FORKS UNIV. (NWS) ND
MONTH: MARCH
YEAR: 2021
LATITUDE: 47 55 N
LONGITUDE: 97 6 W
[TEMPERATURE DATA] [PRECIPITATION DATA] SYMBOLS USED IN COLUMN 16
AVERAGE MONTHLY: 35.0 TOTAL FOR MONTH: 0.21 1 = FOG OR MIST
DPTR FM NORMAL: 8.9 DPTR FM NORMAL: -0.81 2 = FOG REDUCING VISIBILITY
HIGHEST: 74 ON 29 GRTST 24HR 0.16 ON 21-21 TO 1/4 MILE OR LESS
LOWEST: -8 ON 1 3 = THUNDER
SNOW, ICE PELLETS, HAIL 4 = ICE PELLETS
TOTAL MONTH: 0.2 INCH 5 = HAIL
GRTST 24HR 0.1 ON 26-26 6 = FREEZING RAIN OR DRIZZLE
GRTST DEPTH: T 7 = DUSTSTORM OR SANDSTORM:
VSBY 1/2 MILE OR LESS
8 = SMOKE OR HAZE
[NO. OF DAYS WITH] [WEATHER - DAYS WITH] 9 = BLOWING SNOW
X = TORNADO
MAX 32 OR BELOW: 2 0.01 INCH OR MORE: 2
MAX 90 OR ABOVE: 0 0.10 INCH OR MORE: 1
MIN 32 OR BELOW: 28 0.50 INCH OR MORE: 0
MIN 0 OR BELOW: 1 1.00 INCH OR MORE: 0
[HDD (BASE 65) ]
TOTAL THIS MO. 922 CLEAR (SCALE 0-3) 0
DPTR FM NORMAL -284 PTCLDY (SCALE 4-7) 0
TOTAL FM JUL 1 7440 CLOUDY (SCALE 8-10) 31
DPTR FM NORMAL -726
[CDD (BASE 65) ]
TOTAL THIS MO. 0
DPTR FM NORMAL 0 [PRESSURE DATA]
TOTAL FM JAN 1 0 HIGHEST SLP M ON M
DPTR FM NORMAL 0 LOWEST SLP M ON M
[REMARKS]
#FINAL-03-21#