000
CXUS53 KFGF 012039
CF6FGF
PRELIMINARY LOCAL CLIMATOLOGICAL DATA (WS FORM: F-6)
STATION: GRAND FORKS UNIV. (NWS) ND
MONTH: MARCH
YEAR: 2020
LATITUDE: 47 55 N
LONGITUDE: 97 6 W
TEMPERATURE IN F: :PCPN: SNOW: WIND :SUNSHINE: SKY :PK WND
================================================================================
1 2 3 4 5 6A 6B 7 8 9 10 11 12 13 14 15 16 17 18
12Z AVG MX 2MIN
DY MAX MIN AVG DEP HDD CDD WTR SNW DPTH SPD SPD DIR MIN PSBL S-S WX SPD DR
================================================================================
1 37 23 30 11 35 0 0.00 0.0 15 M M M M M M M M
2 35 11 23 4 42 0 T T 14 M M M M M M M M
3 33 18 26 6 39 0 T T 13 M M M M M M M M
4 37 16 27 7 38 0 0.00 0.0 13 M M M M M M M M
5 36 17 27 7 38 0 0.02 0.2 13 M M M M M M M M
6 34 15 25 4 40 0 0.00 0.0 13 M M M M M M M M
7 42 27 35 14 30 0 0.00 0.0 13 M M M M M M M M
8 34 13 24 2 41 0 T T 12 M M M M M M M M
9 17 7 12 -10 53 0 0.00 0.0 11 M M M M M M M M
10 31 13 22 -1 43 0 0.00 0.0 11 M M M M M M M M
11 40 24 32 9 33 0 0.00 0.0 11 M M M M M M M M
12 38 23 31 7 34 0 T T 10 M M M M M M M M
13 23 11 17 -7 48 0 T T 10 M M M M M M 1 M M
14 20 6 13 -12 52 0 0.00 0.0 10 M M M M M M M M
15 28 12 20 -5 45 0 0.13 1.8 10 M M M M M M 1 M M
16 29 18 24 -2 41 0 0.01 0.1 11 M M M M M M M M
17 30 14 22 -4 43 0 0.00 0.0 10 M M M M M M M M
18 27 16 22 -5 43 0 0.16 2.6 10 M M M M M M M M
19 19 7 13 -14 52 0 0.06 2.3 14 M M M M M M M M
20 18 -2 8 -20 57 0 0.00 0.0 13 M M M M M M M M
21 30 -2 14 -14 51 0 T T 13 M M M M M M M M
22 40 19 30 1 35 0 T T 12 M M M M M M M M
23 36 16 26 -4 39 0 0.00 0.0 11 M M M M M M M M
24 37 32 35 5 30 0 T 0.0 10 M M M M M M M M
25 34 18 26 -5 39 0 0.00 0.0 8 M M M M M M M M
26 34 15 25 -6 40 0 0.00 0.0 8 M M M M M M M M
27 45 24 35 3 30 0 0.00 0.0 8 M M M M M M M M
28 45 23 34 2 31 0 0.00 0.0 6 M M M M M M M M
29 46 28 37 4 28 0 0.00 0.0 5 M M M M M M 1 M M
30 52 25 39 5 26 0 0.00 0.0 2 M M M M M M M M
31 51 34 43 9 22 0 0.00 0.0 M M M M M M M M M
================================================================================
SM 1058 521 1218 0 0.38 7.0 M M M
================================================================================
AV 34.1 16.8 M FASTST M M M MAX(MPH)
MISC ----> M M M M
================================================================================
NOTES:
# LAST OF SEVERAL OCCURRENCES
COLUMN 17 PEAK WIND IN M.P.H.
PRELIMINARY LOCAL CLIMATOLOGICAL DATA (WS FORM: F-6) , PAGE 2
STATION: GRAND FORKS UNIV. (NWS) ND
MONTH: MARCH
YEAR: 2020
LATITUDE: 47 55 N
LONGITUDE: 97 6 W
[TEMPERATURE DATA] [PRECIPITATION DATA] SYMBOLS USED IN COLUMN 16
AVERAGE MONTHLY: 25.5 TOTAL FOR MONTH: 0.38 1 = FOG OR MIST
DPTR FM NORMAL: -0.6 DPTR FM NORMAL: -0.64 2 = FOG REDUCING VISIBILITY
HIGHEST: 52 ON 30 GRTST 24HR 0.16 ON 18-18 TO 1/4 MILE OR LESS
LOWEST: -2 ON 21,20 3 = THUNDER
SNOW, ICE PELLETS, HAIL 4 = ICE PELLETS
TOTAL MONTH: 7.0 INCHES 5 = HAIL
GRTST 24HR 2.6 ON 18-18 6 = FREEZING RAIN OR DRIZZLE
GRTST DEPTH: 15 ON 1 7 = DUSTSTORM OR SANDSTORM:
VSBY 1/2 MILE OR LESS
8 = SMOKE OR HAZE
[NO. OF DAYS WITH] [WEATHER - DAYS WITH] 9 = BLOWING SNOW
X = TORNADO
MAX 32 OR BELOW: 11 0.01 INCH OR MORE: 5
MAX 90 OR ABOVE: 0 0.10 INCH OR MORE: 2
MIN 32 OR BELOW: 30 0.50 INCH OR MORE: 0
MIN 0 OR BELOW: 2 1.00 INCH OR MORE: 0
[HDD (BASE 65) ]
TOTAL THIS MO. 1218 CLEAR (SCALE 0-3) 0
DPTR FM NORMAL 12 PTCLDY (SCALE 4-7) 0
TOTAL FM JUL 1 8255 CLOUDY (SCALE 8-10) 31
DPTR FM NORMAL 89
[CDD (BASE 65) ]
TOTAL THIS MO. 0
DPTR FM NORMAL 0 [PRESSURE DATA]
TOTAL FM JAN 1 0 HIGHEST SLP M ON M
DPTR FM NORMAL 0 LOWEST SLP M ON M
[REMARKS]
#FINAL-03-20#