000
CXUS54 KLZK 011330
CF6FLP
PRELIMINARY LOCAL CLIMATOLOGICAL DATA (WS FORM: F-6)
STATION: FLIPPIN
MONTH: JANUARY
YEAR: 2023
LATITUDE: 36 17 N
LONGITUDE: 92 28 W
TEMPERATURE IN F: :PCPN: SNOW: WIND :SUNSHINE: SKY :PK WND
================================================================================
1 2 3 4 5 6A 6B 7 8 9 10 11 12 13 14 15 16 17 18
12Z AVG MX 2MIN
DY MAX MIN AVG DEP HDD CDD WTR SNW DPTH SPD SPD DIR MIN PSBL S-S WX SPD DR
================================================================================
1 71 40 56 M 9 0 0.00 M M 3.1 8 150 M M 4 12 17 150
2 76 48 62 M 3 0 0.55 M M 3.4 9 120 M M 7 123 21 99
3 69 45 57 M 8 0 0.02 M M 7.0 17 240 M M 3 12 29 220
4 51 35 43 M 22 0 0.00 M M 8.5 17 260 M M 1 21 260
5 51 34 43 M 22 0 0.00 M M 9.2 18 290 M M 0 29 270
6 57 24 41 M 24 0 0.00 M M 3.1 7 80 M M 2 M M
7 61 44 53 M 12 0 0.00 M M 3.4 10 10 M M 8 M M
8 48 28 38 M 27 0 0.00 M M 4.7 12 310 M M 6 M M
9 58 23 41 M 24 0 0.00 M M 3.4 9 170 M M 1 12 M M
10 64 30 47 M 18 0 0.00 M M 3.3 8 100 M M 0 M M
11 69 41 55 M 10 0 0.46 M M 2.1 6 130 M M 4 12 M M
12 55 32 44 M 21 0 0.07 M M 9.9 17 310 M M 8 123 26 320
13 33 21 27 M 38 0 0.00 M M 8.2 15 310 M M 7 22 310
14 48 16 32 M 33 0 0.00 M M 2.1 6 110 M M 0 M M
15 56 29 43 M 22 0 0.00 M M 7.2 14 160 M M 4 21 160
16 70 51 61 M 4 0 0.00 M M 8.9 15 220 M M 6 23 190
17 68 37 53 M 12 0 0.00 M M 1.0 5 50 M M 0 M M
18 55 42 49 M 16 0 0.27 M M 2.8 8 110 M M 8 12 M M
19 46 33 40 M 25 0 0.01 M M 10.5 24 270 M M 2 36 250
20 50 27 39 M 26 0 0.00 M M 3.9 9 330 M M 0 M M
21 49 23 36 M 29 0 0.04 M M 2.7 9 80 M M 6 1 M M
22 43 38 41 M 24 0 T M M 4.1 13 310 M M 10 1 M M
23 50 28 39 M 26 0 0.00 M M 3.4 9 320 M M 2 M M
24 38 23 31 M 34 0 0.17 M M 2.9 9 20 M M 5 12 M M
25 37 32 35 M 30 0 0.78 M M 8.1 13 290 M M 10 1 17 310
26 37 27 32 M 33 0 0.00 M M 7.3 14 270 M M 6 18 270
27 55 33 44 M 21 0 0.00 M M 8.1 16 240 M M 1 30 240
28 55 33 44 M 21 0 0.00 M M 5.3 12 160 M M 5 24 200
29 46 29 38 M 27 0 T M M 5.6 10 340 M M 10 1 M M
30 29 21 25 M 40 0 T M M 7.2 12 320 M M 10 1 16 10
31 24 20 22 M 43 0 T M M 6.2 9 320 M M 10 1 M M
================================================================================
SM 1619 987 704 0 2.37 M 166.4 M 146
================================================================================
AV 52.2 31.8 5.4 FASTST M M 5 MAX(MPH)
MISC ----> 24 270 36 250
================================================================================
NOTES:
# LAST OF SEVERAL OCCURRENCES
COLUMN 17 PEAK WIND IN M.P.H.
PRELIMINARY LOCAL CLIMATOLOGICAL DATA (WS FORM: F-6) , PAGE 2
STATION: FLIPPIN
MONTH: JANUARY
YEAR: 2023
LATITUDE: 36 17 N
LONGITUDE: 92 28 W
[TEMPERATURE DATA] [PRECIPITATION DATA] SYMBOLS USED IN COLUMN 16
AVERAGE MONTHLY: 42.0 TOTAL FOR MONTH: 2.37 1 = FOG OR MIST
DPTR FM NORMAL: 0.0 DPTR FM NORMAL: M 2 = FOG REDUCING VISIBILITY
HIGHEST: 76 ON 2 GRTST 24HR 2.32 ON 2- 3 TO 1/4 MILE OR LESS
LOWEST: 16 ON 14 3 = THUNDER
SNOW, ICE PELLETS, HAIL 4 = ICE PELLETS
TOTAL MONTH: M 5 = HAIL
GRTST 24HR M ON M 6 = FREEZING RAIN OR DRIZZLE
GRTST DEPTH: M ON M 7 = DUSTSTORM OR SANDSTORM:
VSBY 1/2 MILE OR LESS
8 = SMOKE OR HAZE
[NO. OF DAYS WITH] [WEATHER - DAYS WITH] 9 = BLOWING SNOW
X = TORNADO
MAX 32 OR BELOW: 2 0.01 INCH OR MORE: 9
MAX 90 OR ABOVE: 0 0.10 INCH OR MORE: 5
MIN 32 OR BELOW: 17 0.50 INCH OR MORE: 2
MIN 0 OR BELOW: 0 1.00 INCH OR MORE: 0
[HDD (BASE 65) ]
TOTAL THIS MO. 704 CLEAR (SCALE 0-3) 12
DPTR FM NORMAL M PTCLDY (SCALE 4-7) 14
TOTAL FM JUL 1 2002 CLOUDY (SCALE 8-10) 5
DPTR FM NORMAL M
[CDD (BASE 65) ]
TOTAL THIS MO. 0
DPTR FM NORMAL M [PRESSURE DATA]
TOTAL FM JAN 1 0 HIGHEST SLP 30.43 ON 30
DPTR FM NORMAL M LOWEST SLP 29.57 ON 16
[REMARKS]
#FINAL-01-23#