000
CXUS54 KLZK 011130
CF6FLP
PRELIMINARY LOCAL CLIMATOLOGICAL DATA (WS FORM: F-6)
STATION: FLIPPIN
MONTH: AUGUST
YEAR: 2021
LATITUDE: 36 17 N
LONGITUDE: 92 28 W
TEMPERATURE IN F: :PCPN: SNOW: WIND :SUNSHINE: SKY :PK WND
================================================================================
1 2 3 4 5 6A 6B 7 8 9 10 11 12 13 14 15 16 17 18
12Z AVG MX 2MIN
DY MAX MIN AVG DEP HDD CDD WTR SNW DPTH SPD SPD DIR MIN PSBL S-S WX SPD DR
================================================================================
1 81 69 75 M 0 10 0.43 M M 2.8 9 30 M M 4 13 M M
2 88 67 78 M 0 13 0.00 M M 2.4 7 30 M M 3 18 M M
3 86 64 75 M 0 10 0.00 M M 2.1 6 90 M M 3 1 M M
4 87 64 76 M 0 11 0.00 M M 1.9 7 60 M M 4 1 M M
5 88 62 75 M 0 10 0.01 M M 2.8 9 300 M M 5 M M
6 84 68 76 M 0 11 0.45 M M 2.1 9 220 M M 4 1 M M
7 91 66 79 M 0 14 0.00 M M 2.5 9 210 M M 0 1 M M
8 92 70 81 M 0 16 0.00 M M 4.4 10 220 M M 1 1 18 190
9 95 74 85 M 0 20 0.00 M M 5.3 12 240 M M 1 17 99
10 98 75 87 M 0 22 0.00 M M 4.5 15 250 M M 0 20 250
11 97 72 85 M 0 20 0.00 M M 4.5 13 240 M M 0 23 230
12 99 69 84 M 0 19 0.43 M M 4.4 16 20 M M 1 13 23 20
13 96 69 83 M 0 18 0.94 M M 4.0 13 300 M M 3 13 29 99
14 86 70 78 M 0 13 0.00 M M 1.5 5 350 M M 3 M M
15 88 65 77 M 0 12 0.00 M M 2.3 8 20 M M 0 M M
16 89 65 77 M 0 12 0.00 M M 1.1 6 120 M M 3 18 M M
17 90 65 78 M 0 13 0.00 M M 1.7 7 99 M M 1 1 M M
18 81 71 76 M 0 11 0.03 M M 2.5 7 110 M M 4 1 M M
19 89 72 81 M 0 16 0.18 M M 2.3 8 250 M M 8 12 M M
20 88 73 81 M 0 16 0.03 M M 1.8 15 250 M M 6 1 M M
21 91 71 81 M 0 16 0.05 M M 4.1 12 10 M M 3 1 22 10
22 92 72 82 M 0 17 0.00 M M 1.5 5 100 M M 3 12 M M
23 97 73 85 M 0 20 0.00 M M 2.3 9 260 M M 2 1 M M
24 98 71 85 M 0 20 0.00 M M 2.3 8 220 M M 0 M M
25 97 69 83 M 0 18 0.00 M M 2.0 7 80 M M 0 1 M M
26 96 71 84 M 0 19 0.00 M M 2.1 6 120 M M 1 128 M M
27 95 72 84 M 0 19 0.00 M M 2.3 8 160 M M 1 1 M M
28 93 68 81 M 0 16 0.00 M M 2.7 9 110 M M 2 M M
29 90 71 81 M 0 16 0.47 M M 1.9 12 120 M M 3 13 18 120
30 87 69 78 M 0 13 0.04 M M 1.8 10 140 M M 5 12 23 140
31 91 65 78 M 0 13 M M M 2.6 10 10 M M 0 M M
================================================================================
SM 2820 2142 0 474 3.06 M 82.8 M 74
================================================================================
AV 91.0 69.1 2.7 FASTST M M 2 MAX(MPH)
MISC ----> 16 20 29 99
================================================================================
NOTES:
# LAST OF SEVERAL OCCURRENCES
COLUMN 17 PEAK WIND IN M.P.H.
PRELIMINARY LOCAL CLIMATOLOGICAL DATA (WS FORM: F-6) , PAGE 2
STATION: FLIPPIN
MONTH: AUGUST
YEAR: 2021
LATITUDE: 36 17 N
LONGITUDE: 92 28 W
[TEMPERATURE DATA] [PRECIPITATION DATA] SYMBOLS USED IN COLUMN 16
AVERAGE MONTHLY: 80.0 TOTAL FOR MONTH: 3.06 1 = FOG OR MIST
DPTR FM NORMAL: 0.0 DPTR FM NORMAL: M 2 = FOG REDUCING VISIBILITY
HIGHEST: 99 ON 12 GRTST 24HR 1.28 ON 12-13 TO 1/4 MILE OR LESS
LOWEST: 62 ON 5 3 = THUNDER
SNOW, ICE PELLETS, HAIL 4 = ICE PELLETS
TOTAL MONTH: M 5 = HAIL
GRTST 24HR M ON M 6 = FREEZING RAIN OR DRIZZLE
GRTST DEPTH: M ON M 7 = DUSTSTORM OR SANDSTORM:
VSBY 1/2 MILE OR LESS
8 = SMOKE OR HAZE
[NO. OF DAYS WITH] [WEATHER - DAYS WITH] 9 = BLOWING SNOW
X = TORNADO
MAX 32 OR BELOW: 0 0.01 INCH OR MORE: 11
MAX 90 OR ABOVE: 18 0.10 INCH OR MORE: 6
MIN 32 OR BELOW: 0 0.50 INCH OR MORE: 1
MIN 0 OR BELOW: 0 1.00 INCH OR MORE: 0
[HDD (BASE 65) ]
TOTAL THIS MO. 0 CLEAR (SCALE 0-3) 20
DPTR FM NORMAL M PTCLDY (SCALE 4-7) 11
TOTAL FM JUL 1 0 CLOUDY (SCALE 8-10) 0
DPTR FM NORMAL M
[CDD (BASE 65) ]
TOTAL THIS MO. 474
DPTR FM NORMAL M [PRESSURE DATA]
TOTAL FM JAN 1 1397 HIGHEST SLP 30.22 ON 14
DPTR FM NORMAL M LOWEST SLP 29.81 ON 30
[REMARKS]
#FINAL-08-21#