000
CXUS53 KOAX 180930
CF6FNB
PRELIMINARY LOCAL CLIMATOLOGICAL DATA (WS FORM: F-6)
STATION: FALLS CITY NE
MONTH: APRIL
YEAR: 2024
LATITUDE: 40 4 N
LONGITUDE: 95 35 W
TEMPERATURE IN F: :PCPN: SNOW: WIND :SUNSHINE: SKY :PK WND
================================================================================
1 2 3 4 5 6A 6B 7 8 9 10 11 12 13 14 15 16 17 18
12Z AVG MX 2MIN
DY MAX MIN AVG DEP HDD CDD WTR SNW DPTH SPD SPD DIR MIN PSBL S-S WX SPD DR
================================================================================
1 76 44 60 11 5 0 T M M 12.0 23 320 M M 9 18 32 320
2 58 34 46 -3 19 0 0.30 M M 14.3 29 320 M M 8 1 40 320
3 56 37 47 -2 18 0 0.01 M M 17.6 32 320 M M 4 53 330
4 62 31 47 -3 18 0 0.00 M M 8.7 23 320 M M 0 31 320
5 64 30 47 -3 18 0 0.00 0.0 M 9.0 17 100 M M 0 25 100
6 70 42 56 6 9 0 0.22 M M 19.6 37 120 M M 3 1 53 130
7 67 45 56 5 9 0 0.00 M M 12.1 32 210 M M 4 46 210
8 69 38 54 3 11 0 0.00 M M 8.9 18 220 M M 0 25 260
9 69 34 52 1 13 0 0.00 M M 4.9 14 310 M M 0 19 310
10 74 38 56 4 9 0 0.00 M M 3.9 18 330 M M 2 30 330
11 64 42 53 1 12 0 0.00 M M 17.8 33 320 M M 1 47 320
12 70 35 53 1 12 0 0.00 M M 6.6 15 300 M M 0 22 350
13 90 46 68 16 0 3 0.00 M M 11.5 24 210 M M 0 37 210
14 89 56 73 20 0 8 0.00 M M 6.9 15 70 M M 0 20 60
15 86 54 70 17 0 5 0.06 M M 16.5 28 140 M M 2 3 40 140
16 79 57 68 15 0 3 T M M 18.9 39 200 M M 6 13 57 210
17 75 51 63 9 2 0 0.03 M M 11.6 23 280 M M 1 3 34 260
================================================================================
SM 1218 714 155 19 0.62 0.0 200.8 M 40
================================================================================
AV 71.6 42.0 11.8 FASTST M M 2 MAX(MPH)
MISC ----> 39 200 57 210
================================================================================
NOTES:
# LAST OF SEVERAL OCCURRENCES
COLUMN 17 PEAK WIND IN M.P.H.
PRELIMINARY LOCAL CLIMATOLOGICAL DATA (WS FORM: F-6) , PAGE 2
STATION: FALLS CITY NE
MONTH: APRIL
YEAR: 2024
LATITUDE: 40 4 N
LONGITUDE: 95 35 W
[TEMPERATURE DATA] [PRECIPITATION DATA] SYMBOLS USED IN COLUMN 16
AVERAGE MONTHLY: 56.8 TOTAL FOR MONTH: 0.62 1 = FOG OR MIST
DPTR FM NORMAL: 5.6 DPTR FM NORMAL: -1.20 2 = FOG REDUCING VISIBILITY
HIGHEST: 90 ON 13 GRTST 24HR 0.30 ON 2- 2 TO 1/4 MILE OR LESS
LOWEST: 30 ON 5 3 = THUNDER
SNOW, ICE PELLETS, HAIL 4 = ICE PELLETS
TOTAL MONTH: 0.0 INCH 5 = HAIL
GRTST 24HR 0.0 6 = FREEZING RAIN OR DRIZZLE
GRTST DEPTH: M ON M 7 = DUSTSTORM OR SANDSTORM:
VSBY 1/2 MILE OR LESS
8 = SMOKE OR HAZE
[NO. OF DAYS WITH] [WEATHER - DAYS WITH] 9 = BLOWING SNOW
X = TORNADO
MAX 32 OR BELOW: 0 0.01 INCH OR MORE: 5
MAX 90 OR ABOVE: 1 0.10 INCH OR MORE: 2
MIN 32 OR BELOW: 2 0.50 INCH OR MORE: 0
MIN 0 OR BELOW: 0 1.00 INCH OR MORE: 0
[HDD (BASE 65) ]
TOTAL THIS MO. 155 CLEAR (SCALE 0-3) 12
DPTR FM NORMAL -85 PTCLDY (SCALE 4-7) 4
TOTAL FM JUL 1 4401 CLOUDY (SCALE 8-10) 1
DPTR FM NORMAL -878
[CDD (BASE 65) ]
TOTAL THIS MO. 19
DPTR FM NORMAL 19 [PRESSURE DATA]
TOTAL FM JAN 1 19 HIGHEST SLP M ON M
DPTR FM NORMAL 16 LOWEST SLP 29.33 ON 16
[REMARKS]