000
CXUS53 KDTX 020340
CF6FNT
PRELIMINARY LOCAL CLIMATOLOGICAL DATA (WS FORM: F-6)
STATION: FLINT MI
MONTH: APRIL
YEAR: 2022
LATITUDE: 42 58 N
LONGITUDE: 83 44 W
TEMPERATURE IN F: :PCPN: SNOW: WIND :SUNSHINE: SKY :PK WND
================================================================================
1 2 3 4 5 6A 6B 7 8 9 10 11 12 13 14 15 16 17 18
12Z AVG MX 2MIN
DY MAX MIN AVG DEP HDD CDD WTR SNW DPTH SPD SPD DIR MIN PSBL S-S WX SPD DR
================================================================================
1 36 28 32 -8 33 0 T T T 12.6 23 300 M M 8 31 310
2 44 22 33 -8 32 0 0.02 0.1 0 5.1 15 240 M M 4 18 21 230
3 44 31 38 -3 27 0 0.04 0.4 T 6.2 14 300 M M 9 1 18 290
4 40 31 36 -5 29 0 0.31 T 0 8.0 15 160 M M 9 18 22 130
5 55 36 46 4 19 0 0.00 0.0 0 5.7 15 90 M M 6 18 19 110
6 52 39 46 4 19 0 0.35 0.0 0 8.8 23 290 M M 8 1 33 270
7 46 39 43 0 22 0 0.01 0.0 0 7.9 17 210 M M 10 24 220
8 45 36 41 -2 24 0 0.44 0.0 0 7.3 18 270 M M 10 1 24 260
9 39 31 35 -8 30 0 T T 0 11.2 17 290 M M 10 1 23 310
10 55 28 42 -2 23 0 0.00 0.0 0 7.5 17 140 M M 2 23 130
11 70 43 57 13 8 0 0.01 0.0 0 12.3 22 150 M M 3 3 31 160
12 66 32 49 4 16 0 T 0.0 0 7.3 18 130 M M 1 25 130
13 68 63 66 21 0 1 0.08 0.0 0 11.1 17 130 M M 8 1 26 210
14 63 38 51 6 14 0 0.05 0.0 0 18.1 36 240 M M 5 1 53 260
15 51 40 46 0 19 0 0.00 0.0 0 17.5 36 240 M M 7 50 250
16 43 28 36 -10 29 0 T T 0 12.3 22 300 M M 6 31 300
17 45 25 35 -12 30 0 0.00 0.0 0 8.5 16 350 M M 4 22 360
18 38 28 33 -14 32 0 0.30 1.1 0 6.5 10 80 M M 7 12 13 90
19 42 29 36 -11 29 0 0.01 0.2 1 13.5 22 300 M M 8 1 32 300
20 54 23 39 -9 26 0 T 0.0 0 8.7 23 140 M M 3 31 160
21 64 38 51 3 14 0 0.08 0.0 0 16.0 33 270 M M 6 1 47 270
22 57 35 46 -3 19 0 0.19 0.0 0 7.0 15 120 M M 4 1 19 130
23 82 44 63 14 2 0 0.01 0.0 0 11.7 20 130 M M 3 28 160
24 80 63 72 23 0 7 0.09 0.0 0 12.4 25 230 M M 4 3 34 220
25 65 41 53 3 12 0 T 0.0 0 10.5 23 270 M M 9 31 270
26 45 35 40 -10 25 0 T T 0 12.7 23 280 M M 7 1 33 300
27 42 29 36 -14 29 0 T T 0 8.6 20 320 M M 7 28 320
28 55 22 39 -12 26 0 0.00 0.0 0 3.2 14 90 M M 0 18 100
29 60 25 43 -8 22 0 0.00 0.0 0 8.0 15 110 M M 0 23 120
30 63 36 50 -2 15 0 T 0.0 0 13.6 25 100 M M 4 37 110
================================================================================
SM 1609 1038 625 8 1.99 1.8 299.8 M 172
================================================================================
AV 53.6 34.6 10.0 FASTST M M 6 MAX(MPH)
MISC ----> # 36 240 53 260
================================================================================
NOTES:
# LAST OF SEVERAL OCCURRENCES
COLUMN 17 PEAK WIND IN M.P.H.
PRELIMINARY LOCAL CLIMATOLOGICAL DATA (WS FORM: F-6) , PAGE 2
STATION: FLINT MI
MONTH: APRIL
YEAR: 2022
LATITUDE: 42 58 N
LONGITUDE: 83 44 W
[TEMPERATURE DATA] [PRECIPITATION DATA] SYMBOLS USED IN COLUMN 16
AVERAGE MONTHLY: 44.1 TOTAL FOR MONTH: 1.99 1 = FOG OR MIST
DPTR FM NORMAL: -1.9 DPTR FM NORMAL: -1.14 2 = FOG REDUCING VISIBILITY
HIGHEST: 82 ON 23 GRTST 24HR 0.44 ON 8- 8 TO 1/4 MILE OR LESS
LOWEST: 22 ON 28, 2 3 = THUNDER
SNOW, ICE PELLETS, HAIL 4 = ICE PELLETS
TOTAL MONTH: 1.8 INCHES 5 = HAIL
GRTST 24HR 1.1 ON 18-18 6 = FREEZING RAIN OR DRIZZLE
GRTST DEPTH: 1 ON 19 7 = DUSTSTORM OR SANDSTORM:
VSBY 1/2 MILE OR LESS
8 = SMOKE OR HAZE
[NO. OF DAYS WITH] [WEATHER - DAYS WITH] 9 = BLOWING SNOW
X = TORNADO
MAX 32 OR BELOW: 0 0.01 INCH OR MORE: 15
MAX 90 OR ABOVE: 0 0.10 INCH OR MORE: 5
MIN 32 OR BELOW: 15 0.50 INCH OR MORE: 0
MIN 0 OR BELOW: 0 1.00 INCH OR MORE: 0
[HDD (BASE 65) ]
TOTAL THIS MO. 625 CLEAR (SCALE 0-3) 6
DPTR FM NORMAL 53 PTCLDY (SCALE 4-7) 17
TOTAL FM JUL 1 6138 CLOUDY (SCALE 8-10) 7
DPTR FM NORMAL -386
[CDD (BASE 65) ]
TOTAL THIS MO. 8
DPTR FM NORMAL 6 [PRESSURE DATA]
TOTAL FM JAN 1 8 HIGHEST SLP 30.55 ON 22
DPTR FM NORMAL 5 LOWEST SLP 29.41 ON 14
[REMARKS]
#FINAL-04-22#
CORRECTED SNOW DEPTH ON 4/1.