000
CXUS53 KFSD 011547
CF6FSD
PRELIMINARY LOCAL CLIMATOLOGICAL DATA (WS FORM: F-6)
STATION: SIOUX FALLS
MONTH: JUNE
YEAR: 2021
LATITUDE: 43 34 N
LONGITUDE: 96 44 W
TEMPERATURE IN F: :PCPN: SNOW: WIND :SUNSHINE: SKY :PK WND
================================================================================
1 2 3 4 5 6A 6B 7 8 9 10 11 12 13 14 15 16 17 18
12Z AVG MX 2MIN
DY MAX MIN AVG DEP HDD CDD WTR SNW DPTH SPD SPD DIR MIN PSBL S-S WX SPD DR
================================================================================
1 83 41 62 -4 3 0 0.00 0.0 0 3.8 10 200 M M 4 17 210
2 83 51 67 1 0 2 0.00 0.0 0 5.2 15 200 M M 3 24 200
3 91 58 75 9 0 10 0.00 0.0 0 6.7 13 200 M M 4 23 190
4 99 68 84 18 0 19 0.00 0.0 0 10.4 21 200 M M 1 29 200
5 101 73 87 20 0 22 0.00 0.0 0 13.8 23 200 M M 1 33 190
6 96 71 84 17 0 19 0.00 0.0 0 18.1 31 190 M M 2 43 200
7 97 68 83 15 0 18 0.00 0.0 0 10.8 22 190 M M 4 31 190
8 95 71 83 15 0 18 0.00 0.0 0 9.5 20 140 M M 5 28 150
9 95 69 82 14 0 17 0.00 0.0 0 8.1 26 120 M M 4 35 110
10 99 73 86 18 0 21 0.00 0.0 0 11.4 21 190 M M 2 29 180
11 86 60 73 4 0 8 0.40 0.0 0 13.4 32 310 M M 4 13 45 340
12 88 52 70 1 0 5 0.00 0.0 0 0.7 8 210 M M 0 12 300
13 93 59 76 7 0 11 0.00 0.0 0 6.2 18 200 M M 3 29 200
14 92 62 77 7 0 12 T 0.0 0 8.0 15 100 M M 4 3 20 110
15 92 54 73 3 0 8 0.00 0.0 0 6.2 16 110 M M 3 20 120
16 96 69 83 13 0 18 T 0.0 0 15.7 26 150 M M 5 37 140
17 91 65 78 8 0 13 T 0.0 0 10.4 20 90 M M 5 3 28 30
18 92 57 75 4 0 10 0.00 0.0 0 5.5 16 180 M M 3 23 20
19 84 58 71 0 0 6 T 0.0 0 4.6 13 330 M M 4 3 19 10
20 77 58 68 -3 0 3 0.07 0.0 0 14.0 29 350 M M 6 3 40 310
21 73 53 63 -9 2 0 T 0.0 0 9.0 22 340 M M 3 31 350
22 85 47 66 -6 0 1 0.00 0.0 0 7.4 17 120 M M 3 22 120
23 94 61 78 6 0 13 0.00 0.0 0 10.0 22 190 M M 3 35 170
24 88 62 75 3 0 10 0.00 0.0 0 8.1 20 210 M M 7 32 200
25 87 58 73 1 0 8 0.00 0.0 0 6.6 18 70 M M 7 23 80
26 79 65 72 -1 0 7 0.25 0.0 0 7.6 16 350 M M 9 1 23 330
27 86 62 74 1 0 9 T 0.0 0 4.0 13 150 M M 7 13 17 120
28 88 65 77 4 0 12 0.05 0.0 0 6.2 21 130 M M 6 3 27 120
29 87 62 75 2 0 10 0.01 0.0 0 3.6 9 360 M M 4 13 14 350
30 89 59 74 1 0 9 0.00 0.0 0 3.2 12 100 M M 4 1 17 170
================================================================================
SM 2686 1831 5 319 0.78 0.0 248.2 M 120
================================================================================
AV 89.5 61.0 8.3 FASTST M M 4 MAX(MPH)
MISC ----> 32 310 45 340
================================================================================
NOTES:
# LAST OF SEVERAL OCCURRENCES
- COLUMN 17 PEAK WIND IN M.P.H.
- PRECIPITATION AMOUNTS IN COLUMNS 7,8, AND 9 ARE THE OFFICIAL PRECIPITATION
AMOUNTS FOR SIOUX FALLS, SD
- SNOW DEPTH IN COLUMN 9 IS RECORDED AT 6 AM CST (12Z)
PRELIMINARY LOCAL CLIMATOLOGICAL DATA (WS FORM: F-6) , PAGE 2
STATION: SIOUX FALLS
MONTH: JUNE
YEAR: 2021
LATITUDE: 43 34 N
LONGITUDE: 96 44 W
[TEMPERATURE DATA] [PRECIPITATION DATA] SYMBOLS USED IN COLUMN 16
AVERAGE MONTHLY: 75.3 TOTAL FOR MONTH: 0.78 1 = FOG OR MIST
DPTR FM NORMAL: 5.4 DPTR FM NORMAL: -3.45 2 = FOG REDUCING VISIBILITY
HIGHEST: 101 ON 5 GRTST 24HR 0.40 ON 11-11 TO 1/4 MILE OR LESS
LOWEST: 41 ON 1 3 = THUNDER
SNOW, ICE PELLETS, HAIL 4 = ICE PELLETS
TOTAL MONTH: 0.0 INCH 5 = HAIL
GRTST 24HR 0.0 6 = FREEZING RAIN OR DRIZZLE
GRTST DEPTH: 0 7 = DUSTSTORM OR SANDSTORM:
VSBY 1/2 MILE OR LESS
8 = SMOKE OR HAZE
[NO. OF DAYS WITH] [WEATHER - DAYS WITH] 9 = BLOWING SNOW
X = TORNADO
MAX 32 OR BELOW: 0 0.01 INCH OR MORE: 5
MAX 90 OR ABOVE: 15 0.10 INCH OR MORE: 2
MIN 32 OR BELOW: 0 0.50 INCH OR MORE: 0
MIN 0 OR BELOW: 0 1.00 INCH OR MORE: 0
[HDD (BASE 65) ]
TOTAL THIS MO. 5 CLEAR (SCALE 0-3) 10
DPTR FM NORMAL -27 PTCLDY (SCALE 4-7) 19
TOTAL FM JUL 1 6818 CLOUDY (SCALE 8-10) 1
DPTR FM NORMAL -427
[CDD (BASE 65) ]
TOTAL THIS MO. 319
DPTR FM NORMAL 141 [PRESSURE DATA]
TOTAL FM JAN 1 382 HIGHEST SLP 30.17 ON 1
DPTR FM NORMAL 153 LOWEST SLP 29.54 ON 20
[REMARKS]
RECORD HIGH MAXIMUM TEMPERATURE SET ON THE 4TH WITH 99 DEGREES. THE
PREVIOUS RECORD WAS 95 DEGREES IN 1977.
RECORD HIGH MINIMUM TEMPERATURE SET ON THE 5TH WITH 73 DEGREES. THE
PREVIOUS RECORD WAS 72 DEGREES IN 1968.
RECORD HIGH MAXIMUM TEMPERATURE SET ON THE 5TH WITH 101 DEGREES. THE
PREVIOUS RECORD WAS 96 DEGREES IN 1909 AND 1938.
RECORD HIGH MINIMUM TEMPERATURE SET ON THE 6TH WITH 71 DEGREES. THE
PREVIOUS RECORD WAS 70 DEGREES IN 1968.
RECORD HIGH MAXIMUM TEMPERATURE TIED ON THE 9TH WITH 95 DEGREES. THE
PREVIOUS RECORD WAS IN 1973, 1976, 2015, AND 2016.
#FINAL-06-21#