000
CXUS54 KTSA 011231
CF6FSM
PRELIMINARY LOCAL CLIMATOLOGICAL DATA (WS FORM: F-6)
STATION: FORT SMITH ARKANSAS
MONTH: OCTOBER
YEAR: 2022
LATITUDE: 35 19 N
LONGITUDE: 94 22 W
TEMPERATURE IN F: :PCPN: SNOW: WIND :SUNSHINE: SKY :PK WND
================================================================================
1 2 3 4 5 6A 6B 7 8 9 10 11 12 13 14 15 16 17 18
12Z AVG MX 2MIN
DY MAX MIN AVG DEP HDD CDD WTR SNW DPTH SPD SPD DIR MIN PSBL S-S WX SPD DR
================================================================================
1 85 47 66 -3 0 1 0.00 0.0 0 3.8 10 80 M M 0 14 360
2 85 50 68 -1 0 3 0.00 0.0 0 4.1 12 70 M M 0 17 40
3 87 52 70 2 0 5 0.00 0.0 0 4.2 12 40 M M 0 16 50
4 85 53 69 1 0 4 0.00 0.0 0 4.8 9 50 M M 0 1 14 80
5 88 55 72 4 0 7 0.00 0.0 0 3.5 9 240 M M 0 8 14 280
6 89 58 74 7 0 9 0.00 0.0 0 4.0 17 360 M M 1 22 360
7 87 54 71 4 0 6 0.00 0.0 0 6.0 17 360 M M 0 8 22 10
8 77 53 65 -2 0 0 0.00 0.0 0 5.5 15 70 M M 1 20 80
9 82 53 68 2 0 3 0.00 0.0 0 4.3 17 290 M M 1 23 270
10 82 56 69 3 0 4 T 0.0 0 3.8 12 70 M M 4 18 60
11 84 64 74 9 0 9 T 0.0 0 6.0 18 240 M M 4 26 220
12 89 55 72 7 0 7 0.00 0.0 0 7.4 21 340 M M 2 28 350
13 77 48 63 -2 2 0 0.00 0.0 0 7.9 23 250 M M 0 8 29 270
14 88 43 66 2 0 1 0.00 0.0 0 8.9 26 250 M M 0 35 280
15 93 59 76 12 0 11 2.41 0.0 0 7.9 36 180 M M 2 138 56 190
16 75 59 67 3 0 2 0.68 0.0 0 6.4 35 20 M M 5 13 41 20
17 63 46 55 -8 10 0 0.00 0.0 0 9.8 21 300 M M 0 28 340
18 55 37 46 -17 19 0 0.00 0.0 0 8.1 18 350 M M 0 25 340
19 59 30 45 -17 20 0 0.00 0.0 0 4.6 13 250 M M 0 17 260
20 77 38 58 -4 7 0 0.00 0.0 0 3.2 9 40 M M 0 13 30
21 87 43 65 3 0 0 0.00 0.0 0 4.2 12 200 M M 0 18 16 160
22 84 56 70 9 0 5 0.00 0.0 0 9.1 25 180 M M 0 42 180
23 84 62 73 12 0 8 0.00 0.0 0 8.3 21 150 M M 2 33 140
24 76 60 68 8 0 3 1.59 0.0 0 7.5 24 160 M M 10 1 37 170
25 61 45 53 -7 12 0 0.79 0.0 0 9.6 28 310 M M 6 13 45 300
26 70 41 56 -4 9 0 0.00 0.0 0 4.2 12 70 M M 0 15 80
27 68 44 56 -3 9 0 0.00 0.0 0 7.0 16 70 M M 0 21 80
28 66 50 58 -1 7 0 T 0.0 0 5.1 13 20 M M 2 18 80
29 63 56 60 2 5 0 0.81 0.0 0 5.1 17 40 M M 10 1 25 30
30 63 58 61 3 4 0 0.00 0.0 0 5.8 14 290 M M 10 17 290
31 76 51 64 6 1 0 0.00 0.0 0 4.4 12 290 M M 1 18 14 250
================================================================================
SM 2405 1576 105 88 6.28 0.0 184.5 M 61
================================================================================
AV 77.6 50.8 6.0 FASTST M M 2 MAX(MPH)
MISC ----> 36 180 56 190
================================================================================
NOTES:
# LAST OF SEVERAL OCCURRENCES
COLUMN 17 PEAK WIND IN M.P.H.
PRELIMINARY LOCAL CLIMATOLOGICAL DATA (WS FORM: F-6) , PAGE 2
STATION: FORT SMITH ARKANSAS
MONTH: OCTOBER
YEAR: 2022
LATITUDE: 35 19 N
LONGITUDE: 94 22 W
[TEMPERATURE DATA] [PRECIPITATION DATA] SYMBOLS USED IN COLUMN 16
AVERAGE MONTHLY: 64.2 TOTAL FOR MONTH: 6.28 1 = FOG OR MIST
DPTR FM NORMAL: 0.7 DPTR FM NORMAL: 1.86 2 = FOG REDUCING VISIBILITY
HIGHEST: 93 ON 15 GRTST 24HR 3.09 ON 15-16 TO 1/4 MILE OR LESS
LOWEST: 30 ON 19 3 = THUNDER
SNOW, ICE PELLETS, HAIL 4 = ICE PELLETS
TOTAL MONTH: 0.0 INCH 5 = HAIL
GRTST 24HR 0.0 6 = FREEZING RAIN OR DRIZZLE
GRTST DEPTH: 0 7 = DUSTSTORM OR SANDSTORM:
VSBY 1/2 MILE OR LESS
8 = SMOKE OR HAZE
[NO. OF DAYS WITH] [WEATHER - DAYS WITH] 9 = BLOWING SNOW
X = TORNADO
MAX 32 OR BELOW: 0 0.01 INCH OR MORE: 5
MAX 90 OR ABOVE: 1 0.10 INCH OR MORE: 5
MIN 32 OR BELOW: 1 0.50 INCH OR MORE: 5
MIN 0 OR BELOW: 0 1.00 INCH OR MORE: 2
[HDD (BASE 65) ]
TOTAL THIS MO. 105 CLEAR (SCALE 0-3) 24
DPTR FM NORMAL -24 PTCLDY (SCALE 4-7) 4
TOTAL FM JUL 1 105 CLOUDY (SCALE 8-10) 3
DPTR FM NORMAL -33
[CDD (BASE 65) ]
TOTAL THIS MO. 88
DPTR FM NORMAL 7 [PRESSURE DATA]
TOTAL FM JAN 1 2575 HIGHEST SLP 30.44 ON 8
DPTR FM NORMAL 409 LOWEST SLP 29.50 ON 25
[REMARKS]
#FINAL-10-22#