000
CXUS52 KFFC 011010
CF6FTY
PRELIMINARY LOCAL CLIMATOLOGICAL DATA (WS FORM: F-6)
STATION: FULTON COUNTY AIRPORT
MONTH: JUNE
YEAR: 2023
LATITUDE: 33 46 N
LONGITUDE: 84 31 W
TEMPERATURE IN F: :PCPN: SNOW: WIND :SUNSHINE: SKY :PK WND
================================================================================
1 2 3 4 5 6A 6B 7 8 9 10 11 12 13 14 15 16 17 18
12Z AVG MX 2MIN
DY MAX MIN AVG DEP HDD CDD WTR SNW DPTH SPD SPD DIR MIN PSBL S-S WX SPD DR
================================================================================
1 84 61 73 -1 0 8 0.00 M M 4.5 13 50 M M 2 18 70
2 87 61 74 0 0 9 0.00 M M 3.6 13 70 M M 2 17 90
3 88 59 74 -1 0 9 0.00 M M 4.6 17 60 M M 1 24 60
4 82 61 72 -3 0 7 0.47 M M 3.6 13 80 M M 3 13 19 90
5 83 60 72 -3 0 7 0.00 M M 2.7 8 180 M M 3 1 16 130
6 89 63 76 1 0 11 0.25 M M 5.6 32 350 M M 2 13 47 340
7 88 63 76 1 0 11 0.00 M M 4.4 16 310 M M 2 1 23 300
8 83 62 73 -3 0 8 0.00 M M 5.2 17 310 M M 3 23 300
9 83 58 71 -5 0 6 0.00 M M 3.0 14 320 M M 1 18 19 340
10 86 54 70 -6 0 5 0.00 M M 2.0 12 150 M M 1 17 140
11 86 66 76 0 0 11 0.18 M M 5.6 23 180 M M 6 138 36 200
12 80 63 72 -4 0 7 0.08 M M 6.8 17 300 M M 6 3 24 240
13 79 61 70 -7 0 5 T M M 6.0 16 280 M M 2 24 280
14 75 67 71 -6 0 6 0.32 M M 6.0 14 120 M M 6 13 21 240
15 82 66 74 -3 0 9 0.02 M M 5.4 14 210 M M 6 13 20 240
16 88 70 79 2 0 14 0.00 M M 6.0 15 310 M M 4 22 320
17 90 65 78 1 0 13 0.00 M M 2.5 12 350 M M 1 15 320
18 86 63 75 -2 0 10 T M M 3.7 14 150 M M 0 18 20 170
19 80 68 74 -4 0 9 0.75 M M 7.4 15 180 M M 6 13 26 180
20 82 69 76 -2 0 11 0.47 M M 3.5 14 330 M M 9 13 21 200
21 74 65 70 -8 0 5 0.31 M M 8.9 18 60 M M 10 13 29 60
22 79 65 72 -6 0 7 0.01 M M 4.0 13 60 M M 7 1 17 50
23 83 65 74 -4 0 9 0.02 M M 4.0 18 310 M M 6 1 28 300
24 88 63 76 -2 0 11 0.00 M M 4.4 15 310 M M 1 23 350
25 91 67 79 1 0 14 0.29 M M 4.0 36 30 M M 3 13 54 20
26 91 67 79 1 0 14 0.00 M M 6.2 17 280 M M 4 1 23 280
27 89 68 79 0 0 14 0.00 M M 6.3 18 280 M M 1 30 280
28 89 64 77 -2 0 12 0.00 M M 3.1 13 300 M M 0 20 310
29 92 65 79 0 0 14 0.00 M M 2.1 12 340 M M 0 18 19 330
30 89 68 79 0 0 14 T M M 2.3 23 30 M M 1 138 36 20
================================================================================
SM 2546 1917 0 290 3.17 M 137.4 M 99
================================================================================
AV 84.9 63.9 4.6 FASTST M M 3 MAX(MPH)
MISC ----> 36 30 54 20
================================================================================
NOTES:
# LAST OF SEVERAL OCCURRENCES
COLUMN 17 PEAK WIND IN M.P.H.
PRELIMINARY LOCAL CLIMATOLOGICAL DATA (WS FORM: F-6) , PAGE 2
STATION: FULTON COUNTY AIRPORT
MONTH: JUNE
YEAR: 2023
LATITUDE: 33 46 N
LONGITUDE: 84 31 W
[TEMPERATURE DATA] [PRECIPITATION DATA] SYMBOLS USED IN COLUMN 16
AVERAGE MONTHLY: 74.4 TOTAL FOR MONTH: 3.17 1 = FOG OR MIST
DPTR FM NORMAL: -2.5 DPTR FM NORMAL: -0.67 2 = FOG REDUCING VISIBILITY
HIGHEST: 92 ON 29 GRTST 24HR 0.75 ON 18-19 TO 1/4 MILE OR LESS
LOWEST: 54 ON 10 3 = THUNDER
SNOW, ICE PELLETS, HAIL 4 = ICE PELLETS
TOTAL MONTH: M 5 = HAIL
GRTST 24HR M ON M 6 = FREEZING RAIN OR DRIZZLE
GRTST DEPTH: M ON M 7 = DUSTSTORM OR SANDSTORM:
VSBY 1/2 MILE OR LESS
8 = SMOKE OR HAZE
[NO. OF DAYS WITH] [WEATHER - DAYS WITH] 9 = BLOWING SNOW
X = TORNADO
MAX 32 OR BELOW: 0 0.01 INCH OR MORE: 12
MAX 90 OR ABOVE: 4 0.10 INCH OR MORE: 8
MIN 32 OR BELOW: 0 0.50 INCH OR MORE: 1
MIN 0 OR BELOW: 0 1.00 INCH OR MORE: 0
[HDD (BASE 65) ]
TOTAL THIS MO. 0 CLEAR (SCALE 0-3) 19
DPTR FM NORMAL 0 PTCLDY (SCALE 4-7) 9
TOTAL FM JUL 1 2275 CLOUDY (SCALE 8-10) 2
DPTR FM NORMAL -501
[CDD (BASE 65) ]
TOTAL THIS MO. 290
DPTR FM NORMAL -66 [PRESSURE DATA]
TOTAL FM JAN 1 514 HIGHEST SLP M ON M
DPTR FM NORMAL -72 LOWEST SLP 29.65 ON 14
[REMARKS]
#FINAL-06-23#