000
CXUS54 KTSA 011351
CF6FYV
PRELIMINARY LOCAL CLIMATOLOGICAL DATA (WS FORM: F-6)
STATION: FAYETTEVILLE ARKANSAS
MONTH: JUNE
YEAR: 2023
LATITUDE: 36 0 N
LONGITUDE: 94 10 W
TEMPERATURE IN F: :PCPN: SNOW: WIND :SUNSHINE: SKY :PK WND
================================================================================
1 2 3 4 5 6A 6B 7 8 9 10 11 12 13 14 15 16 17 18
12Z AVG MX 2MIN
DY MAX MIN AVG DEP HDD CDD WTR SNW DPTH SPD SPD DIR MIN PSBL S-S WX SPD DR
================================================================================
1 87 60 74 4 0 9 0.00 0.0 0 3.6 13 160 M M 2 18 20 170
2 88 61 75 5 0 10 0.00 0.0 0 2.5 10 120 M M 1 18 15 100
3 86 62 74 3 0 9 1.90 0.0 0 2.3 36 100 M M 4 1238 58 110
4 88 58 73 2 0 8 0.09 0.0 0 1.0 12 140 M M 5 1238 17 130
5 90 58 74 3 0 9 0.00 0.0 0 2.1 10 180 M M 1 13 16 70
6 88 62 75 4 0 10 0.12 0.0 0 2.0 23 300 M M 2 1238 28 250
7 88 56 72 0 0 7 T 0.0 0 3.1 25 110 M M 1 138 36 120
8 89 61 75 3 0 10 0.00 0.0 0 4.1 13 300 M M 0 18 16 290
9 89 66 78 6 0 13 1.00 0.0 0 4.5 20 210 M M 3 13 28 60
10 77 63 70 -2 0 5 0.36 0.0 0 4.2 22 290 M M 2 138 35 290
11 86 64 75 2 0 10 T 0.0 0 8.5 22 330 M M 4 3 33 320
12 77 60 69 -4 0 4 0.00 0.0 0 2.5 9 90 M M 4 18 15 60
13 83 61 72 -1 0 7 T 0.0 0 3.1 12 180 M M 5 18 14 170
14 84 61 73 -1 0 8 0.83 0.0 0 3.5 33 320 M M 4 13 49 340
15 87 63 75 1 0 10 0.00 0.0 0 2.4 8 180 M M 2 12 11 180
16 84 64 74 0 0 9 0.01 0.0 0 2.8 14 240 M M 4 13 23 260
17 88 60 74 0 0 9 0.00 0.0 0 3.5 10 190 M M 2 1 M M
18 79 64 72 -2 0 7 0.05 0.0 0 8.8 26 300 M M 4 1 48 310
19 92 61 77 2 0 12 0.00 0.0 0 1.4 8 310 M M 0 13 290
20 93 63 78 3 0 13 0.00 0.0 0 3.6 10 100 M M 0 18 16 90
21 89 62 76 1 0 11 0.00 0.0 0 3.8 18 70 M M 0 18 27 60
22 89 66 78 3 0 13 0.00 0.0 0 4.3 12 90 M M 2 18 19 110
23 90 62 76 1 0 11 0.00 0.0 0 3.4 10 190 M M 1 16 180
24 93 65 79 3 0 14 T 0.0 0 6.6 21 200 M M 0 3 27 180
25 96 68 82 6 0 17 0.00 0.0 0 4.3 16 320 M M 3 138 20 330
26 90 61 76 0 0 11 0.00 0.0 0 2.5 10 300 M M 0 14 320
27 86 60 73 -3 0 8 0.05 0.0 0 3.4 21 270 M M 1 13 31 290
28 97 68 83 7 0 18 0.22 0.0 0 9.1 26 310 M M 0 13 42 300
29 98 77 88 12 0 23 0.00 0.0 0 7.4 15 310 M M 0 21 220
30 96 74 85 9 0 20 0.00 0.0 0 6.8 15 220 M M 0 23 200
================================================================================
SM 2647 1891 0 325 4.63 0.0 121.1 M 57
================================================================================
AV 88.2 63.0 4.0 FASTST M M 2 MAX(MPH)
MISC ----> 36 100 58 110
================================================================================
NOTES:
# LAST OF SEVERAL OCCURRENCES
COLUMN 17 PEAK WIND IN M.P.H.
PRELIMINARY LOCAL CLIMATOLOGICAL DATA (WS FORM: F-6) , PAGE 2
STATION: FAYETTEVILLE ARKANSAS
MONTH: JUNE
YEAR: 2023
LATITUDE: 36 0 N
LONGITUDE: 94 10 W
[TEMPERATURE DATA] [PRECIPITATION DATA] SYMBOLS USED IN COLUMN 16
AVERAGE MONTHLY: 75.6 TOTAL FOR MONTH: 4.63 1 = FOG OR MIST
DPTR FM NORMAL: 2.0 DPTR FM NORMAL: 0.32 2 = FOG REDUCING VISIBILITY
HIGHEST: 98 ON 29 GRTST 24HR 1.90 ON 3- 3 TO 1/4 MILE OR LESS
LOWEST: 56 ON 7 3 = THUNDER
SNOW, ICE PELLETS, HAIL 4 = ICE PELLETS
TOTAL MONTH: 0.0 INCH 5 = HAIL
GRTST 24HR 0.0 6 = FREEZING RAIN OR DRIZZLE
GRTST DEPTH: 0 7 = DUSTSTORM OR SANDSTORM:
VSBY 1/2 MILE OR LESS
8 = SMOKE OR HAZE
[NO. OF DAYS WITH] [WEATHER - DAYS WITH] 9 = BLOWING SNOW
X = TORNADO
MAX 32 OR BELOW: 0 0.01 INCH OR MORE: 10
MAX 90 OR ABOVE: 10 0.10 INCH OR MORE: 6
MIN 32 OR BELOW: 0 0.50 INCH OR MORE: 3
MIN 0 OR BELOW: 0 1.00 INCH OR MORE: 2
[HDD (BASE 65) ]
TOTAL THIS MO. 0 CLEAR (SCALE 0-3) 22
DPTR FM NORMAL -5 PTCLDY (SCALE 4-7) 8
TOTAL FM JUL 1 3437 CLOUDY (SCALE 8-10) 0
DPTR FM NORMAL -639
[CDD (BASE 65) ]
TOTAL THIS MO. 325
DPTR FM NORMAL 62 [PRESSURE DATA]
TOTAL FM JAN 1 506 HIGHEST SLP 30.07 ON 27
DPTR FM NORMAL 117 LOWEST SLP 29.66 ON 14
[REMARKS]
#FINAL-06-23#