000
CXUS53 KUNR 011031
CF6GCC
PRELIMINARY LOCAL CLIMATOLOGICAL DATA (WS FORM: F-6)
STATION: GILLETTE AIRPORT WY
MONTH: FEBRUARY
YEAR: 2024
LATITUDE: 44 20 N
LONGITUDE: 105 32 W
TEMPERATURE IN F: :PCPN: SNOW: WIND :SUNSHINE: SKY :PK WND
================================================================================
1 2 3 4 5 6A 6B 7 8 9 10 11 12 13 14 15 16 17 18
12Z AVG MX 2MIN
DY MAX MIN AVG DEP HDD CDD WTR SNW DPTH SPD SPD DIR MIN PSBL S-S WX SPD DR
================================================================================
1 62 23 43 18 22 0 0.00 M M 9.6 21 170 M M 0 30 180
2 54 35 45 21 20 0 0.00 M M 15.3 24 160 M M 2 30 170
3 43 32 38 14 27 0 0.16 M M 7.5 22 160 M M 9 1 29 160
4 48 29 39 15 26 0 0.00 M M 12.6 20 220 M M 5 29 190
5 55 26 41 17 24 0 0.00 M M 22.8 40 220 M M 0 53 220
6 61 26 44 19 21 0 0.00 M M 12.4 22 200 M M 2 30 210
7 52 30 41 16 24 0 T M M 13.7 22 310 M M 5 31 180
8 36 20 28 3 37 0 T M M 14.9 26 310 M M 6 35 290
9 41 14 28 3 37 0 0.01 M M 8.4 15 20 M M 5 19 320
10 31 20 26 1 39 0 0.02 M M 6.3 16 210 M M 7 18 22 200
11 43 20 32 7 33 0 0.00 M M 10.3 18 300 M M 4 26 270
12 44 26 35 10 30 0 0.00 M M 5.0 14 320 M M 9 18 320
13 45 22 34 9 31 0 0.00 M M 6.2 17 40 M M 4 22 30
14 27 20 24 -1 41 0 0.02 M M 7.3 17 340 M M 10 1 21 360
15 24 8 16 -10 49 0 0.10 M M 9.6 20 360 M M 10 18 26 360
16 15 2 9 -17 56 0 0.02 M M 8.9 15 320 M M 8 18 24 340
17 33 5 19 -7 46 0 0.00 M M 12.8 21 220 M M 0 27 230
18 43 24 34 8 31 0 0.00 M M 14.5 33 200 M M 2 41 200
19 51 25 38 11 27 0 0.00 M M 9.5 22 230 M M 1 28 220
20 56 27 42 15 23 0 0.00 M M 8.0 24 220 M M 0 32 230
21 51 26 39 12 26 0 0.00 M M 5.3 17 240 M M 1 M M
22 52 22 37 9 28 0 0.00 M M 11.2 25 320 M M 2 36 320
23 50 22 36 8 29 0 0.00 M M 12.6 29 320 M M 1 38 320
24 58 31 45 17 20 0 0.00 M M 13.2 26 230 M M 2 37 210
25 62 37 50 22 15 0 0.00 M M 18.9 29 230 M M 2 39 220
26 60 16 38 9 27 0 0.07 M M 23.9 35 350 M M 2 12 45 330
27 16 1 9 -20 56 0 0.04 M M 10.4 24 340 M M 7 18 32 350
28 43 13 28 -2 37 0 0.00 M M 18.6 26 220 M M 1 36 220
29 60 35 48 18 17 0 0.00 M M 22.0 30 240 M M 0 39 220
================================================================================
SM 1316 637 899 0 0.44 M 351.7 M 107
================================================================================
AV 45.4 22.0 12.1 FASTST M M 4 MAX(MPH)
MISC ----> 40 220 53 220
================================================================================
NOTES:
# LAST OF SEVERAL OCCURRENCES
COLUMN 17 PEAK WIND IN M.P.H.
PRELIMINARY LOCAL CLIMATOLOGICAL DATA (WS FORM: F-6) , PAGE 2
STATION: GILLETTE AIRPORT WY
MONTH: FEBRUARY
YEAR: 2024
LATITUDE: 44 20 N
LONGITUDE: 105 32 W
[TEMPERATURE DATA] [PRECIPITATION DATA] SYMBOLS USED IN COLUMN 16
AVERAGE MONTHLY: 33.7 TOTAL FOR MONTH: 0.44 1 = FOG OR MIST
DPTR FM NORMAL: 7.6 DPTR FM NORMAL: 0.01 2 = FOG REDUCING VISIBILITY
HIGHEST: 62 ON 25, 1 GRTST 24HR 0.16 ON 3- 3 TO 1/4 MILE OR LESS
LOWEST: 1 ON 27 3 = THUNDER
SNOW, ICE PELLETS, HAIL 4 = ICE PELLETS
TOTAL MONTH: M 5 = HAIL
GRTST 24HR M ON M 6 = FREEZING RAIN OR DRIZZLE
GRTST DEPTH: M ON M 7 = DUSTSTORM OR SANDSTORM:
VSBY 1/2 MILE OR LESS
8 = SMOKE OR HAZE
[NO. OF DAYS WITH] [WEATHER - DAYS WITH] 9 = BLOWING SNOW
X = TORNADO
MAX 32 OR BELOW: 5 0.01 INCH OR MORE: 8
MAX 90 OR ABOVE: 0 0.10 INCH OR MORE: 2
MIN 32 OR BELOW: 26 0.50 INCH OR MORE: 0
MIN 0 OR BELOW: 0 1.00 INCH OR MORE: 0
[HDD (BASE 65) ]
TOTAL THIS MO. 899 CLEAR (SCALE 0-3) 16
DPTR FM NORMAL -190 PTCLDY (SCALE 4-7) 9
TOTAL FM JUL 1 4620 CLOUDY (SCALE 8-10) 4
DPTR FM NORMAL -814
[CDD (BASE 65) ]
TOTAL THIS MO. 0
DPTR FM NORMAL 0 [PRESSURE DATA]
TOTAL FM JAN 1 0 HIGHEST SLP 30.62 ON 16
DPTR FM NORMAL 0 LOWEST SLP 29.25 ON 26
[REMARKS]
#FINAL-02-24#